{"id":932,"date":"2020-12-20T00:55:56","date_gmt":"2020-12-20T00:55:56","guid":{"rendered":"https:\/\/torebunia.pl\/sklep\/produkt\/pepe-jeans-jeansy-cher-high\/"},"modified":"2021-01-25T13:44:07","modified_gmt":"2021-01-25T13:44:07","slug":"pepe-jeans-jeansy-cher-high","status":"publish","type":"product","link":"https:\/\/torebunia.pl\/sklep\/produkt\/pepe-jeans-jeansy-cher-high\/","title":{"rendered":"Pepe Jeans &#8211; Jeansy Cher High"},"content":{"rendered":"<p>Parametry produktu:<\/p>\n<ul>\n<li>cena: <strong>399.9 PLN<\/strong><\/li>\n<li>marka: <strong>Pepe Jeans<\/strong><\/li>\n<li>p\u0142e\u0107: <strong>Female<\/strong><\/li>\n<li>kategoria: <strong>ONA \/ Odzie\u017c \/ Jeansy \/ Slim i skinny<\/strong><\/li>\n<li>kolor: <strong>grafitowy<\/strong><\/li>\n<\/ul>\n<p>Opis:<br \/>\nJeansy z kolekcji Pepe Jeans w fasonie skinny z podwy\u017cszon\u0105 tali\u0105. Model wykonany z elastycznego denimu. &#8211; Fason skinny. &#8211; Wsuwane kieszenie. &#8211; Zapi\u0119cie na guzik i suwak. &#8211; Podwy\u017cszona talia. &#8211; Ozdobnie sprany denim. &#8211; Szeroko\u015b\u0107 w pasie: 34 cm. &#8211; Szeroko\u015b\u0107 w biodrach: 42 cm. &#8211; Wysoko\u015b\u0107 stanu: 25,5 cm. &#8211; Szeroko\u015b\u0107 nogawki na dole: 13 cm. &#8211; Szeroko\u015b\u0107 nogawki: 24,5 cm. &#8211; D\u0142ugo\u015b\u0107: 95,5 cm. &#8211; Wymiary podane dla rozmiaru: 27\/28. Talia: high Kolor jeansu: szary Sk\u0142ad: Materia\u0142 zasadniczy: 98 % Bawe\u0142na, 2 % Elastan, Podszewka kieszeni: 35 % Bawe\u0142na, 65 % Poliester ID produktu: 4900-SJD0D8 Kod producenta: PL203384XA1.000<\/p>\n","protected":false},"excerpt":{"rendered":"<p>Parametry produktu: cena: 399.9 PLN marka: Pepe Jeans p\u0142e\u0107: Female kategoria: ONA \/ Odzie\u017c \/ Jeansy \/ Slim i skinny kolor: grafitowy Opis: Jeansy z kolekcji Pepe Jeans w fasonie<\/p>\n","protected":false},"featured_media":933,"comment_status":"closed","ping_status":"open","template":"","meta":[],"class_list":{"0":"post-932","1":"product","2":"type-product","3":"status-publish","5":"hentry","6":"product_cat-jeansy","7":"product_cat-odziez","8":"product_cat-ona","9":"product_cat-slim-i-skinny","10":"product_tag-pepe-jeans","11":"product_tag-pepe-jeans-jeansy-cher-high"},"yoast_head":"<!-- This site is optimized with the Yoast SEO plugin v15.6.2 - https:\/\/yoast.com\/wordpress\/plugins\/seo\/ -->\n<title>Pepe Jeans - Jeansy Cher High<\/title>\n<meta name=\"robots\" content=\"index, follow, max-snippet:-1, max-image-preview:large, max-video-preview:-1\" \/>\n<link rel=\"canonical\" href=\"https:\/\/torebunia.pl\/sklep\/produkt\/pepe-jeans-jeansy-cher-high\/\" \/>\n<meta property=\"og:locale\" content=\"pl_PL\" \/>\n<meta property=\"og:type\" content=\"article\" \/>\n<meta property=\"og:title\" content=\"Pepe Jeans - Jeansy Cher High\" \/>\n<meta property=\"og:description\" content=\"Parametry produktu: cena: 399.9 PLN marka: Pepe Jeans p\u0142e\u0107: Female kategoria: ONA \/ Odzie\u017c \/ Jeansy \/ Slim i skinny kolor: grafitowy Opis: Jeansy z kolekcji Pepe Jeans w fasonie\" \/>\n<meta property=\"og:url\" content=\"https:\/\/torebunia.pl\/sklep\/produkt\/pepe-jeans-jeansy-cher-high\/\" \/>\n<meta property=\"og:site_name\" content=\"Moje Blog\" \/>\n<meta property=\"article:modified_time\" content=\"2021-01-25T13:44:07+00:00\" \/>\n<meta property=\"og:image\" content=\"https:\/\/torebunia.pl\/sklep\/wp-content\/uploads\/2021\/01\/6e69e615b30a73d4be79e555557f470b9a9398b0.jpg\" \/>\n\t<meta property=\"og:image:width\" content=\"855\" \/>\n\t<meta property=\"og:image:height\" content=\"1290\" \/>\n<meta name=\"twitter:card\" content=\"summary_large_image\" \/>\n<meta name=\"twitter:label1\" content=\"Est. reading time\">\n\t<meta name=\"twitter:data1\" content=\"1 minuta\">\n<script type=\"application\/ld+json\" class=\"yoast-schema-graph\">{\"@context\":\"https:\/\/schema.org\",\"@graph\":[{\"@type\":\"WebSite\",\"@id\":\"https:\/\/torebunia.pl\/sklep\/#website\",\"url\":\"https:\/\/torebunia.pl\/sklep\/\",\"name\":\"Moje Blog\",\"description\":\"Kolejna witryna WordPress\",\"potentialAction\":[{\"@type\":\"SearchAction\",\"target\":\"https:\/\/torebunia.pl\/sklep\/?s={search_term_string}\",\"query-input\":\"required name=search_term_string\"}],\"inLanguage\":\"pl-PL\"},{\"@type\":\"ImageObject\",\"@id\":\"https:\/\/torebunia.pl\/sklep\/produkt\/pepe-jeans-jeansy-cher-high\/#primaryimage\",\"inLanguage\":\"pl-PL\",\"url\":\"https:\/\/torebunia.pl\/sklep\/wp-content\/uploads\/2021\/01\/6e69e615b30a73d4be79e555557f470b9a9398b0.jpg\",\"width\":855,\"height\":1290,\"caption\":\"Pepe Jeans - Jeansy Cher High\"},{\"@type\":\"WebPage\",\"@id\":\"https:\/\/torebunia.pl\/sklep\/produkt\/pepe-jeans-jeansy-cher-high\/#webpage\",\"url\":\"https:\/\/torebunia.pl\/sklep\/produkt\/pepe-jeans-jeansy-cher-high\/\",\"name\":\"Pepe Jeans - Jeansy Cher High\",\"isPartOf\":{\"@id\":\"https:\/\/torebunia.pl\/sklep\/#website\"},\"primaryImageOfPage\":{\"@id\":\"https:\/\/torebunia.pl\/sklep\/produkt\/pepe-jeans-jeansy-cher-high\/#primaryimage\"},\"datePublished\":\"2020-12-20T00:55:56+00:00\",\"dateModified\":\"2021-01-25T13:44:07+00:00\",\"inLanguage\":\"pl-PL\",\"potentialAction\":[{\"@type\":\"ReadAction\",\"target\":[\"https:\/\/torebunia.pl\/sklep\/produkt\/pepe-jeans-jeansy-cher-high\/\"]}]}]}<\/script>\n<!-- \/ Yoast SEO plugin. -->","_links":{"self":[{"href":"https:\/\/torebunia.pl\/sklep\/wp-json\/wp\/v2\/product\/932","targetHints":{"allow":["GET"]}}],"collection":[{"href":"https:\/\/torebunia.pl\/sklep\/wp-json\/wp\/v2\/product"}],"about":[{"href":"https:\/\/torebunia.pl\/sklep\/wp-json\/wp\/v2\/types\/product"}],"replies":[{"embeddable":true,"href":"https:\/\/torebunia.pl\/sklep\/wp-json\/wp\/v2\/comments?post=932"}],"wp:featuredmedia":[{"embeddable":true,"href":"https:\/\/torebunia.pl\/sklep\/wp-json\/wp\/v2\/media\/933"}],"wp:attachment":[{"href":"https:\/\/torebunia.pl\/sklep\/wp-json\/wp\/v2\/media?parent=932"}],"curies":[{"name":"wp","href":"https:\/\/api.w.org\/{rel}","templated":true}]}}