{"id":910,"date":"2020-10-31T11:05:54","date_gmt":"2020-10-31T11:05:54","guid":{"rendered":"https:\/\/torebunia.pl\/sklep\/produkt\/medicine-kurtka-dla-psa-sheroism\/"},"modified":"2021-01-25T13:43:27","modified_gmt":"2021-01-25T13:43:27","slug":"medicine-kurtka-dla-psa-sheroism","status":"publish","type":"product","link":"https:\/\/torebunia.pl\/sklep\/produkt\/medicine-kurtka-dla-psa-sheroism\/","title":{"rendered":"Medicine &#8211; Kurtka dla psa Sheroism"},"content":{"rendered":"<p>Parametry produktu:<\/p>\n<ul>\n<li>cena: <strong>99.9 PLN<\/strong><\/li>\n<li>marka: <strong>MEDICINE<\/strong><\/li>\n<li>p\u0142e\u0107: <strong>Female<\/strong><\/li>\n<li>kategoria: <strong>ONA \/ Akcesoria \/ Gad\u017cety i akcesoria \/ ON<\/strong><\/li>\n<li>kolor: <strong>czarny<\/strong><\/li>\n<\/ul>\n<p>Opis:<br \/>\nKurtka dla psa z kolekcji Medicine. Ocieplony model wykonany z g\u0142adkiego materia\u0142u. &#8211; Ocieplony model. &#8211; Zapi\u0119cie na suwak. &#8211; &#8211; XS \u2013 Szczeni\u0119ta ras ma\u0142ych, Yorkshire Terrier, Chihuahua, Ratlerek \u2013 do ok. 3 kg, S \u2013 Szczeni\u0119ta, Yorkshire Terrier, Chi\u0144ski Grzywacz, koty &#8211; do ok. 4,5 kg, M \u2013 Jack Russel, Peki\u0144czyk, Malta\u0144czyk (\u015bredni), Shih Tzu, Mini Pudelek, Jamnik, Bolo\u0144czyk, Sznaucer miniaturka, du\u017ce koty &#8211; do ok. 7 kg, L \u2013 Bigiel, \u015bredni Sznaucer, Buldog Francuski \u2013 do ok. 10 kg, XL \u2013 Border Collie, Fox Terrier, Cocker Spaniel \u2013 do ok. 25 kg. Sk\u0142ad: 100 % Poliester ID produktu: 6910-KUU600 Kod producenta: RW19.KUU600<\/p>\n","protected":false},"excerpt":{"rendered":"<p>Parametry produktu: cena: 99.9 PLN marka: MEDICINE p\u0142e\u0107: Female kategoria: ONA \/ Akcesoria \/ Gad\u017cety i akcesoria \/ ON kolor: czarny Opis: Kurtka dla psa z kolekcji Medicine. Ocieplony model<\/p>\n","protected":false},"featured_media":725,"comment_status":"closed","ping_status":"open","template":"","meta":[],"class_list":{"0":"post-910","1":"product","2":"type-product","3":"status-publish","5":"hentry","6":"product_cat-akcesoria","7":"product_cat-gadzety-i-akcesoria","8":"product_cat-on","9":"product_cat-ona","10":"product_tag-medicine","11":"product_tag-medicine-kurtka-dla-psa-sheroism"},"yoast_head":"<!-- This site is optimized with the Yoast SEO plugin v15.6.2 - https:\/\/yoast.com\/wordpress\/plugins\/seo\/ -->\n<title>Medicine - Kurtka dla psa Sheroism<\/title>\n<meta name=\"robots\" content=\"index, follow, max-snippet:-1, max-image-preview:large, max-video-preview:-1\" \/>\n<link rel=\"canonical\" href=\"https:\/\/torebunia.pl\/sklep\/produkt\/medicine-kurtka-dla-psa-sheroism\/\" \/>\n<meta property=\"og:locale\" content=\"pl_PL\" \/>\n<meta property=\"og:type\" content=\"article\" \/>\n<meta property=\"og:title\" content=\"Medicine - Kurtka dla psa Sheroism\" \/>\n<meta property=\"og:description\" content=\"Parametry produktu: cena: 99.9 PLN marka: MEDICINE p\u0142e\u0107: Female kategoria: ONA \/ Akcesoria \/ Gad\u017cety i akcesoria \/ ON kolor: czarny Opis: Kurtka dla psa z kolekcji Medicine. Ocieplony model\" \/>\n<meta property=\"og:url\" content=\"https:\/\/torebunia.pl\/sklep\/produkt\/medicine-kurtka-dla-psa-sheroism\/\" \/>\n<meta property=\"og:site_name\" content=\"Moje Blog\" \/>\n<meta property=\"article:modified_time\" content=\"2021-01-25T13:43:27+00:00\" \/>\n<meta property=\"og:image\" content=\"https:\/\/torebunia.pl\/sklep\/wp-content\/uploads\/2021\/01\/551576f7185486405c59a67130246ef0f98759e4.jpg\" \/>\n\t<meta property=\"og:image:width\" content=\"855\" \/>\n\t<meta property=\"og:image:height\" content=\"1290\" \/>\n<meta name=\"twitter:card\" content=\"summary_large_image\" \/>\n<meta name=\"twitter:label1\" content=\"Est. reading time\">\n\t<meta name=\"twitter:data1\" content=\"1 minuta\">\n<script type=\"application\/ld+json\" class=\"yoast-schema-graph\">{\"@context\":\"https:\/\/schema.org\",\"@graph\":[{\"@type\":\"WebSite\",\"@id\":\"https:\/\/torebunia.pl\/sklep\/#website\",\"url\":\"https:\/\/torebunia.pl\/sklep\/\",\"name\":\"Moje Blog\",\"description\":\"Kolejna witryna WordPress\",\"potentialAction\":[{\"@type\":\"SearchAction\",\"target\":\"https:\/\/torebunia.pl\/sklep\/?s={search_term_string}\",\"query-input\":\"required name=search_term_string\"}],\"inLanguage\":\"pl-PL\"},{\"@type\":\"ImageObject\",\"@id\":\"https:\/\/torebunia.pl\/sklep\/produkt\/medicine-kurtka-dla-psa-sheroism\/#primaryimage\",\"inLanguage\":\"pl-PL\",\"url\":\"https:\/\/torebunia.pl\/sklep\/wp-content\/uploads\/2021\/01\/551576f7185486405c59a67130246ef0f98759e4.jpg\",\"width\":855,\"height\":1290,\"caption\":\"Medicine - Kurtka dla psa Sheroism\"},{\"@type\":\"WebPage\",\"@id\":\"https:\/\/torebunia.pl\/sklep\/produkt\/medicine-kurtka-dla-psa-sheroism\/#webpage\",\"url\":\"https:\/\/torebunia.pl\/sklep\/produkt\/medicine-kurtka-dla-psa-sheroism\/\",\"name\":\"Medicine - Kurtka dla psa Sheroism\",\"isPartOf\":{\"@id\":\"https:\/\/torebunia.pl\/sklep\/#website\"},\"primaryImageOfPage\":{\"@id\":\"https:\/\/torebunia.pl\/sklep\/produkt\/medicine-kurtka-dla-psa-sheroism\/#primaryimage\"},\"datePublished\":\"2020-10-31T11:05:54+00:00\",\"dateModified\":\"2021-01-25T13:43:27+00:00\",\"inLanguage\":\"pl-PL\",\"potentialAction\":[{\"@type\":\"ReadAction\",\"target\":[\"https:\/\/torebunia.pl\/sklep\/produkt\/medicine-kurtka-dla-psa-sheroism\/\"]}]}]}<\/script>\n<!-- \/ Yoast SEO plugin. -->","_links":{"self":[{"href":"https:\/\/torebunia.pl\/sklep\/wp-json\/wp\/v2\/product\/910","targetHints":{"allow":["GET"]}}],"collection":[{"href":"https:\/\/torebunia.pl\/sklep\/wp-json\/wp\/v2\/product"}],"about":[{"href":"https:\/\/torebunia.pl\/sklep\/wp-json\/wp\/v2\/types\/product"}],"replies":[{"embeddable":true,"href":"https:\/\/torebunia.pl\/sklep\/wp-json\/wp\/v2\/comments?post=910"}],"wp:featuredmedia":[{"embeddable":true,"href":"https:\/\/torebunia.pl\/sklep\/wp-json\/wp\/v2\/media\/725"}],"wp:attachment":[{"href":"https:\/\/torebunia.pl\/sklep\/wp-json\/wp\/v2\/media?parent=910"}],"curies":[{"name":"wp","href":"https:\/\/api.w.org\/{rel}","templated":true}]}}