{"id":8295,"date":"2020-03-18T19:35:50","date_gmt":"2020-03-18T19:35:50","guid":{"rendered":"https:\/\/torebunia.pl\/sklep\/produkt\/ea7-emporio-armani-bezrekawnik\/"},"modified":"2021-01-27T13:12:16","modified_gmt":"2021-01-27T13:12:16","slug":"ea7-emporio-armani-bezrekawnik","status":"publish","type":"product","link":"https:\/\/torebunia.pl\/sklep\/produkt\/ea7-emporio-armani-bezrekawnik\/","title":{"rendered":"EA7 Emporio Armani &#8211; Bezr\u0119kawnik"},"content":{"rendered":"<p>Parametry produktu:<\/p>\n<ul>\n<li>cena: <strong>839.9 PLN<\/strong><\/li>\n<li>marka: <strong>EA7 Emporio Armani<\/strong><\/li>\n<li>p\u0142e\u0107: <strong>Female<\/strong><\/li>\n<li>kategoria: <strong>ONA \/ Odzie\u017c \/ Kurtki i p\u0142aszcze \/ Bezr\u0119kawniki<\/strong><\/li>\n<li>kolor: <strong>czarny<\/strong><\/li>\n<\/ul>\n<p>Opis:<br \/>\nBezr\u0119kawnik z kolekcji EA7 Emporio Armani. Lekko ocieplony model wykonany z pikowanego materia\u0142u. &#8211; Podwy\u017cszony ko\u0142nierz. &#8211; Odpinany kaptur z troczkami. &#8211; Ocieplony model na podszewce. &#8211; Zapinane i wsuwane kieszenie zewn\u0119trzne. &#8211; Zapi\u0119cie na suwak. &#8211; D\u0142ugo\u015b\u0107: 63,5 cm. &#8211; Szeroko\u015b\u0107 pod pachami: 46 cm. &#8211; Wymiary podane dla rozmiaru: S. Podszewka: z podszewk\u0105 Kaptur: z kapturem Ocieplenie: lekko ocieplane Sk\u0142ad: Materia\u0142 1: 100 % Poliamid, Materia\u0142 2: 100 % Poliester ID produktu: 4900-KUD081 Kod producenta: 6HTQ01.TN88Z<\/p>\n","protected":false},"excerpt":{"rendered":"<p>Parametry produktu: cena: 839.9 PLN marka: EA7 Emporio Armani p\u0142e\u0107: Female kategoria: ONA \/ Odzie\u017c \/ Kurtki i p\u0142aszcze \/ Bezr\u0119kawniki kolor: czarny Opis: Bezr\u0119kawnik z kolekcji EA7 Emporio Armani.<\/p>\n","protected":false},"featured_media":8296,"comment_status":"closed","ping_status":"open","template":"","meta":[],"class_list":{"0":"post-8295","1":"product","2":"type-product","3":"status-publish","5":"hentry","6":"product_cat-bezrekawniki","7":"product_cat-kurtki-i-plaszcze","8":"product_cat-odziez","9":"product_cat-ona","10":"product_tag-ea7-emporio-armani","11":"product_tag-ea7-emporio-armani-bezrekawnik"},"yoast_head":"<!-- This site is optimized with the Yoast SEO plugin v15.6.2 - https:\/\/yoast.com\/wordpress\/plugins\/seo\/ -->\n<title>EA7 Emporio Armani - Bezr\u0119kawnik<\/title>\n<meta name=\"robots\" content=\"index, follow, max-snippet:-1, max-image-preview:large, max-video-preview:-1\" \/>\n<link rel=\"canonical\" href=\"https:\/\/torebunia.pl\/sklep\/produkt\/ea7-emporio-armani-bezrekawnik\/\" \/>\n<meta property=\"og:locale\" content=\"pl_PL\" \/>\n<meta property=\"og:type\" content=\"article\" \/>\n<meta property=\"og:title\" content=\"EA7 Emporio Armani - Bezr\u0119kawnik\" \/>\n<meta property=\"og:description\" content=\"Parametry produktu: cena: 839.9 PLN marka: EA7 Emporio Armani p\u0142e\u0107: Female kategoria: ONA \/ Odzie\u017c \/ Kurtki i p\u0142aszcze \/ Bezr\u0119kawniki kolor: czarny Opis: Bezr\u0119kawnik z kolekcji EA7 Emporio Armani.\" \/>\n<meta property=\"og:url\" content=\"https:\/\/torebunia.pl\/sklep\/produkt\/ea7-emporio-armani-bezrekawnik\/\" \/>\n<meta property=\"og:site_name\" content=\"Moje Blog\" \/>\n<meta property=\"article:modified_time\" content=\"2021-01-27T13:12:16+00:00\" \/>\n<meta property=\"og:image\" content=\"https:\/\/torebunia.pl\/sklep\/wp-content\/uploads\/2021\/01\/5f7b8c6e9360768b2bc5bec60d04b552a9169ba4.jpg\" \/>\n\t<meta property=\"og:image:width\" content=\"855\" \/>\n\t<meta property=\"og:image:height\" content=\"1290\" \/>\n<meta name=\"twitter:card\" content=\"summary_large_image\" \/>\n<meta name=\"twitter:label1\" content=\"Est. reading time\">\n\t<meta name=\"twitter:data1\" content=\"1 minuta\">\n<script type=\"application\/ld+json\" class=\"yoast-schema-graph\">{\"@context\":\"https:\/\/schema.org\",\"@graph\":[{\"@type\":\"WebSite\",\"@id\":\"https:\/\/torebunia.pl\/sklep\/#website\",\"url\":\"https:\/\/torebunia.pl\/sklep\/\",\"name\":\"Moje Blog\",\"description\":\"Kolejna witryna WordPress\",\"potentialAction\":[{\"@type\":\"SearchAction\",\"target\":\"https:\/\/torebunia.pl\/sklep\/?s={search_term_string}\",\"query-input\":\"required name=search_term_string\"}],\"inLanguage\":\"pl-PL\"},{\"@type\":\"ImageObject\",\"@id\":\"https:\/\/torebunia.pl\/sklep\/produkt\/ea7-emporio-armani-bezrekawnik\/#primaryimage\",\"inLanguage\":\"pl-PL\",\"url\":\"https:\/\/torebunia.pl\/sklep\/wp-content\/uploads\/2021\/01\/5f7b8c6e9360768b2bc5bec60d04b552a9169ba4.jpg\",\"width\":855,\"height\":1290,\"caption\":\"EA7 Emporio Armani - Bezr\\u0119kawnik\"},{\"@type\":\"WebPage\",\"@id\":\"https:\/\/torebunia.pl\/sklep\/produkt\/ea7-emporio-armani-bezrekawnik\/#webpage\",\"url\":\"https:\/\/torebunia.pl\/sklep\/produkt\/ea7-emporio-armani-bezrekawnik\/\",\"name\":\"EA7 Emporio Armani - Bezr\\u0119kawnik\",\"isPartOf\":{\"@id\":\"https:\/\/torebunia.pl\/sklep\/#website\"},\"primaryImageOfPage\":{\"@id\":\"https:\/\/torebunia.pl\/sklep\/produkt\/ea7-emporio-armani-bezrekawnik\/#primaryimage\"},\"datePublished\":\"2020-03-18T19:35:50+00:00\",\"dateModified\":\"2021-01-27T13:12:16+00:00\",\"inLanguage\":\"pl-PL\",\"potentialAction\":[{\"@type\":\"ReadAction\",\"target\":[\"https:\/\/torebunia.pl\/sklep\/produkt\/ea7-emporio-armani-bezrekawnik\/\"]}]}]}<\/script>\n<!-- \/ Yoast SEO plugin. -->","_links":{"self":[{"href":"https:\/\/torebunia.pl\/sklep\/wp-json\/wp\/v2\/product\/8295","targetHints":{"allow":["GET"]}}],"collection":[{"href":"https:\/\/torebunia.pl\/sklep\/wp-json\/wp\/v2\/product"}],"about":[{"href":"https:\/\/torebunia.pl\/sklep\/wp-json\/wp\/v2\/types\/product"}],"replies":[{"embeddable":true,"href":"https:\/\/torebunia.pl\/sklep\/wp-json\/wp\/v2\/comments?post=8295"}],"wp:featuredmedia":[{"embeddable":true,"href":"https:\/\/torebunia.pl\/sklep\/wp-json\/wp\/v2\/media\/8296"}],"wp:attachment":[{"href":"https:\/\/torebunia.pl\/sklep\/wp-json\/wp\/v2\/media?parent=8295"}],"curies":[{"name":"wp","href":"https:\/\/api.w.org\/{rel}","templated":true}]}}