{"id":6049,"date":"2020-08-10T03:04:23","date_gmt":"2020-08-10T03:04:23","guid":{"rendered":"https:\/\/torebunia.pl\/sklep\/produkt\/marc-opolo-jeansy-alby\/"},"modified":"2021-01-27T12:37:16","modified_gmt":"2021-01-27T12:37:16","slug":"marc-opolo-jeansy-alby","status":"publish","type":"product","link":"https:\/\/torebunia.pl\/sklep\/produkt\/marc-opolo-jeansy-alby\/","title":{"rendered":"Marc O&#8217;Polo &#8211; Jeansy Alby"},"content":{"rendered":"<p>Parametry produktu:<\/p>\n<ul>\n<li>cena: <strong>429.9 PLN<\/strong><\/li>\n<li>marka: <strong>Marc O&#8217;Polo<\/strong><\/li>\n<li>p\u0142e\u0107: <strong>Female<\/strong><\/li>\n<li>kategoria: <strong>ONA \/ Odzie\u017c \/ Jeansy \/ Slim i skinny<\/strong><\/li>\n<li>kolor: <strong>granatowy<\/strong><\/li>\n<\/ul>\n<p>Opis:<br \/>\nJeansy z kolekcji Marc O&#8217;Polo w fasonie slim z regularn\u0105 tali\u0105. Model wykonany ze spranego denimu. &#8211; Fason slim. &#8211; Regularna talia. &#8211; Wsuwane kieszenie. &#8211; Zapi\u0119cie na guzik i suwak. &#8211; Ozdobnie sprany denim. &#8211; Szeroko\u015b\u0107 w pasie: 36 cm. &#8211; Szeroko\u015b\u0107 w biodrach: 47 cm. &#8211; Wysoko\u015b\u0107 stanu: 22 cm. &#8211; Szeroko\u015b\u0107 nogawki na dole: 14,5 cm. &#8211; Szeroko\u015b\u0107 nogawki: 27 cm. &#8211; D\u0142ugo\u015b\u0107: 100 cm. &#8211; Wymiary podane dla rozmiaru: 27\/32. Talia: medium Kolor jeansu: granatowy Sk\u0142ad: 99 % Bawe\u0142na, 1 % Elastan ID produktu: 4901-SJD0EM Kod producenta: 001931412013<\/p>\n","protected":false},"excerpt":{"rendered":"<p>Parametry produktu: cena: 429.9 PLN marka: Marc O&#8217;Polo p\u0142e\u0107: Female kategoria: ONA \/ Odzie\u017c \/ Jeansy \/ Slim i skinny kolor: granatowy Opis: Jeansy z kolekcji Marc O&#8217;Polo w fasonie<\/p>\n","protected":false},"featured_media":6050,"comment_status":"closed","ping_status":"open","template":"","meta":[],"class_list":{"0":"post-6049","1":"product","2":"type-product","3":"status-publish","5":"hentry","6":"product_cat-jeansy","7":"product_cat-odziez","8":"product_cat-ona","9":"product_cat-slim-i-skinny","10":"product_tag-marc-opolo","11":"product_tag-marc-opolo-jeansy-alby"},"yoast_head":"<!-- This site is optimized with the Yoast SEO plugin v15.6.2 - https:\/\/yoast.com\/wordpress\/plugins\/seo\/ -->\n<title>Marc O&#039;Polo - Jeansy Alby<\/title>\n<meta name=\"robots\" content=\"index, follow, max-snippet:-1, max-image-preview:large, max-video-preview:-1\" \/>\n<link rel=\"canonical\" href=\"https:\/\/torebunia.pl\/sklep\/produkt\/marc-opolo-jeansy-alby\/\" \/>\n<meta property=\"og:locale\" content=\"pl_PL\" \/>\n<meta property=\"og:type\" content=\"article\" \/>\n<meta property=\"og:title\" content=\"Marc O&#039;Polo - Jeansy Alby\" \/>\n<meta property=\"og:description\" content=\"Parametry produktu: cena: 429.9 PLN marka: Marc O&#8217;Polo p\u0142e\u0107: Female kategoria: ONA \/ Odzie\u017c \/ Jeansy \/ Slim i skinny kolor: granatowy Opis: Jeansy z kolekcji Marc O&#8217;Polo w fasonie\" \/>\n<meta property=\"og:url\" content=\"https:\/\/torebunia.pl\/sklep\/produkt\/marc-opolo-jeansy-alby\/\" \/>\n<meta property=\"og:site_name\" content=\"Moje Blog\" \/>\n<meta property=\"article:modified_time\" content=\"2021-01-27T12:37:16+00:00\" \/>\n<meta property=\"og:image\" content=\"https:\/\/torebunia.pl\/sklep\/wp-content\/uploads\/2021\/01\/6a28ff07e8b6a60ca3e2728d7876128479a3fbcf.jpg\" \/>\n\t<meta property=\"og:image:width\" content=\"855\" \/>\n\t<meta property=\"og:image:height\" content=\"1290\" \/>\n<meta name=\"twitter:card\" content=\"summary_large_image\" \/>\n<meta name=\"twitter:label1\" content=\"Est. reading time\">\n\t<meta name=\"twitter:data1\" content=\"1 minuta\">\n<script type=\"application\/ld+json\" class=\"yoast-schema-graph\">{\"@context\":\"https:\/\/schema.org\",\"@graph\":[{\"@type\":\"WebSite\",\"@id\":\"https:\/\/torebunia.pl\/sklep\/#website\",\"url\":\"https:\/\/torebunia.pl\/sklep\/\",\"name\":\"Moje Blog\",\"description\":\"Kolejna witryna WordPress\",\"potentialAction\":[{\"@type\":\"SearchAction\",\"target\":\"https:\/\/torebunia.pl\/sklep\/?s={search_term_string}\",\"query-input\":\"required name=search_term_string\"}],\"inLanguage\":\"pl-PL\"},{\"@type\":\"ImageObject\",\"@id\":\"https:\/\/torebunia.pl\/sklep\/produkt\/marc-opolo-jeansy-alby\/#primaryimage\",\"inLanguage\":\"pl-PL\",\"url\":\"https:\/\/torebunia.pl\/sklep\/wp-content\/uploads\/2021\/01\/6a28ff07e8b6a60ca3e2728d7876128479a3fbcf.jpg\",\"width\":855,\"height\":1290,\"caption\":\"Marc O'Polo - Jeansy Alby\"},{\"@type\":\"WebPage\",\"@id\":\"https:\/\/torebunia.pl\/sklep\/produkt\/marc-opolo-jeansy-alby\/#webpage\",\"url\":\"https:\/\/torebunia.pl\/sklep\/produkt\/marc-opolo-jeansy-alby\/\",\"name\":\"Marc O'Polo - Jeansy Alby\",\"isPartOf\":{\"@id\":\"https:\/\/torebunia.pl\/sklep\/#website\"},\"primaryImageOfPage\":{\"@id\":\"https:\/\/torebunia.pl\/sklep\/produkt\/marc-opolo-jeansy-alby\/#primaryimage\"},\"datePublished\":\"2020-08-10T03:04:23+00:00\",\"dateModified\":\"2021-01-27T12:37:16+00:00\",\"inLanguage\":\"pl-PL\",\"potentialAction\":[{\"@type\":\"ReadAction\",\"target\":[\"https:\/\/torebunia.pl\/sklep\/produkt\/marc-opolo-jeansy-alby\/\"]}]}]}<\/script>\n<!-- \/ Yoast SEO plugin. -->","_links":{"self":[{"href":"https:\/\/torebunia.pl\/sklep\/wp-json\/wp\/v2\/product\/6049","targetHints":{"allow":["GET"]}}],"collection":[{"href":"https:\/\/torebunia.pl\/sklep\/wp-json\/wp\/v2\/product"}],"about":[{"href":"https:\/\/torebunia.pl\/sklep\/wp-json\/wp\/v2\/types\/product"}],"replies":[{"embeddable":true,"href":"https:\/\/torebunia.pl\/sklep\/wp-json\/wp\/v2\/comments?post=6049"}],"wp:featuredmedia":[{"embeddable":true,"href":"https:\/\/torebunia.pl\/sklep\/wp-json\/wp\/v2\/media\/6050"}],"wp:attachment":[{"href":"https:\/\/torebunia.pl\/sklep\/wp-json\/wp\/v2\/media?parent=6049"}],"curies":[{"name":"wp","href":"https:\/\/api.w.org\/{rel}","templated":true}]}}