{"id":5093,"date":"2020-06-24T08:10:28","date_gmt":"2020-06-24T08:10:28","guid":{"rendered":"https:\/\/torebunia.pl\/sklep\/produkt\/answear-torebka-answear-lab-2\/"},"modified":"2021-01-25T15:47:49","modified_gmt":"2021-01-25T15:47:49","slug":"answear-torebka-answear-lab-2","status":"publish","type":"product","link":"https:\/\/torebunia.pl\/sklep\/produkt\/answear-torebka-answear-lab-2\/","title":{"rendered":"Answear &#8211; Torebka Answear Lab"},"content":{"rendered":"<p>Parametry produktu:<\/p>\n<ul>\n<li>cena: <strong>169.9 PLN<\/strong><\/li>\n<li>marka: <strong>ANSWEAR<\/strong><\/li>\n<li>p\u0142e\u0107: <strong>Female<\/strong><\/li>\n<li>kategoria: <strong>ONA \/ Akcesoria \/ Torebki \/ Shopper i tote<\/strong><\/li>\n<li>kolor: <strong>be\u017cowy<\/strong><\/li>\n<\/ul>\n<p>Opis:<br \/>\n\u015aredniej wielko\u015bci torebka z kolekcji Answear. zapinany wykonany ze sk\u00f3ry ekologicznej. &#8211; Model dwa w jednym &#8211; posiada odpinan\u0105 komor\u0119, kt\u00f3r\u0105 mo\u017cna nosi\u0107 jako osobny model. &#8211; Zapi\u0119cie na suwak. &#8211; Dopinany d\u0142u\u017cszy pasek bez regulacji. &#8211; Nie mie\u015bci formatu A4. &#8211; G\u0142\u0119boko\u015b\u0107: 13 cm. &#8211; Wysoko\u015b\u0107: 26 cm. &#8211; Szeroko\u015b\u0107 u podstawy: 30 cm. &#8211; D\u0142ugo\u015b\u0107 dopinanego paska: 85 cm. &#8211; D\u0142ugo\u015b\u0107 uchwyt\u00f3w: 33 cm. Wz\u00f3r: g\u0142adkie Wielko\u015b\u0107: nie mie\u015bci A4 Materia\u0142: imitacja sk\u00f3ry licowej Pasek: odpinany pasek Sk\u0142ad: 100 % Poliuretan ID produktu: -100-TOD025 Kod producenta: 2828B2.A<\/p>\n","protected":false},"excerpt":{"rendered":"<p>Parametry produktu: cena: 169.9 PLN marka: ANSWEAR p\u0142e\u0107: Female kategoria: ONA \/ Akcesoria \/ Torebki \/ Shopper i tote kolor: be\u017cowy Opis: \u015aredniej wielko\u015bci torebka z kolekcji Answear. zapinany wykonany<\/p>\n","protected":false},"featured_media":5094,"comment_status":"closed","ping_status":"open","template":"","meta":[],"class_list":{"0":"post-5093","1":"product","2":"type-product","3":"status-publish","5":"hentry","6":"product_cat-akcesoria","7":"product_cat-ona","8":"product_cat-shopper-i-tote","9":"product_cat-torebki","10":"product_tag-answear","11":"product_tag-answear-torebka-answear-lab"},"yoast_head":"<!-- This site is optimized with the Yoast SEO plugin v15.6.2 - https:\/\/yoast.com\/wordpress\/plugins\/seo\/ -->\n<title>Answear - Torebka Answear Lab<\/title>\n<meta name=\"robots\" content=\"index, follow, max-snippet:-1, max-image-preview:large, max-video-preview:-1\" \/>\n<link rel=\"canonical\" href=\"https:\/\/torebunia.pl\/sklep\/produkt\/answear-torebka-answear-lab-2\/\" \/>\n<meta property=\"og:locale\" content=\"pl_PL\" \/>\n<meta property=\"og:type\" content=\"article\" \/>\n<meta property=\"og:title\" content=\"Answear - Torebka Answear Lab\" \/>\n<meta property=\"og:description\" content=\"Parametry produktu: cena: 169.9 PLN marka: ANSWEAR p\u0142e\u0107: Female kategoria: ONA \/ Akcesoria \/ Torebki \/ Shopper i tote kolor: be\u017cowy Opis: \u015aredniej wielko\u015bci torebka z kolekcji Answear. zapinany wykonany\" \/>\n<meta property=\"og:url\" content=\"https:\/\/torebunia.pl\/sklep\/produkt\/answear-torebka-answear-lab-2\/\" \/>\n<meta property=\"og:site_name\" content=\"Moje Blog\" \/>\n<meta property=\"article:modified_time\" content=\"2021-01-25T15:47:49+00:00\" \/>\n<meta property=\"og:image\" content=\"https:\/\/torebunia.pl\/sklep\/wp-content\/uploads\/2021\/01\/43eda977a72789ebfc3018f3ec9090e79663ba9d.jpg\" \/>\n\t<meta property=\"og:image:width\" content=\"855\" \/>\n\t<meta property=\"og:image:height\" content=\"1290\" \/>\n<meta name=\"twitter:card\" content=\"summary_large_image\" \/>\n<meta name=\"twitter:label1\" content=\"Est. reading time\">\n\t<meta name=\"twitter:data1\" content=\"1 minuta\">\n<script type=\"application\/ld+json\" class=\"yoast-schema-graph\">{\"@context\":\"https:\/\/schema.org\",\"@graph\":[{\"@type\":\"WebSite\",\"@id\":\"https:\/\/torebunia.pl\/sklep\/#website\",\"url\":\"https:\/\/torebunia.pl\/sklep\/\",\"name\":\"Moje Blog\",\"description\":\"Kolejna witryna WordPress\",\"potentialAction\":[{\"@type\":\"SearchAction\",\"target\":\"https:\/\/torebunia.pl\/sklep\/?s={search_term_string}\",\"query-input\":\"required name=search_term_string\"}],\"inLanguage\":\"pl-PL\"},{\"@type\":\"ImageObject\",\"@id\":\"https:\/\/torebunia.pl\/sklep\/produkt\/answear-torebka-answear-lab-2\/#primaryimage\",\"inLanguage\":\"pl-PL\",\"url\":\"https:\/\/torebunia.pl\/sklep\/wp-content\/uploads\/2021\/01\/43eda977a72789ebfc3018f3ec9090e79663ba9d.jpg\",\"width\":855,\"height\":1290,\"caption\":\"Answear - Torebka Answear Lab\"},{\"@type\":\"WebPage\",\"@id\":\"https:\/\/torebunia.pl\/sklep\/produkt\/answear-torebka-answear-lab-2\/#webpage\",\"url\":\"https:\/\/torebunia.pl\/sklep\/produkt\/answear-torebka-answear-lab-2\/\",\"name\":\"Answear - Torebka Answear Lab\",\"isPartOf\":{\"@id\":\"https:\/\/torebunia.pl\/sklep\/#website\"},\"primaryImageOfPage\":{\"@id\":\"https:\/\/torebunia.pl\/sklep\/produkt\/answear-torebka-answear-lab-2\/#primaryimage\"},\"datePublished\":\"2020-06-24T08:10:28+00:00\",\"dateModified\":\"2021-01-25T15:47:49+00:00\",\"inLanguage\":\"pl-PL\",\"potentialAction\":[{\"@type\":\"ReadAction\",\"target\":[\"https:\/\/torebunia.pl\/sklep\/produkt\/answear-torebka-answear-lab-2\/\"]}]}]}<\/script>\n<!-- \/ Yoast SEO plugin. -->","_links":{"self":[{"href":"https:\/\/torebunia.pl\/sklep\/wp-json\/wp\/v2\/product\/5093","targetHints":{"allow":["GET"]}}],"collection":[{"href":"https:\/\/torebunia.pl\/sklep\/wp-json\/wp\/v2\/product"}],"about":[{"href":"https:\/\/torebunia.pl\/sklep\/wp-json\/wp\/v2\/types\/product"}],"replies":[{"embeddable":true,"href":"https:\/\/torebunia.pl\/sklep\/wp-json\/wp\/v2\/comments?post=5093"}],"wp:featuredmedia":[{"embeddable":true,"href":"https:\/\/torebunia.pl\/sklep\/wp-json\/wp\/v2\/media\/5094"}],"wp:attachment":[{"href":"https:\/\/torebunia.pl\/sklep\/wp-json\/wp\/v2\/media?parent=5093"}],"curies":[{"name":"wp","href":"https:\/\/api.w.org\/{rel}","templated":true}]}}