{"id":4675,"date":"2020-10-08T08:29:58","date_gmt":"2020-10-08T08:29:58","guid":{"rendered":"https:\/\/torebunia.pl\/sklep\/produkt\/local-heroes-sukienka\/"},"modified":"2021-01-27T12:21:36","modified_gmt":"2021-01-27T12:21:36","slug":"local-heroes-sukienka","status":"publish","type":"product","link":"https:\/\/torebunia.pl\/sklep\/produkt\/local-heroes-sukienka\/","title":{"rendered":"Local Heroes &#8211; Sukienka"},"content":{"rendered":"<p>Parametry produktu:<\/p>\n<ul>\n<li>cena: <strong>239.9 PLN<\/strong><\/li>\n<li>marka: <strong>Local Heroes<\/strong><\/li>\n<li>p\u0142e\u0107: <strong>Female<\/strong><\/li>\n<li>kategoria: <strong>ONA \/ Odzie\u017c \/ Sukienki<\/strong><\/li>\n<li>kolor: <strong>granatowy<\/strong><\/li>\n<\/ul>\n<p>Opis:<br \/>\nSukienka z kolekcji Local Heroes. Prosty model wykonany z g\u0142adkiej tkaniny. &#8211; Prosty fason. &#8211; Model wykonany z materia\u0142u o satynowym splocie. &#8211; Model na rami\u0105czkach. &#8211; Cienka, nieelastyczna tkanina. &#8211; Szeroko\u015b\u0107 pod pachami: 41 cm. &#8211; D\u0142ugo\u015b\u0107: 80 cm. &#8211; Wymiary podane dla rozmiaru: S. Wz\u00f3r: g\u0142adkie Materia\u0142: tkanina R\u0119kaw: na rami\u0105czkach Dekolt: szpic D\u0142ugo\u015b\u0107: mini Okazje: casual Fason: prosty Sk\u0142ad: 100 % Poliester ID produktu: -110-SUD00E Kod producenta: SS21D0013<\/p>\n","protected":false},"excerpt":{"rendered":"<p>Parametry produktu: cena: 239.9 PLN marka: Local Heroes p\u0142e\u0107: Female kategoria: ONA \/ Odzie\u017c \/ Sukienki kolor: granatowy Opis: Sukienka z kolekcji Local Heroes. Prosty model wykonany z g\u0142adkiej tkaniny.<\/p>\n","protected":false},"featured_media":4676,"comment_status":"closed","ping_status":"open","template":"","meta":[],"class_list":{"0":"post-4675","1":"product","2":"type-product","3":"status-publish","5":"hentry","6":"product_cat-odziez","7":"product_cat-ona","8":"product_cat-sukienki","9":"product_tag-local-heroes","10":"product_tag-local-heroes-sukienka"},"yoast_head":"<!-- This site is optimized with the Yoast SEO plugin v15.6.2 - https:\/\/yoast.com\/wordpress\/plugins\/seo\/ -->\n<title>Local Heroes - Sukienka<\/title>\n<meta name=\"robots\" content=\"index, follow, max-snippet:-1, max-image-preview:large, max-video-preview:-1\" \/>\n<link rel=\"canonical\" href=\"https:\/\/torebunia.pl\/sklep\/produkt\/local-heroes-sukienka\/\" \/>\n<meta property=\"og:locale\" content=\"pl_PL\" \/>\n<meta property=\"og:type\" content=\"article\" \/>\n<meta property=\"og:title\" content=\"Local Heroes - Sukienka\" \/>\n<meta property=\"og:description\" content=\"Parametry produktu: cena: 239.9 PLN marka: Local Heroes p\u0142e\u0107: Female kategoria: ONA \/ Odzie\u017c \/ Sukienki kolor: granatowy Opis: Sukienka z kolekcji Local Heroes. Prosty model wykonany z g\u0142adkiej tkaniny.\" \/>\n<meta property=\"og:url\" content=\"https:\/\/torebunia.pl\/sklep\/produkt\/local-heroes-sukienka\/\" \/>\n<meta property=\"og:site_name\" content=\"Moje Blog\" \/>\n<meta property=\"article:modified_time\" content=\"2021-01-27T12:21:36+00:00\" \/>\n<meta property=\"og:image\" content=\"https:\/\/torebunia.pl\/sklep\/wp-content\/uploads\/2021\/01\/6debd751bf835acc304c67f92d2367235382b79c.jpg\" \/>\n\t<meta property=\"og:image:width\" content=\"855\" \/>\n\t<meta property=\"og:image:height\" content=\"1290\" \/>\n<meta name=\"twitter:card\" content=\"summary_large_image\" \/>\n<script type=\"application\/ld+json\" class=\"yoast-schema-graph\">{\"@context\":\"https:\/\/schema.org\",\"@graph\":[{\"@type\":\"WebSite\",\"@id\":\"https:\/\/torebunia.pl\/sklep\/#website\",\"url\":\"https:\/\/torebunia.pl\/sklep\/\",\"name\":\"Moje Blog\",\"description\":\"Kolejna witryna WordPress\",\"potentialAction\":[{\"@type\":\"SearchAction\",\"target\":\"https:\/\/torebunia.pl\/sklep\/?s={search_term_string}\",\"query-input\":\"required name=search_term_string\"}],\"inLanguage\":\"pl-PL\"},{\"@type\":\"ImageObject\",\"@id\":\"https:\/\/torebunia.pl\/sklep\/produkt\/local-heroes-sukienka\/#primaryimage\",\"inLanguage\":\"pl-PL\",\"url\":\"https:\/\/torebunia.pl\/sklep\/wp-content\/uploads\/2021\/01\/6debd751bf835acc304c67f92d2367235382b79c.jpg\",\"width\":855,\"height\":1290,\"caption\":\"Local Heroes - Sukienka\"},{\"@type\":\"WebPage\",\"@id\":\"https:\/\/torebunia.pl\/sklep\/produkt\/local-heroes-sukienka\/#webpage\",\"url\":\"https:\/\/torebunia.pl\/sklep\/produkt\/local-heroes-sukienka\/\",\"name\":\"Local Heroes - Sukienka\",\"isPartOf\":{\"@id\":\"https:\/\/torebunia.pl\/sklep\/#website\"},\"primaryImageOfPage\":{\"@id\":\"https:\/\/torebunia.pl\/sklep\/produkt\/local-heroes-sukienka\/#primaryimage\"},\"datePublished\":\"2020-10-08T08:29:58+00:00\",\"dateModified\":\"2021-01-27T12:21:36+00:00\",\"inLanguage\":\"pl-PL\",\"potentialAction\":[{\"@type\":\"ReadAction\",\"target\":[\"https:\/\/torebunia.pl\/sklep\/produkt\/local-heroes-sukienka\/\"]}]}]}<\/script>\n<!-- \/ Yoast SEO plugin. -->","_links":{"self":[{"href":"https:\/\/torebunia.pl\/sklep\/wp-json\/wp\/v2\/product\/4675","targetHints":{"allow":["GET"]}}],"collection":[{"href":"https:\/\/torebunia.pl\/sklep\/wp-json\/wp\/v2\/product"}],"about":[{"href":"https:\/\/torebunia.pl\/sklep\/wp-json\/wp\/v2\/types\/product"}],"replies":[{"embeddable":true,"href":"https:\/\/torebunia.pl\/sklep\/wp-json\/wp\/v2\/comments?post=4675"}],"wp:featuredmedia":[{"embeddable":true,"href":"https:\/\/torebunia.pl\/sklep\/wp-json\/wp\/v2\/media\/4676"}],"wp:attachment":[{"href":"https:\/\/torebunia.pl\/sklep\/wp-json\/wp\/v2\/media?parent=4675"}],"curies":[{"name":"wp","href":"https:\/\/api.w.org\/{rel}","templated":true}]}}