{"id":4237,"date":"2020-08-19T09:34:19","date_gmt":"2020-08-19T09:34:19","guid":{"rendered":"https:\/\/torebunia.pl\/sklep\/produkt\/patrizia-pepe-sukienka-3\/"},"modified":"2021-01-25T15:19:21","modified_gmt":"2021-01-25T15:19:21","slug":"patrizia-pepe-sukienka-3","status":"publish","type":"product","link":"https:\/\/torebunia.pl\/sklep\/produkt\/patrizia-pepe-sukienka-3\/","title":{"rendered":"Patrizia Pepe &#8211; Sukienka"},"content":{"rendered":"<p>Parametry produktu:<\/p>\n<ul>\n<li>cena: <strong>1339.0 PLN<\/strong><\/li>\n<li>marka: <strong>Patrizia Pepe<\/strong><\/li>\n<li>p\u0142e\u0107: <strong>Female<\/strong><\/li>\n<li>kategoria: <strong>ONA \/ Odzie\u017c \/ Sukienki<\/strong><\/li>\n<li>kolor: <strong>multikolor<\/strong><\/li>\n<\/ul>\n<p>Opis:<br \/>\nSukienka z kolekcji Patrizia Pepe. Dopasowany model wykonany z wzorzystej tkaniny. &#8211; Okr\u0105g\u0142y dekolt. &#8211; Wi\u0105zanie w talii. &#8211; Model na podszewce. &#8211; Model wykonany z transparentnego materia\u0142u. &#8211; Wzorzysta tkanina. Wz\u00f3r: wzorzyste Materia\u0142: tkanina Fason: dopasowany D\u0142ugo\u015b\u0107: mini R\u0119kaw: d\u0142ugi Dekolt: okr\u0105g\u0142y Okazje: koktajl Sk\u0142ad: 100 % Wiskoza ID produktu: 4901-SUD0F8 Kod producenta: 2A2056.A6X1<\/p>\n","protected":false},"excerpt":{"rendered":"<p>Parametry produktu: cena: 1339.0 PLN marka: Patrizia Pepe p\u0142e\u0107: Female kategoria: ONA \/ Odzie\u017c \/ Sukienki kolor: multikolor Opis: Sukienka z kolekcji Patrizia Pepe. Dopasowany model wykonany z wzorzystej tkaniny.<\/p>\n","protected":false},"featured_media":4238,"comment_status":"closed","ping_status":"open","template":"","meta":[],"class_list":{"0":"post-4237","1":"product","2":"type-product","3":"status-publish","5":"hentry","6":"product_cat-odziez","7":"product_cat-ona","8":"product_cat-sukienki","9":"product_tag-patrizia-pepe","10":"product_tag-patrizia-pepe-sukienka"},"yoast_head":"<!-- This site is optimized with the Yoast SEO plugin v15.6.2 - https:\/\/yoast.com\/wordpress\/plugins\/seo\/ -->\n<title>Patrizia Pepe - Sukienka<\/title>\n<meta name=\"robots\" content=\"index, follow, max-snippet:-1, max-image-preview:large, max-video-preview:-1\" \/>\n<link rel=\"canonical\" href=\"https:\/\/torebunia.pl\/sklep\/produkt\/patrizia-pepe-sukienka-3\/\" \/>\n<meta property=\"og:locale\" content=\"pl_PL\" \/>\n<meta property=\"og:type\" content=\"article\" \/>\n<meta property=\"og:title\" content=\"Patrizia Pepe - Sukienka\" \/>\n<meta property=\"og:description\" content=\"Parametry produktu: cena: 1339.0 PLN marka: Patrizia Pepe p\u0142e\u0107: Female kategoria: ONA \/ Odzie\u017c \/ Sukienki kolor: multikolor Opis: Sukienka z kolekcji Patrizia Pepe. Dopasowany model wykonany z wzorzystej tkaniny.\" \/>\n<meta property=\"og:url\" content=\"https:\/\/torebunia.pl\/sklep\/produkt\/patrizia-pepe-sukienka-3\/\" \/>\n<meta property=\"og:site_name\" content=\"Moje Blog\" \/>\n<meta property=\"article:modified_time\" content=\"2021-01-25T15:19:21+00:00\" \/>\n<meta property=\"og:image\" content=\"https:\/\/torebunia.pl\/sklep\/wp-content\/uploads\/2021\/01\/85491c43b1a1e3464c39454beea83a10a99e68a6.jpg\" \/>\n\t<meta property=\"og:image:width\" content=\"855\" \/>\n\t<meta property=\"og:image:height\" content=\"1290\" \/>\n<meta name=\"twitter:card\" content=\"summary_large_image\" \/>\n<script type=\"application\/ld+json\" class=\"yoast-schema-graph\">{\"@context\":\"https:\/\/schema.org\",\"@graph\":[{\"@type\":\"WebSite\",\"@id\":\"https:\/\/torebunia.pl\/sklep\/#website\",\"url\":\"https:\/\/torebunia.pl\/sklep\/\",\"name\":\"Moje Blog\",\"description\":\"Kolejna witryna WordPress\",\"potentialAction\":[{\"@type\":\"SearchAction\",\"target\":\"https:\/\/torebunia.pl\/sklep\/?s={search_term_string}\",\"query-input\":\"required name=search_term_string\"}],\"inLanguage\":\"pl-PL\"},{\"@type\":\"ImageObject\",\"@id\":\"https:\/\/torebunia.pl\/sklep\/produkt\/patrizia-pepe-sukienka-3\/#primaryimage\",\"inLanguage\":\"pl-PL\",\"url\":\"https:\/\/torebunia.pl\/sklep\/wp-content\/uploads\/2021\/01\/85491c43b1a1e3464c39454beea83a10a99e68a6.jpg\",\"width\":855,\"height\":1290,\"caption\":\"Patrizia Pepe - Sukienka\"},{\"@type\":\"WebPage\",\"@id\":\"https:\/\/torebunia.pl\/sklep\/produkt\/patrizia-pepe-sukienka-3\/#webpage\",\"url\":\"https:\/\/torebunia.pl\/sklep\/produkt\/patrizia-pepe-sukienka-3\/\",\"name\":\"Patrizia Pepe - Sukienka\",\"isPartOf\":{\"@id\":\"https:\/\/torebunia.pl\/sklep\/#website\"},\"primaryImageOfPage\":{\"@id\":\"https:\/\/torebunia.pl\/sklep\/produkt\/patrizia-pepe-sukienka-3\/#primaryimage\"},\"datePublished\":\"2020-08-19T09:34:19+00:00\",\"dateModified\":\"2021-01-25T15:19:21+00:00\",\"inLanguage\":\"pl-PL\",\"potentialAction\":[{\"@type\":\"ReadAction\",\"target\":[\"https:\/\/torebunia.pl\/sklep\/produkt\/patrizia-pepe-sukienka-3\/\"]}]}]}<\/script>\n<!-- \/ Yoast SEO plugin. -->","_links":{"self":[{"href":"https:\/\/torebunia.pl\/sklep\/wp-json\/wp\/v2\/product\/4237","targetHints":{"allow":["GET"]}}],"collection":[{"href":"https:\/\/torebunia.pl\/sklep\/wp-json\/wp\/v2\/product"}],"about":[{"href":"https:\/\/torebunia.pl\/sklep\/wp-json\/wp\/v2\/types\/product"}],"replies":[{"embeddable":true,"href":"https:\/\/torebunia.pl\/sklep\/wp-json\/wp\/v2\/comments?post=4237"}],"wp:featuredmedia":[{"embeddable":true,"href":"https:\/\/torebunia.pl\/sklep\/wp-json\/wp\/v2\/media\/4238"}],"wp:attachment":[{"href":"https:\/\/torebunia.pl\/sklep\/wp-json\/wp\/v2\/media?parent=4237"}],"curies":[{"name":"wp","href":"https:\/\/api.w.org\/{rel}","templated":true}]}}