{"id":4195,"date":"2020-10-05T20:19:18","date_gmt":"2020-10-05T20:19:18","guid":{"rendered":"https:\/\/torebunia.pl\/sklep\/produkt\/desigual-sport-biustonosz-sportowy\/"},"modified":"2021-01-27T11:48:40","modified_gmt":"2021-01-27T11:48:40","slug":"desigual-sport-biustonosz-sportowy","status":"publish","type":"product","link":"https:\/\/torebunia.pl\/sklep\/produkt\/desigual-sport-biustonosz-sportowy\/","title":{"rendered":"Desigual Sport &#8211; Biustonosz sportowy"},"content":{"rendered":"<p>Parametry produktu:<\/p>\n<ul>\n<li>cena: <strong>229.9 PLN<\/strong><\/li>\n<li>marka: <strong>Desigual Sport<\/strong><\/li>\n<li>p\u0142e\u0107: <strong>Female<\/strong><\/li>\n<li>kategoria: <strong>ONA \/ Odzie\u017c \/ Bielizna \/ Biustonosze sportowe<\/strong><\/li>\n<li>kolor: <strong>multikolor<\/strong><\/li>\n<\/ul>\n<p>Opis:<br \/>\nBiustonosz w fasonie sportowym z kolekcji Desigual Sport. Model wykonany z komfortowego materia\u0142u. &#8211; Model ze wstawkami z transparentnego materia\u0142u. &#8211; Mi\u0119kka miseczka. &#8211; Model wyko\u0144czony elastyczn\u0105 listw\u0105. &#8211; Miseczka z wyjmowanymi wk\u0142adkami. Wz\u00f3r: wzorzyste Miseczka: mi\u0119kka Sk\u0142ad: Podszewka: 8 % Elastan, 25 % Poliamid, 67 % Poliester, Materia\u0142 zasadniczy: 18 % Elastan, 42 % Poliamid, 40 % Poliester, Wskaz\u00f3wki piel\u0119gnacyjne: pra\u0107 r\u0119cznie, nie suszy\u0107 w suszarce b\u0119bnowej, nie wybiela\u0107, nie prasowa\u0107, Nie czy\u015bci\u0107 chemicznie ID produktu: 4910-BID02O Kod producenta: 19WODK02<\/p>\n","protected":false},"excerpt":{"rendered":"<p>Parametry produktu: cena: 229.9 PLN marka: Desigual Sport p\u0142e\u0107: Female kategoria: ONA \/ Odzie\u017c \/ Bielizna \/ Biustonosze sportowe kolor: multikolor Opis: Biustonosz w fasonie sportowym z kolekcji Desigual Sport.<\/p>\n","protected":false},"featured_media":4196,"comment_status":"closed","ping_status":"open","template":"","meta":[],"class_list":{"0":"post-4195","1":"product","2":"type-product","3":"status-publish","5":"hentry","6":"product_cat-bielizna","7":"product_cat-biustonosze-sportowe","8":"product_cat-odziez","9":"product_cat-ona","10":"product_tag-desigual-sport","11":"product_tag-desigual-sport-biustonosz-sportowy"},"yoast_head":"<!-- This site is optimized with the Yoast SEO plugin v15.6.2 - https:\/\/yoast.com\/wordpress\/plugins\/seo\/ -->\n<title>Desigual Sport - Biustonosz sportowy<\/title>\n<meta name=\"robots\" content=\"index, follow, max-snippet:-1, max-image-preview:large, max-video-preview:-1\" \/>\n<link rel=\"canonical\" href=\"https:\/\/torebunia.pl\/sklep\/produkt\/desigual-sport-biustonosz-sportowy\/\" \/>\n<meta property=\"og:locale\" content=\"pl_PL\" \/>\n<meta property=\"og:type\" content=\"article\" \/>\n<meta property=\"og:title\" content=\"Desigual Sport - Biustonosz sportowy\" \/>\n<meta property=\"og:description\" content=\"Parametry produktu: cena: 229.9 PLN marka: Desigual Sport p\u0142e\u0107: Female kategoria: ONA \/ Odzie\u017c \/ Bielizna \/ Biustonosze sportowe kolor: multikolor Opis: Biustonosz w fasonie sportowym z kolekcji Desigual Sport.\" \/>\n<meta property=\"og:url\" content=\"https:\/\/torebunia.pl\/sklep\/produkt\/desigual-sport-biustonosz-sportowy\/\" \/>\n<meta property=\"og:site_name\" content=\"Moje Blog\" \/>\n<meta property=\"article:modified_time\" content=\"2021-01-27T11:48:40+00:00\" \/>\n<meta property=\"og:image\" content=\"https:\/\/torebunia.pl\/sklep\/wp-content\/uploads\/2021\/01\/b2035eb0763a45871220eab4fc5e8ee526d7df99.jpg\" \/>\n\t<meta property=\"og:image:width\" content=\"855\" \/>\n\t<meta property=\"og:image:height\" content=\"1290\" \/>\n<meta name=\"twitter:card\" content=\"summary_large_image\" \/>\n<meta name=\"twitter:label1\" content=\"Est. reading time\">\n\t<meta name=\"twitter:data1\" content=\"1 minuta\">\n<script type=\"application\/ld+json\" class=\"yoast-schema-graph\">{\"@context\":\"https:\/\/schema.org\",\"@graph\":[{\"@type\":\"WebSite\",\"@id\":\"https:\/\/torebunia.pl\/sklep\/#website\",\"url\":\"https:\/\/torebunia.pl\/sklep\/\",\"name\":\"Moje Blog\",\"description\":\"Kolejna witryna WordPress\",\"potentialAction\":[{\"@type\":\"SearchAction\",\"target\":\"https:\/\/torebunia.pl\/sklep\/?s={search_term_string}\",\"query-input\":\"required name=search_term_string\"}],\"inLanguage\":\"pl-PL\"},{\"@type\":\"ImageObject\",\"@id\":\"https:\/\/torebunia.pl\/sklep\/produkt\/desigual-sport-biustonosz-sportowy\/#primaryimage\",\"inLanguage\":\"pl-PL\",\"url\":\"https:\/\/torebunia.pl\/sklep\/wp-content\/uploads\/2021\/01\/b2035eb0763a45871220eab4fc5e8ee526d7df99.jpg\",\"width\":855,\"height\":1290,\"caption\":\"Desigual Sport - Biustonosz sportowy\"},{\"@type\":\"WebPage\",\"@id\":\"https:\/\/torebunia.pl\/sklep\/produkt\/desigual-sport-biustonosz-sportowy\/#webpage\",\"url\":\"https:\/\/torebunia.pl\/sklep\/produkt\/desigual-sport-biustonosz-sportowy\/\",\"name\":\"Desigual Sport - Biustonosz sportowy\",\"isPartOf\":{\"@id\":\"https:\/\/torebunia.pl\/sklep\/#website\"},\"primaryImageOfPage\":{\"@id\":\"https:\/\/torebunia.pl\/sklep\/produkt\/desigual-sport-biustonosz-sportowy\/#primaryimage\"},\"datePublished\":\"2020-10-05T20:19:18+00:00\",\"dateModified\":\"2021-01-27T11:48:40+00:00\",\"inLanguage\":\"pl-PL\",\"potentialAction\":[{\"@type\":\"ReadAction\",\"target\":[\"https:\/\/torebunia.pl\/sklep\/produkt\/desigual-sport-biustonosz-sportowy\/\"]}]}]}<\/script>\n<!-- \/ Yoast SEO plugin. -->","_links":{"self":[{"href":"https:\/\/torebunia.pl\/sklep\/wp-json\/wp\/v2\/product\/4195","targetHints":{"allow":["GET"]}}],"collection":[{"href":"https:\/\/torebunia.pl\/sklep\/wp-json\/wp\/v2\/product"}],"about":[{"href":"https:\/\/torebunia.pl\/sklep\/wp-json\/wp\/v2\/types\/product"}],"replies":[{"embeddable":true,"href":"https:\/\/torebunia.pl\/sklep\/wp-json\/wp\/v2\/comments?post=4195"}],"wp:featuredmedia":[{"embeddable":true,"href":"https:\/\/torebunia.pl\/sklep\/wp-json\/wp\/v2\/media\/4196"}],"wp:attachment":[{"href":"https:\/\/torebunia.pl\/sklep\/wp-json\/wp\/v2\/media?parent=4195"}],"curies":[{"name":"wp","href":"https:\/\/api.w.org\/{rel}","templated":true}]}}