{"id":3859,"date":"2020-08-09T15:14:08","date_gmt":"2020-08-09T15:14:08","guid":{"rendered":"https:\/\/torebunia.pl\/sklep\/produkt\/armani-exchange-jeansy-27r\/"},"modified":"2021-01-25T15:08:43","modified_gmt":"2021-01-25T15:08:43","slug":"armani-exchange-jeansy-27r","status":"publish","type":"product","link":"https:\/\/torebunia.pl\/sklep\/produkt\/armani-exchange-jeansy-27r\/","title":{"rendered":"Armani Exchange &#8211; Jeansy 27R"},"content":{"rendered":"<p>Parametry produktu:<\/p>\n<ul>\n<li>cena: <strong>489.9 PLN<\/strong><\/li>\n<li>marka: <strong>Armani Exchange<\/strong><\/li>\n<li>p\u0142e\u0107: <strong>Female<\/strong><\/li>\n<li>kategoria: <strong>ONA \/ Odzie\u017c \/ Jeansy \/ Slim i skinny<\/strong><\/li>\n<li>kolor: <strong>czarny<\/strong><\/li>\n<\/ul>\n<p>Opis:<br \/>\nJeansy z kolekcji Armani Exchange w fasonie super skinny z regularn\u0105 tali\u0105. Model wykonany z g\u0142adkiego denimu. &#8211; Fason super skinny. &#8211; Wsuwane kieszenie. &#8211; Zapi\u0119cie na guzik i suwak. &#8211; Regularna talia. &#8211; Szeroko\u015b\u0107 w pasie: 34 cm. &#8211; Szeroko\u015b\u0107 w biodrach: &#8211; Wysoko\u015b\u0107 stanu: 39 cm. &#8211; Szeroko\u015b\u0107 nogawki na dole: 12 cm. &#8211; Szeroko\u015b\u0107 nogawki: 22 cm. &#8211; D\u0142ugo\u015b\u0107: 101 cm. &#8211; Wymiary podane dla rozmiaru: 27. Talia: medium Kolor jeansu: czarny Sk\u0142ad: 70 % Bawe\u0142na, 1 % Elastan, 20 % Poliester, 9 % Wiskoza ID produktu: 4900-SJD096 Kod producenta: 6HYJ01.Y2RAZ<\/p>\n","protected":false},"excerpt":{"rendered":"<p>Parametry produktu: cena: 489.9 PLN marka: Armani Exchange p\u0142e\u0107: Female kategoria: ONA \/ Odzie\u017c \/ Jeansy \/ Slim i skinny kolor: czarny Opis: Jeansy z kolekcji Armani Exchange w fasonie<\/p>\n","protected":false},"featured_media":3860,"comment_status":"closed","ping_status":"open","template":"","meta":[],"class_list":{"0":"post-3859","1":"product","2":"type-product","3":"status-publish","5":"hentry","6":"product_cat-jeansy","7":"product_cat-odziez","8":"product_cat-ona","9":"product_cat-slim-i-skinny","10":"product_tag-armani-exchange","11":"product_tag-armani-exchange-jeansy-27r"},"yoast_head":"<!-- This site is optimized with the Yoast SEO plugin v15.6.2 - https:\/\/yoast.com\/wordpress\/plugins\/seo\/ -->\n<title>Armani Exchange - Jeansy 27R<\/title>\n<meta name=\"robots\" content=\"index, follow, max-snippet:-1, max-image-preview:large, max-video-preview:-1\" \/>\n<link rel=\"canonical\" href=\"https:\/\/torebunia.pl\/sklep\/produkt\/armani-exchange-jeansy-27r\/\" \/>\n<meta property=\"og:locale\" content=\"pl_PL\" \/>\n<meta property=\"og:type\" content=\"article\" \/>\n<meta property=\"og:title\" content=\"Armani Exchange - Jeansy 27R\" \/>\n<meta property=\"og:description\" content=\"Parametry produktu: cena: 489.9 PLN marka: Armani Exchange p\u0142e\u0107: Female kategoria: ONA \/ Odzie\u017c \/ Jeansy \/ Slim i skinny kolor: czarny Opis: Jeansy z kolekcji Armani Exchange w fasonie\" \/>\n<meta property=\"og:url\" content=\"https:\/\/torebunia.pl\/sklep\/produkt\/armani-exchange-jeansy-27r\/\" \/>\n<meta property=\"og:site_name\" content=\"Moje Blog\" \/>\n<meta property=\"article:modified_time\" content=\"2021-01-25T15:08:43+00:00\" \/>\n<meta property=\"og:image\" content=\"https:\/\/torebunia.pl\/sklep\/wp-content\/uploads\/2021\/01\/9eba401000eb5bd100aa9f28ec71b13c9e6c0868.jpg\" \/>\n\t<meta property=\"og:image:width\" content=\"855\" \/>\n\t<meta property=\"og:image:height\" content=\"1290\" \/>\n<meta name=\"twitter:card\" content=\"summary_large_image\" \/>\n<meta name=\"twitter:label1\" content=\"Est. reading time\">\n\t<meta name=\"twitter:data1\" content=\"1 minuta\">\n<script type=\"application\/ld+json\" class=\"yoast-schema-graph\">{\"@context\":\"https:\/\/schema.org\",\"@graph\":[{\"@type\":\"WebSite\",\"@id\":\"https:\/\/torebunia.pl\/sklep\/#website\",\"url\":\"https:\/\/torebunia.pl\/sklep\/\",\"name\":\"Moje Blog\",\"description\":\"Kolejna witryna WordPress\",\"potentialAction\":[{\"@type\":\"SearchAction\",\"target\":\"https:\/\/torebunia.pl\/sklep\/?s={search_term_string}\",\"query-input\":\"required name=search_term_string\"}],\"inLanguage\":\"pl-PL\"},{\"@type\":\"ImageObject\",\"@id\":\"https:\/\/torebunia.pl\/sklep\/produkt\/armani-exchange-jeansy-27r\/#primaryimage\",\"inLanguage\":\"pl-PL\",\"url\":\"https:\/\/torebunia.pl\/sklep\/wp-content\/uploads\/2021\/01\/9eba401000eb5bd100aa9f28ec71b13c9e6c0868.jpg\",\"width\":855,\"height\":1290,\"caption\":\"Armani Exchange - Jeansy 27R\"},{\"@type\":\"WebPage\",\"@id\":\"https:\/\/torebunia.pl\/sklep\/produkt\/armani-exchange-jeansy-27r\/#webpage\",\"url\":\"https:\/\/torebunia.pl\/sklep\/produkt\/armani-exchange-jeansy-27r\/\",\"name\":\"Armani Exchange - Jeansy 27R\",\"isPartOf\":{\"@id\":\"https:\/\/torebunia.pl\/sklep\/#website\"},\"primaryImageOfPage\":{\"@id\":\"https:\/\/torebunia.pl\/sklep\/produkt\/armani-exchange-jeansy-27r\/#primaryimage\"},\"datePublished\":\"2020-08-09T15:14:08+00:00\",\"dateModified\":\"2021-01-25T15:08:43+00:00\",\"inLanguage\":\"pl-PL\",\"potentialAction\":[{\"@type\":\"ReadAction\",\"target\":[\"https:\/\/torebunia.pl\/sklep\/produkt\/armani-exchange-jeansy-27r\/\"]}]}]}<\/script>\n<!-- \/ Yoast SEO plugin. -->","_links":{"self":[{"href":"https:\/\/torebunia.pl\/sklep\/wp-json\/wp\/v2\/product\/3859","targetHints":{"allow":["GET"]}}],"collection":[{"href":"https:\/\/torebunia.pl\/sklep\/wp-json\/wp\/v2\/product"}],"about":[{"href":"https:\/\/torebunia.pl\/sklep\/wp-json\/wp\/v2\/types\/product"}],"replies":[{"embeddable":true,"href":"https:\/\/torebunia.pl\/sklep\/wp-json\/wp\/v2\/comments?post=3859"}],"wp:featuredmedia":[{"embeddable":true,"href":"https:\/\/torebunia.pl\/sklep\/wp-json\/wp\/v2\/media\/3860"}],"wp:attachment":[{"href":"https:\/\/torebunia.pl\/sklep\/wp-json\/wp\/v2\/media?parent=3859"}],"curies":[{"name":"wp","href":"https:\/\/api.w.org\/{rel}","templated":true}]}}