{"id":23266,"date":"2020-11-06T19:08:32","date_gmt":"2020-11-06T19:08:32","guid":{"rendered":"https:\/\/torebunia.pl\/sklep\/produkt\/aqua-speed-stroj-kapielowy-3\/"},"modified":"2021-01-27T17:21:49","modified_gmt":"2021-01-27T17:21:49","slug":"aqua-speed-stroj-kapielowy-3","status":"publish","type":"product","link":"https:\/\/torebunia.pl\/sklep\/produkt\/aqua-speed-stroj-kapielowy-3\/","title":{"rendered":"Aqua Speed &#8211; Str\u00f3j k\u0105pielowy"},"content":{"rendered":"<p>Parametry produktu:<\/p>\n<ul>\n<li>cena: <strong>99.9 PLN<\/strong><\/li>\n<li>marka: <strong>Aqua Speed<\/strong><\/li>\n<li>p\u0142e\u0107: <strong>Female<\/strong><\/li>\n<li>kategoria: <strong>ONA \/ Odzie\u017c \/ Stroje k\u0105pielowe \/ Jednocz\u0119\u015bciowe<\/strong><\/li>\n<li>kolor: <strong>szary<\/strong><\/li>\n<\/ul>\n<p>Opis:<br \/>\nJednocz\u0119\u015bciowy str\u00f3j k\u0105pielowy z kolekcji Aqua Speed. Model wykonany z g\u0142adkiego materia\u0142u. &#8211; Szybkoschn\u0105ca w\u0142oska dzianina Carvico Tessuti, o wi\u0119kszej odporno\u015bci na chlorowan\u0105 wod\u0119 i promieniowanie UV. &#8211; Mi\u0119kka miseczka. &#8211; Nieregulowane, nieodpinane rami\u0105czka. Wz\u00f3r: g\u0142adkie Miseczka: mi\u0119kka Miseczka: bez fiszbin\u00f3w Sk\u0142ad: 20 % Elastan, 80 % Poliamid ID produktu: 4910-BID0WH Kod producenta: 443.SYLWIA<\/p>\n","protected":false},"excerpt":{"rendered":"<p>Parametry produktu: cena: 99.9 PLN marka: Aqua Speed p\u0142e\u0107: Female kategoria: ONA \/ Odzie\u017c \/ Stroje k\u0105pielowe \/ Jednocz\u0119\u015bciowe kolor: szary Opis: Jednocz\u0119\u015bciowy str\u00f3j k\u0105pielowy z kolekcji Aqua Speed. Model<\/p>\n","protected":false},"featured_media":23267,"comment_status":"closed","ping_status":"open","template":"","meta":[],"class_list":{"0":"post-23266","1":"product","2":"type-product","3":"status-publish","5":"hentry","6":"product_cat-jednoczesciowe","7":"product_cat-odziez","8":"product_cat-ona","9":"product_cat-stroje-kapielowe","10":"product_tag-aqua-speed","11":"product_tag-aqua-speed-stroj-kapielowy"},"yoast_head":"<!-- This site is optimized with the Yoast SEO plugin v15.6.2 - https:\/\/yoast.com\/wordpress\/plugins\/seo\/ -->\n<title>Aqua Speed - Str\u00f3j k\u0105pielowy<\/title>\n<meta name=\"robots\" content=\"index, follow, max-snippet:-1, max-image-preview:large, max-video-preview:-1\" \/>\n<link rel=\"canonical\" href=\"https:\/\/torebunia.pl\/sklep\/produkt\/aqua-speed-stroj-kapielowy-3\/\" \/>\n<meta property=\"og:locale\" content=\"pl_PL\" \/>\n<meta property=\"og:type\" content=\"article\" \/>\n<meta property=\"og:title\" content=\"Aqua Speed - Str\u00f3j k\u0105pielowy\" \/>\n<meta property=\"og:description\" content=\"Parametry produktu: cena: 99.9 PLN marka: Aqua Speed p\u0142e\u0107: Female kategoria: ONA \/ Odzie\u017c \/ Stroje k\u0105pielowe \/ Jednocz\u0119\u015bciowe kolor: szary Opis: Jednocz\u0119\u015bciowy str\u00f3j k\u0105pielowy z kolekcji Aqua Speed. Model\" \/>\n<meta property=\"og:url\" content=\"https:\/\/torebunia.pl\/sklep\/produkt\/aqua-speed-stroj-kapielowy-3\/\" \/>\n<meta property=\"og:site_name\" content=\"Moje Blog\" \/>\n<meta property=\"article:modified_time\" content=\"2021-01-27T17:21:49+00:00\" \/>\n<meta property=\"og:image\" content=\"https:\/\/torebunia.pl\/sklep\/wp-content\/uploads\/2021\/01\/f7770cec031b8fb832fca589a1221929c2738adc.jpg\" \/>\n\t<meta property=\"og:image:width\" content=\"855\" \/>\n\t<meta property=\"og:image:height\" content=\"1290\" \/>\n<meta name=\"twitter:card\" content=\"summary_large_image\" \/>\n<script type=\"application\/ld+json\" class=\"yoast-schema-graph\">{\"@context\":\"https:\/\/schema.org\",\"@graph\":[{\"@type\":\"WebSite\",\"@id\":\"https:\/\/torebunia.pl\/sklep\/#website\",\"url\":\"https:\/\/torebunia.pl\/sklep\/\",\"name\":\"Moje Blog\",\"description\":\"Kolejna witryna WordPress\",\"potentialAction\":[{\"@type\":\"SearchAction\",\"target\":\"https:\/\/torebunia.pl\/sklep\/?s={search_term_string}\",\"query-input\":\"required name=search_term_string\"}],\"inLanguage\":\"pl-PL\"},{\"@type\":\"ImageObject\",\"@id\":\"https:\/\/torebunia.pl\/sklep\/produkt\/aqua-speed-stroj-kapielowy-3\/#primaryimage\",\"inLanguage\":\"pl-PL\",\"url\":\"https:\/\/torebunia.pl\/sklep\/wp-content\/uploads\/2021\/01\/f7770cec031b8fb832fca589a1221929c2738adc.jpg\",\"width\":855,\"height\":1290,\"caption\":\"Aqua Speed - Str\\u00f3j k\\u0105pielowy\"},{\"@type\":\"WebPage\",\"@id\":\"https:\/\/torebunia.pl\/sklep\/produkt\/aqua-speed-stroj-kapielowy-3\/#webpage\",\"url\":\"https:\/\/torebunia.pl\/sklep\/produkt\/aqua-speed-stroj-kapielowy-3\/\",\"name\":\"Aqua Speed - Str\\u00f3j k\\u0105pielowy\",\"isPartOf\":{\"@id\":\"https:\/\/torebunia.pl\/sklep\/#website\"},\"primaryImageOfPage\":{\"@id\":\"https:\/\/torebunia.pl\/sklep\/produkt\/aqua-speed-stroj-kapielowy-3\/#primaryimage\"},\"datePublished\":\"2020-11-06T19:08:32+00:00\",\"dateModified\":\"2021-01-27T17:21:49+00:00\",\"inLanguage\":\"pl-PL\",\"potentialAction\":[{\"@type\":\"ReadAction\",\"target\":[\"https:\/\/torebunia.pl\/sklep\/produkt\/aqua-speed-stroj-kapielowy-3\/\"]}]}]}<\/script>\n<!-- \/ Yoast SEO plugin. -->","_links":{"self":[{"href":"https:\/\/torebunia.pl\/sklep\/wp-json\/wp\/v2\/product\/23266","targetHints":{"allow":["GET"]}}],"collection":[{"href":"https:\/\/torebunia.pl\/sklep\/wp-json\/wp\/v2\/product"}],"about":[{"href":"https:\/\/torebunia.pl\/sklep\/wp-json\/wp\/v2\/types\/product"}],"replies":[{"embeddable":true,"href":"https:\/\/torebunia.pl\/sklep\/wp-json\/wp\/v2\/comments?post=23266"}],"wp:featuredmedia":[{"embeddable":true,"href":"https:\/\/torebunia.pl\/sklep\/wp-json\/wp\/v2\/media\/23267"}],"wp:attachment":[{"href":"https:\/\/torebunia.pl\/sklep\/wp-json\/wp\/v2\/media?parent=23266"}],"curies":[{"name":"wp","href":"https:\/\/api.w.org\/{rel}","templated":true}]}}