{"id":22594,"date":"2020-09-25T01:49:57","date_gmt":"2020-09-25T01:49:57","guid":{"rendered":"https:\/\/torebunia.pl\/sklep\/produkt\/pepe-jeans-bluza\/"},"modified":"2021-01-27T17:00:57","modified_gmt":"2021-01-27T17:00:57","slug":"pepe-jeans-bluza","status":"publish","type":"product","link":"https:\/\/torebunia.pl\/sklep\/produkt\/pepe-jeans-bluza\/","title":{"rendered":"Pepe Jeans &#8211; Bluza"},"content":{"rendered":"<p>Parametry produktu:<\/p>\n<ul>\n<li>cena: <strong>319.9 PLN<\/strong><\/li>\n<li>marka: <strong>Pepe Jeans<\/strong><\/li>\n<li>p\u0142e\u0107: <strong>Female<\/strong><\/li>\n<li>kategoria: <strong>ONA \/ Odzie\u017c \/ Bluzy \/ Przez g\u0142ow\u0119<\/strong><\/li>\n<li>kolor: <strong>granatowy<\/strong><\/li>\n<\/ul>\n<p>Opis:<br \/>\nBluza z kolekcji Pepe Jeans. Model wykonany z wzorzystej dzianiny. &#8211; Okr\u0105g\u0142y dekolt. &#8211; Wyko\u0144czenie ze \u015bci\u0105gacza. &#8211; Prosty fason. &#8211; Wzorzysta dzianina. &#8211; D\u0142ugo\u015b\u0107 r\u0119kawa: 65 cm, &#8211; D\u0142ugo\u015b\u0107: 64 cm. &#8211; Szeroko\u015b\u0107 pod pachami: 48 cm. &#8211; Wymiary podane dla rozmiaru: S. Wz\u00f3r: wzorzyste Kaptur: bez kaptura Sk\u0142ad: 90 % Bawe\u0142na, 10 % Poliester ID produktu: 4901-BLD01U Kod producenta: PL580910<\/p>\n","protected":false},"excerpt":{"rendered":"<p>Parametry produktu: cena: 319.9 PLN marka: Pepe Jeans p\u0142e\u0107: Female kategoria: ONA \/ Odzie\u017c \/ Bluzy \/ Przez g\u0142ow\u0119 kolor: granatowy Opis: Bluza z kolekcji Pepe Jeans. Model wykonany z<\/p>\n","protected":false},"featured_media":22595,"comment_status":"closed","ping_status":"open","template":"","meta":[],"class_list":{"0":"post-22594","1":"product","2":"type-product","3":"status-publish","5":"hentry","6":"product_cat-bluzy","7":"product_cat-odziez","8":"product_cat-ona","9":"product_cat-przez-glowe","10":"product_tag-pepe-jeans","11":"product_tag-pepe-jeans-bluza"},"yoast_head":"<!-- This site is optimized with the Yoast SEO plugin v15.6.2 - https:\/\/yoast.com\/wordpress\/plugins\/seo\/ -->\n<title>Pepe Jeans - Bluza<\/title>\n<meta name=\"robots\" content=\"index, follow, max-snippet:-1, max-image-preview:large, max-video-preview:-1\" \/>\n<link rel=\"canonical\" href=\"https:\/\/torebunia.pl\/sklep\/produkt\/pepe-jeans-bluza\/\" \/>\n<meta property=\"og:locale\" content=\"pl_PL\" \/>\n<meta property=\"og:type\" content=\"article\" \/>\n<meta property=\"og:title\" content=\"Pepe Jeans - Bluza\" \/>\n<meta property=\"og:description\" content=\"Parametry produktu: cena: 319.9 PLN marka: Pepe Jeans p\u0142e\u0107: Female kategoria: ONA \/ Odzie\u017c \/ Bluzy \/ Przez g\u0142ow\u0119 kolor: granatowy Opis: Bluza z kolekcji Pepe Jeans. Model wykonany z\" \/>\n<meta property=\"og:url\" content=\"https:\/\/torebunia.pl\/sklep\/produkt\/pepe-jeans-bluza\/\" \/>\n<meta property=\"og:site_name\" content=\"Moje Blog\" \/>\n<meta property=\"article:modified_time\" content=\"2021-01-27T17:00:57+00:00\" \/>\n<meta property=\"og:image\" content=\"https:\/\/torebunia.pl\/sklep\/wp-content\/uploads\/2021\/01\/f06de3cc30f1bad8684a11de751e904042824a01.jpg\" \/>\n\t<meta property=\"og:image:width\" content=\"855\" \/>\n\t<meta property=\"og:image:height\" content=\"1290\" \/>\n<meta name=\"twitter:card\" content=\"summary_large_image\" \/>\n<script type=\"application\/ld+json\" class=\"yoast-schema-graph\">{\"@context\":\"https:\/\/schema.org\",\"@graph\":[{\"@type\":\"WebSite\",\"@id\":\"https:\/\/torebunia.pl\/sklep\/#website\",\"url\":\"https:\/\/torebunia.pl\/sklep\/\",\"name\":\"Moje Blog\",\"description\":\"Kolejna witryna WordPress\",\"potentialAction\":[{\"@type\":\"SearchAction\",\"target\":\"https:\/\/torebunia.pl\/sklep\/?s={search_term_string}\",\"query-input\":\"required name=search_term_string\"}],\"inLanguage\":\"pl-PL\"},{\"@type\":\"ImageObject\",\"@id\":\"https:\/\/torebunia.pl\/sklep\/produkt\/pepe-jeans-bluza\/#primaryimage\",\"inLanguage\":\"pl-PL\",\"url\":\"https:\/\/torebunia.pl\/sklep\/wp-content\/uploads\/2021\/01\/f06de3cc30f1bad8684a11de751e904042824a01.jpg\",\"width\":855,\"height\":1290,\"caption\":\"Pepe Jeans - Bluza\"},{\"@type\":\"WebPage\",\"@id\":\"https:\/\/torebunia.pl\/sklep\/produkt\/pepe-jeans-bluza\/#webpage\",\"url\":\"https:\/\/torebunia.pl\/sklep\/produkt\/pepe-jeans-bluza\/\",\"name\":\"Pepe Jeans - Bluza\",\"isPartOf\":{\"@id\":\"https:\/\/torebunia.pl\/sklep\/#website\"},\"primaryImageOfPage\":{\"@id\":\"https:\/\/torebunia.pl\/sklep\/produkt\/pepe-jeans-bluza\/#primaryimage\"},\"datePublished\":\"2020-09-25T01:49:57+00:00\",\"dateModified\":\"2021-01-27T17:00:57+00:00\",\"inLanguage\":\"pl-PL\",\"potentialAction\":[{\"@type\":\"ReadAction\",\"target\":[\"https:\/\/torebunia.pl\/sklep\/produkt\/pepe-jeans-bluza\/\"]}]}]}<\/script>\n<!-- \/ Yoast SEO plugin. -->","_links":{"self":[{"href":"https:\/\/torebunia.pl\/sklep\/wp-json\/wp\/v2\/product\/22594","targetHints":{"allow":["GET"]}}],"collection":[{"href":"https:\/\/torebunia.pl\/sklep\/wp-json\/wp\/v2\/product"}],"about":[{"href":"https:\/\/torebunia.pl\/sklep\/wp-json\/wp\/v2\/types\/product"}],"replies":[{"embeddable":true,"href":"https:\/\/torebunia.pl\/sklep\/wp-json\/wp\/v2\/comments?post=22594"}],"wp:featuredmedia":[{"embeddable":true,"href":"https:\/\/torebunia.pl\/sklep\/wp-json\/wp\/v2\/media\/22595"}],"wp:attachment":[{"href":"https:\/\/torebunia.pl\/sklep\/wp-json\/wp\/v2\/media?parent=22594"}],"curies":[{"name":"wp","href":"https:\/\/api.w.org\/{rel}","templated":true}]}}