{"id":22298,"date":"2020-05-21T17:17:49","date_gmt":"2020-05-21T17:17:49","guid":{"rendered":"https:\/\/torebunia.pl\/sklep\/produkt\/geox-sniegowce-3\/"},"modified":"2021-01-27T16:51:47","modified_gmt":"2021-01-27T16:51:47","slug":"geox-sniegowce-3","status":"publish","type":"product","link":"https:\/\/torebunia.pl\/sklep\/produkt\/geox-sniegowce-3\/","title":{"rendered":"Geox &#8211; \u015aniegowce"},"content":{"rendered":"<p>Parametry produktu:<\/p>\n<ul>\n<li>cena: <strong>739.9 PLN<\/strong><\/li>\n<li>marka: <strong>Geox<\/strong><\/li>\n<li>p\u0142e\u0107: <strong>Female<\/strong><\/li>\n<li>kategoria: <strong>ONA \/ Obuwie \/ \u015aniegowce<\/strong><\/li>\n<li>kolor: <strong>jasny szary<\/strong><\/li>\n<\/ul>\n<p>Opis:<br \/>\n\u015aniegowce z kolekcji Geox. Model wykonany z po\u0142\u0105czenia materia\u0142u tekstylnego i sk\u00f3ry naturalnej. &#8211; Model wyposa\u017cony w technologi\u0119 Amphibiox\u00ae. Specjalna oddychaj\u0105ca i nieprzemakalna membrana chroni zar\u00f3wno podeszw\u0119, jak i cholewk\u0119, uniemo\u017cliwiaj\u0105c wodzie przedostanie si\u0119 do wn\u0119trza obuwia i jednocze\u015bnie gwarantuj\u0105c niezwyk\u0142\u0105 zdolno\u015b\u0107 przepuszczania powietrza. &#8211; System Geox Respira: Posiadaj\u0105 technologi\u0119 Geox Respira, kt\u00f3ra dzi\u0119ki tr\u00f3jwarstwowej podeszwie z systemem oddychaj\u0105cych perforacji poprawia wentylacj\u0119, a dzi\u0119ki temu pozwala dba\u0107 o zdrowie st\u00f3p i zapewnia komfort u\u017cytkowania obuwia. &#8211; Ocieplony model. &#8211; Lekko usztywniony nosek. &#8211; \u017b\u0142obiona podeszwa. &#8211; Usztywniony zapi\u0119tek. &#8211; Tekstylne wn\u0119trze. &#8211; Model na platformie. &#8211; Sznurowany model. &#8211; Wysoko\u015b\u0107 platformy: 4,5 cm. &#8211; D\u0142ugo\u015b\u0107 wk\u0142adki wynosi: 24 cm. &#8211; Wymiary podane dla rozmiaru: 37. Obcas: platforma Materia\u0142: sk\u00f3ra zamszowa Materia\u0142: tekstylny Ocieplenie: ocieplane Sk\u0142ad: Cholewka: Materia\u0142 tekstylny, Sk\u00f3ra naturalna, Wn\u0119trze: Materia\u0142 tekstylny, Podeszwa: Materia\u0142 syntetyczny ID produktu: 4910-OBD07J Kod producenta: D94AWC.032GH<\/p>\n","protected":false},"excerpt":{"rendered":"<p>Parametry produktu: cena: 739.9 PLN marka: Geox p\u0142e\u0107: Female kategoria: ONA \/ Obuwie \/ \u015aniegowce kolor: jasny szary Opis: \u015aniegowce z kolekcji Geox. Model wykonany z po\u0142\u0105czenia materia\u0142u tekstylnego i<\/p>\n","protected":false},"featured_media":22299,"comment_status":"closed","ping_status":"open","template":"","meta":[],"class_list":{"0":"post-22298","1":"product","2":"type-product","3":"status-publish","5":"hentry","6":"product_cat-obuwie","7":"product_cat-ona","8":"product_cat-sniegowce","9":"product_tag-geox","10":"product_tag-geox-sniegowce"},"yoast_head":"<!-- This site is optimized with the Yoast SEO plugin v15.6.2 - https:\/\/yoast.com\/wordpress\/plugins\/seo\/ -->\n<title>Geox - \u015aniegowce<\/title>\n<meta name=\"robots\" content=\"index, follow, max-snippet:-1, max-image-preview:large, max-video-preview:-1\" \/>\n<link rel=\"canonical\" href=\"https:\/\/torebunia.pl\/sklep\/produkt\/geox-sniegowce-3\/\" \/>\n<meta property=\"og:locale\" content=\"pl_PL\" \/>\n<meta property=\"og:type\" content=\"article\" \/>\n<meta property=\"og:title\" content=\"Geox - \u015aniegowce\" \/>\n<meta property=\"og:description\" content=\"Parametry produktu: cena: 739.9 PLN marka: Geox p\u0142e\u0107: Female kategoria: ONA \/ Obuwie \/ \u015aniegowce kolor: jasny szary Opis: \u015aniegowce z kolekcji Geox. Model wykonany z po\u0142\u0105czenia materia\u0142u tekstylnego i\" \/>\n<meta property=\"og:url\" content=\"https:\/\/torebunia.pl\/sklep\/produkt\/geox-sniegowce-3\/\" \/>\n<meta property=\"og:site_name\" content=\"Moje Blog\" \/>\n<meta property=\"article:modified_time\" content=\"2021-01-27T16:51:47+00:00\" \/>\n<meta property=\"og:image\" content=\"https:\/\/torebunia.pl\/sklep\/wp-content\/uploads\/2021\/01\/a5607db93feebfb2dbe1709f2b9ce7211a9f947b.jpg\" \/>\n\t<meta property=\"og:image:width\" content=\"855\" \/>\n\t<meta property=\"og:image:height\" content=\"1290\" \/>\n<meta name=\"twitter:card\" content=\"summary_large_image\" \/>\n<meta name=\"twitter:label1\" content=\"Est. reading time\">\n\t<meta name=\"twitter:data1\" content=\"1 minuta\">\n<script type=\"application\/ld+json\" class=\"yoast-schema-graph\">{\"@context\":\"https:\/\/schema.org\",\"@graph\":[{\"@type\":\"WebSite\",\"@id\":\"https:\/\/torebunia.pl\/sklep\/#website\",\"url\":\"https:\/\/torebunia.pl\/sklep\/\",\"name\":\"Moje Blog\",\"description\":\"Kolejna witryna WordPress\",\"potentialAction\":[{\"@type\":\"SearchAction\",\"target\":\"https:\/\/torebunia.pl\/sklep\/?s={search_term_string}\",\"query-input\":\"required name=search_term_string\"}],\"inLanguage\":\"pl-PL\"},{\"@type\":\"ImageObject\",\"@id\":\"https:\/\/torebunia.pl\/sklep\/produkt\/geox-sniegowce-3\/#primaryimage\",\"inLanguage\":\"pl-PL\",\"url\":\"https:\/\/torebunia.pl\/sklep\/wp-content\/uploads\/2021\/01\/a5607db93feebfb2dbe1709f2b9ce7211a9f947b.jpg\",\"width\":855,\"height\":1290,\"caption\":\"Geox - \\u015aniegowce\"},{\"@type\":\"WebPage\",\"@id\":\"https:\/\/torebunia.pl\/sklep\/produkt\/geox-sniegowce-3\/#webpage\",\"url\":\"https:\/\/torebunia.pl\/sklep\/produkt\/geox-sniegowce-3\/\",\"name\":\"Geox - \\u015aniegowce\",\"isPartOf\":{\"@id\":\"https:\/\/torebunia.pl\/sklep\/#website\"},\"primaryImageOfPage\":{\"@id\":\"https:\/\/torebunia.pl\/sklep\/produkt\/geox-sniegowce-3\/#primaryimage\"},\"datePublished\":\"2020-05-21T17:17:49+00:00\",\"dateModified\":\"2021-01-27T16:51:47+00:00\",\"inLanguage\":\"pl-PL\",\"potentialAction\":[{\"@type\":\"ReadAction\",\"target\":[\"https:\/\/torebunia.pl\/sklep\/produkt\/geox-sniegowce-3\/\"]}]}]}<\/script>\n<!-- \/ Yoast SEO plugin. -->","_links":{"self":[{"href":"https:\/\/torebunia.pl\/sklep\/wp-json\/wp\/v2\/product\/22298","targetHints":{"allow":["GET"]}}],"collection":[{"href":"https:\/\/torebunia.pl\/sklep\/wp-json\/wp\/v2\/product"}],"about":[{"href":"https:\/\/torebunia.pl\/sklep\/wp-json\/wp\/v2\/types\/product"}],"replies":[{"embeddable":true,"href":"https:\/\/torebunia.pl\/sklep\/wp-json\/wp\/v2\/comments?post=22298"}],"wp:featuredmedia":[{"embeddable":true,"href":"https:\/\/torebunia.pl\/sklep\/wp-json\/wp\/v2\/media\/22299"}],"wp:attachment":[{"href":"https:\/\/torebunia.pl\/sklep\/wp-json\/wp\/v2\/media?parent=22298"}],"curies":[{"name":"wp","href":"https:\/\/api.w.org\/{rel}","templated":true}]}}