{"id":21516,"date":"2020-08-30T20:10:19","date_gmt":"2020-08-30T20:10:19","guid":{"rendered":"https:\/\/torebunia.pl\/sklep\/produkt\/ea7-emporio-armani-bluza-11\/"},"modified":"2021-01-27T16:26:10","modified_gmt":"2021-01-27T16:26:10","slug":"ea7-emporio-armani-bluza-11","status":"publish","type":"product","link":"https:\/\/torebunia.pl\/sklep\/produkt\/ea7-emporio-armani-bluza-11\/","title":{"rendered":"EA7 Emporio Armani &#8211; Bluza"},"content":{"rendered":"<p>Parametry produktu:<\/p>\n<ul>\n<li>cena: <strong>559.9 PLN<\/strong><\/li>\n<li>marka: <strong>EA7 Emporio Armani<\/strong><\/li>\n<li>p\u0142e\u0107: <strong>Female<\/strong><\/li>\n<li>kategoria: <strong>ONA \/ Odzie\u017c \/ Bluzy \/ Przez g\u0142ow\u0119<\/strong><\/li>\n<li>kolor: <strong>czarny<\/strong><\/li>\n<\/ul>\n<p>Opis:<br \/>\nBluza z kapturem z kolekcji EA7 Emporio Armani. Model wykonany z dzianiny z nadrukiem. &#8211; Kaptur \u015bci\u0105gany troczkami. &#8211; Obni\u017cona linia ramion. &#8211; D\u0142ugi r\u0119kaw. &#8211; Z przodu kieszonki. &#8211; Model z nadrukiem. &#8211; D\u0142ugo\u015b\u0107 r\u0119kawa(mierzona od kaptura): 73 cm. &#8211; D\u0142ugo\u015b\u0107: 70 cm. &#8211; Szeroko\u015b\u0107 pod pachami: 58 cm. &#8211; Wymiary podane dla rozmiaru: S. Wz\u00f3r: nadruk Kaptur: z kapturem Sk\u0142ad: Materia\u0142 1: 100 % Bawega, Materia\u0142 2: 100 % Wiskoza, Materia\u0142 3: 100 % Poliamid ID produktu: 4900-BLD051 Kod producenta: 6HTM19.TJ3LZ<\/p>\n","protected":false},"excerpt":{"rendered":"<p>Parametry produktu: cena: 559.9 PLN marka: EA7 Emporio Armani p\u0142e\u0107: Female kategoria: ONA \/ Odzie\u017c \/ Bluzy \/ Przez g\u0142ow\u0119 kolor: czarny Opis: Bluza z kapturem z kolekcji EA7 Emporio<\/p>\n","protected":false},"featured_media":21517,"comment_status":"closed","ping_status":"open","template":"","meta":[],"class_list":{"0":"post-21516","1":"product","2":"type-product","3":"status-publish","5":"hentry","6":"product_cat-bluzy","7":"product_cat-odziez","8":"product_cat-ona","9":"product_cat-przez-glowe","10":"product_tag-ea7-emporio-armani","11":"product_tag-ea7-emporio-armani-bluza"},"yoast_head":"<!-- This site is optimized with the Yoast SEO plugin v15.6.2 - https:\/\/yoast.com\/wordpress\/plugins\/seo\/ -->\n<title>EA7 Emporio Armani - Bluza<\/title>\n<meta name=\"robots\" content=\"index, follow, max-snippet:-1, max-image-preview:large, max-video-preview:-1\" \/>\n<link rel=\"canonical\" href=\"https:\/\/torebunia.pl\/sklep\/produkt\/ea7-emporio-armani-bluza-11\/\" \/>\n<meta property=\"og:locale\" content=\"pl_PL\" \/>\n<meta property=\"og:type\" content=\"article\" \/>\n<meta property=\"og:title\" content=\"EA7 Emporio Armani - Bluza\" \/>\n<meta property=\"og:description\" content=\"Parametry produktu: cena: 559.9 PLN marka: EA7 Emporio Armani p\u0142e\u0107: Female kategoria: ONA \/ Odzie\u017c \/ Bluzy \/ Przez g\u0142ow\u0119 kolor: czarny Opis: Bluza z kapturem z kolekcji EA7 Emporio\" \/>\n<meta property=\"og:url\" content=\"https:\/\/torebunia.pl\/sklep\/produkt\/ea7-emporio-armani-bluza-11\/\" \/>\n<meta property=\"og:site_name\" content=\"Moje Blog\" \/>\n<meta property=\"article:modified_time\" content=\"2021-01-27T16:26:10+00:00\" \/>\n<meta property=\"og:image\" content=\"https:\/\/torebunia.pl\/sklep\/wp-content\/uploads\/2021\/01\/5a49ec802ae4165eaddb54e7a5ecca4be12c7ab5.jpg\" \/>\n\t<meta property=\"og:image:width\" content=\"855\" \/>\n\t<meta property=\"og:image:height\" content=\"1290\" \/>\n<meta name=\"twitter:card\" content=\"summary_large_image\" \/>\n<meta name=\"twitter:label1\" content=\"Est. reading time\">\n\t<meta name=\"twitter:data1\" content=\"1 minuta\">\n<script type=\"application\/ld+json\" class=\"yoast-schema-graph\">{\"@context\":\"https:\/\/schema.org\",\"@graph\":[{\"@type\":\"WebSite\",\"@id\":\"https:\/\/torebunia.pl\/sklep\/#website\",\"url\":\"https:\/\/torebunia.pl\/sklep\/\",\"name\":\"Moje Blog\",\"description\":\"Kolejna witryna WordPress\",\"potentialAction\":[{\"@type\":\"SearchAction\",\"target\":\"https:\/\/torebunia.pl\/sklep\/?s={search_term_string}\",\"query-input\":\"required name=search_term_string\"}],\"inLanguage\":\"pl-PL\"},{\"@type\":\"ImageObject\",\"@id\":\"https:\/\/torebunia.pl\/sklep\/produkt\/ea7-emporio-armani-bluza-11\/#primaryimage\",\"inLanguage\":\"pl-PL\",\"url\":\"https:\/\/torebunia.pl\/sklep\/wp-content\/uploads\/2021\/01\/5a49ec802ae4165eaddb54e7a5ecca4be12c7ab5.jpg\",\"width\":855,\"height\":1290,\"caption\":\"EA7 Emporio Armani - Bluza\"},{\"@type\":\"WebPage\",\"@id\":\"https:\/\/torebunia.pl\/sklep\/produkt\/ea7-emporio-armani-bluza-11\/#webpage\",\"url\":\"https:\/\/torebunia.pl\/sklep\/produkt\/ea7-emporio-armani-bluza-11\/\",\"name\":\"EA7 Emporio Armani - Bluza\",\"isPartOf\":{\"@id\":\"https:\/\/torebunia.pl\/sklep\/#website\"},\"primaryImageOfPage\":{\"@id\":\"https:\/\/torebunia.pl\/sklep\/produkt\/ea7-emporio-armani-bluza-11\/#primaryimage\"},\"datePublished\":\"2020-08-30T20:10:19+00:00\",\"dateModified\":\"2021-01-27T16:26:10+00:00\",\"inLanguage\":\"pl-PL\",\"potentialAction\":[{\"@type\":\"ReadAction\",\"target\":[\"https:\/\/torebunia.pl\/sklep\/produkt\/ea7-emporio-armani-bluza-11\/\"]}]}]}<\/script>\n<!-- \/ Yoast SEO plugin. -->","_links":{"self":[{"href":"https:\/\/torebunia.pl\/sklep\/wp-json\/wp\/v2\/product\/21516","targetHints":{"allow":["GET"]}}],"collection":[{"href":"https:\/\/torebunia.pl\/sklep\/wp-json\/wp\/v2\/product"}],"about":[{"href":"https:\/\/torebunia.pl\/sklep\/wp-json\/wp\/v2\/types\/product"}],"replies":[{"embeddable":true,"href":"https:\/\/torebunia.pl\/sklep\/wp-json\/wp\/v2\/comments?post=21516"}],"wp:featuredmedia":[{"embeddable":true,"href":"https:\/\/torebunia.pl\/sklep\/wp-json\/wp\/v2\/media\/21517"}],"wp:attachment":[{"href":"https:\/\/torebunia.pl\/sklep\/wp-json\/wp\/v2\/media?parent=21516"}],"curies":[{"name":"wp","href":"https:\/\/api.w.org\/{rel}","templated":true}]}}