{"id":21280,"date":"2020-08-04T23:15:53","date_gmt":"2020-08-04T23:15:53","guid":{"rendered":"https:\/\/torebunia.pl\/sklep\/produkt\/vans-okulary-3\/"},"modified":"2021-01-27T16:18:45","modified_gmt":"2021-01-27T16:18:45","slug":"vans-okulary-3","status":"publish","type":"product","link":"https:\/\/torebunia.pl\/sklep\/produkt\/vans-okulary-3\/","title":{"rendered":"Vans &#8211; Okulary"},"content":{"rendered":"<p>Parametry produktu:<\/p>\n<ul>\n<li>cena: <strong>79.9 PLN<\/strong><\/li>\n<li>marka: <strong>Vans<\/strong><\/li>\n<li>p\u0142e\u0107: <strong>Female<\/strong><\/li>\n<li>kategoria: <strong>ONA \/ Akcesoria \/ Okulary<\/strong><\/li>\n<li>kolor: <strong>czarny<\/strong><\/li>\n<\/ul>\n<p>Opis:<br \/>\nOkulary przeciws\u0142oneczne z kolekcji Vans. Model z lustrzanymi szk\u0142ami i oprawkami z tworzywa. Posiada filtr UV 400. &#8211; Kszta\u0142t oprawek: kocie oczy. &#8211; Ochrona UV. &#8211; Szeroko\u015b\u0107 oprawy: 145 mm. &#8211; Szeroko\u015b\u0107 soczewki: 40 mm. ID produktu: 4900-OKD00A Kod producenta: VN0A4S8RBLK1<\/p>\n","protected":false},"excerpt":{"rendered":"<p>Parametry produktu: cena: 79.9 PLN marka: Vans p\u0142e\u0107: Female kategoria: ONA \/ Akcesoria \/ Okulary kolor: czarny Opis: Okulary przeciws\u0142oneczne z kolekcji Vans. Model z lustrzanymi szk\u0142ami i oprawkami z<\/p>\n","protected":false},"featured_media":21281,"comment_status":"closed","ping_status":"open","template":"","meta":[],"class_list":{"0":"post-21280","1":"product","2":"type-product","3":"status-publish","5":"hentry","6":"product_cat-akcesoria","7":"product_cat-okulary","8":"product_cat-ona","9":"product_tag-vans","10":"product_tag-vans-okulary"},"yoast_head":"<!-- This site is optimized with the Yoast SEO plugin v15.6.2 - https:\/\/yoast.com\/wordpress\/plugins\/seo\/ -->\n<title>Vans - Okulary<\/title>\n<meta name=\"robots\" content=\"index, follow, max-snippet:-1, max-image-preview:large, max-video-preview:-1\" \/>\n<link rel=\"canonical\" href=\"https:\/\/torebunia.pl\/sklep\/produkt\/vans-okulary-3\/\" \/>\n<meta property=\"og:locale\" content=\"pl_PL\" \/>\n<meta property=\"og:type\" content=\"article\" \/>\n<meta property=\"og:title\" content=\"Vans - Okulary\" \/>\n<meta property=\"og:description\" content=\"Parametry produktu: cena: 79.9 PLN marka: Vans p\u0142e\u0107: Female kategoria: ONA \/ Akcesoria \/ Okulary kolor: czarny Opis: Okulary przeciws\u0142oneczne z kolekcji Vans. Model z lustrzanymi szk\u0142ami i oprawkami z\" \/>\n<meta property=\"og:url\" content=\"https:\/\/torebunia.pl\/sklep\/produkt\/vans-okulary-3\/\" \/>\n<meta property=\"og:site_name\" content=\"Moje Blog\" \/>\n<meta property=\"article:modified_time\" content=\"2021-01-27T16:18:45+00:00\" \/>\n<meta property=\"og:image\" content=\"https:\/\/torebunia.pl\/sklep\/wp-content\/uploads\/2021\/01\/76d28e48da6607435a88b4576aca34d4b12aaffa.jpg\" \/>\n\t<meta property=\"og:image:width\" content=\"855\" \/>\n\t<meta property=\"og:image:height\" content=\"1290\" \/>\n<meta name=\"twitter:card\" content=\"summary_large_image\" \/>\n<script type=\"application\/ld+json\" class=\"yoast-schema-graph\">{\"@context\":\"https:\/\/schema.org\",\"@graph\":[{\"@type\":\"WebSite\",\"@id\":\"https:\/\/torebunia.pl\/sklep\/#website\",\"url\":\"https:\/\/torebunia.pl\/sklep\/\",\"name\":\"Moje Blog\",\"description\":\"Kolejna witryna WordPress\",\"potentialAction\":[{\"@type\":\"SearchAction\",\"target\":\"https:\/\/torebunia.pl\/sklep\/?s={search_term_string}\",\"query-input\":\"required name=search_term_string\"}],\"inLanguage\":\"pl-PL\"},{\"@type\":\"ImageObject\",\"@id\":\"https:\/\/torebunia.pl\/sklep\/produkt\/vans-okulary-3\/#primaryimage\",\"inLanguage\":\"pl-PL\",\"url\":\"https:\/\/torebunia.pl\/sklep\/wp-content\/uploads\/2021\/01\/76d28e48da6607435a88b4576aca34d4b12aaffa.jpg\",\"width\":855,\"height\":1290,\"caption\":\"Vans - Okulary\"},{\"@type\":\"WebPage\",\"@id\":\"https:\/\/torebunia.pl\/sklep\/produkt\/vans-okulary-3\/#webpage\",\"url\":\"https:\/\/torebunia.pl\/sklep\/produkt\/vans-okulary-3\/\",\"name\":\"Vans - Okulary\",\"isPartOf\":{\"@id\":\"https:\/\/torebunia.pl\/sklep\/#website\"},\"primaryImageOfPage\":{\"@id\":\"https:\/\/torebunia.pl\/sklep\/produkt\/vans-okulary-3\/#primaryimage\"},\"datePublished\":\"2020-08-04T23:15:53+00:00\",\"dateModified\":\"2021-01-27T16:18:45+00:00\",\"inLanguage\":\"pl-PL\",\"potentialAction\":[{\"@type\":\"ReadAction\",\"target\":[\"https:\/\/torebunia.pl\/sklep\/produkt\/vans-okulary-3\/\"]}]}]}<\/script>\n<!-- \/ Yoast SEO plugin. -->","_links":{"self":[{"href":"https:\/\/torebunia.pl\/sklep\/wp-json\/wp\/v2\/product\/21280","targetHints":{"allow":["GET"]}}],"collection":[{"href":"https:\/\/torebunia.pl\/sklep\/wp-json\/wp\/v2\/product"}],"about":[{"href":"https:\/\/torebunia.pl\/sklep\/wp-json\/wp\/v2\/types\/product"}],"replies":[{"embeddable":true,"href":"https:\/\/torebunia.pl\/sklep\/wp-json\/wp\/v2\/comments?post=21280"}],"wp:featuredmedia":[{"embeddable":true,"href":"https:\/\/torebunia.pl\/sklep\/wp-json\/wp\/v2\/media\/21281"}],"wp:attachment":[{"href":"https:\/\/torebunia.pl\/sklep\/wp-json\/wp\/v2\/media?parent=21280"}],"curies":[{"name":"wp","href":"https:\/\/api.w.org\/{rel}","templated":true}]}}