{"id":21150,"date":"2020-10-01T09:48:03","date_gmt":"2020-10-01T09:48:03","guid":{"rendered":"https:\/\/torebunia.pl\/sklep\/produkt\/aruelle-koszula-nocna-babe-2\/"},"modified":"2021-01-27T16:14:35","modified_gmt":"2021-01-27T16:14:35","slug":"aruelle-koszula-nocna-babe-2","status":"publish","type":"product","link":"https:\/\/torebunia.pl\/sklep\/produkt\/aruelle-koszula-nocna-babe-2\/","title":{"rendered":"Aruelle &#8211; Koszula nocna Babe"},"content":{"rendered":"<p>Parametry produktu:<\/p>\n<ul>\n<li>cena: <strong>99.9 PLN<\/strong><\/li>\n<li>marka: <strong>Aruelle<\/strong><\/li>\n<li>p\u0142e\u0107: <strong>Female<\/strong><\/li>\n<li>kategoria: <strong>ONA \/ Odzie\u017c \/ Bielizna \/ Pi\u017camy<\/strong><\/li>\n<li>kolor: <strong>r\u00f3\u017cowy<\/strong><\/li>\n<\/ul>\n<p>Opis:<br \/>\nKoszula nocna z kolekcji Aruelle. Model wykonany z dzianiny z nadrukiem. &#8211; Prosty fason. &#8211; Kr\u00f3tki r\u0119kaw. &#8211; Okr\u0105g\u0142y dekolt. &#8211; Cienki materia\u0142. &#8211; Model z nadrukiem. Wz\u00f3r: nadruk Materia\u0142: dzianina Rodzaj: koszulka nocna Sk\u0142ad: 100 % Bawe\u0142na ID produktu: -100-BID022 Kod producenta: Babe.dress<\/p>\n","protected":false},"excerpt":{"rendered":"<p>Parametry produktu: cena: 99.9 PLN marka: Aruelle p\u0142e\u0107: Female kategoria: ONA \/ Odzie\u017c \/ Bielizna \/ Pi\u017camy kolor: r\u00f3\u017cowy Opis: Koszula nocna z kolekcji Aruelle. Model wykonany z dzianiny z<\/p>\n","protected":false},"featured_media":21151,"comment_status":"closed","ping_status":"open","template":"","meta":[],"class_list":{"0":"post-21150","1":"product","2":"type-product","3":"status-publish","5":"hentry","6":"product_cat-bielizna","7":"product_cat-odziez","8":"product_cat-ona","9":"product_cat-pizamy","10":"product_tag-aruelle","11":"product_tag-aruelle-koszula-nocna-babe"},"yoast_head":"<!-- This site is optimized with the Yoast SEO plugin v15.6.2 - https:\/\/yoast.com\/wordpress\/plugins\/seo\/ -->\n<title>Aruelle - Koszula nocna Babe<\/title>\n<meta name=\"robots\" content=\"index, follow, max-snippet:-1, max-image-preview:large, max-video-preview:-1\" \/>\n<link rel=\"canonical\" href=\"https:\/\/torebunia.pl\/sklep\/produkt\/aruelle-koszula-nocna-babe-2\/\" \/>\n<meta property=\"og:locale\" content=\"pl_PL\" \/>\n<meta property=\"og:type\" content=\"article\" \/>\n<meta property=\"og:title\" content=\"Aruelle - Koszula nocna Babe\" \/>\n<meta property=\"og:description\" content=\"Parametry produktu: cena: 99.9 PLN marka: Aruelle p\u0142e\u0107: Female kategoria: ONA \/ Odzie\u017c \/ Bielizna \/ Pi\u017camy kolor: r\u00f3\u017cowy Opis: Koszula nocna z kolekcji Aruelle. Model wykonany z dzianiny z\" \/>\n<meta property=\"og:url\" content=\"https:\/\/torebunia.pl\/sklep\/produkt\/aruelle-koszula-nocna-babe-2\/\" \/>\n<meta property=\"og:site_name\" content=\"Moje Blog\" \/>\n<meta property=\"article:modified_time\" content=\"2021-01-27T16:14:35+00:00\" \/>\n<meta property=\"og:image\" content=\"https:\/\/torebunia.pl\/sklep\/wp-content\/uploads\/2021\/01\/2eb939c252aa3385599958ab19bd5a7248d35d68.jpg\" \/>\n\t<meta property=\"og:image:width\" content=\"855\" \/>\n\t<meta property=\"og:image:height\" content=\"1290\" \/>\n<meta name=\"twitter:card\" content=\"summary_large_image\" \/>\n<script type=\"application\/ld+json\" class=\"yoast-schema-graph\">{\"@context\":\"https:\/\/schema.org\",\"@graph\":[{\"@type\":\"WebSite\",\"@id\":\"https:\/\/torebunia.pl\/sklep\/#website\",\"url\":\"https:\/\/torebunia.pl\/sklep\/\",\"name\":\"Moje Blog\",\"description\":\"Kolejna witryna WordPress\",\"potentialAction\":[{\"@type\":\"SearchAction\",\"target\":\"https:\/\/torebunia.pl\/sklep\/?s={search_term_string}\",\"query-input\":\"required name=search_term_string\"}],\"inLanguage\":\"pl-PL\"},{\"@type\":\"ImageObject\",\"@id\":\"https:\/\/torebunia.pl\/sklep\/produkt\/aruelle-koszula-nocna-babe-2\/#primaryimage\",\"inLanguage\":\"pl-PL\",\"url\":\"https:\/\/torebunia.pl\/sklep\/wp-content\/uploads\/2021\/01\/2eb939c252aa3385599958ab19bd5a7248d35d68.jpg\",\"width\":855,\"height\":1290,\"caption\":\"Aruelle - Koszula nocna Babe\"},{\"@type\":\"WebPage\",\"@id\":\"https:\/\/torebunia.pl\/sklep\/produkt\/aruelle-koszula-nocna-babe-2\/#webpage\",\"url\":\"https:\/\/torebunia.pl\/sklep\/produkt\/aruelle-koszula-nocna-babe-2\/\",\"name\":\"Aruelle - Koszula nocna Babe\",\"isPartOf\":{\"@id\":\"https:\/\/torebunia.pl\/sklep\/#website\"},\"primaryImageOfPage\":{\"@id\":\"https:\/\/torebunia.pl\/sklep\/produkt\/aruelle-koszula-nocna-babe-2\/#primaryimage\"},\"datePublished\":\"2020-10-01T09:48:03+00:00\",\"dateModified\":\"2021-01-27T16:14:35+00:00\",\"inLanguage\":\"pl-PL\",\"potentialAction\":[{\"@type\":\"ReadAction\",\"target\":[\"https:\/\/torebunia.pl\/sklep\/produkt\/aruelle-koszula-nocna-babe-2\/\"]}]}]}<\/script>\n<!-- \/ Yoast SEO plugin. -->","_links":{"self":[{"href":"https:\/\/torebunia.pl\/sklep\/wp-json\/wp\/v2\/product\/21150","targetHints":{"allow":["GET"]}}],"collection":[{"href":"https:\/\/torebunia.pl\/sklep\/wp-json\/wp\/v2\/product"}],"about":[{"href":"https:\/\/torebunia.pl\/sklep\/wp-json\/wp\/v2\/types\/product"}],"replies":[{"embeddable":true,"href":"https:\/\/torebunia.pl\/sklep\/wp-json\/wp\/v2\/comments?post=21150"}],"wp:featuredmedia":[{"embeddable":true,"href":"https:\/\/torebunia.pl\/sklep\/wp-json\/wp\/v2\/media\/21151"}],"wp:attachment":[{"href":"https:\/\/torebunia.pl\/sklep\/wp-json\/wp\/v2\/media?parent=21150"}],"curies":[{"name":"wp","href":"https:\/\/api.w.org\/{rel}","templated":true}]}}