{"id":20842,"date":"2020-03-28T17:23:03","date_gmt":"2020-03-28T17:23:03","guid":{"rendered":"https:\/\/torebunia.pl\/sklep\/produkt\/kappa-sniegowce-balto-tex\/"},"modified":"2021-01-27T16:04:17","modified_gmt":"2021-01-27T16:04:17","slug":"kappa-sniegowce-balto-tex","status":"publish","type":"product","link":"https:\/\/torebunia.pl\/sklep\/produkt\/kappa-sniegowce-balto-tex\/","title":{"rendered":"Kappa &#8211; \u015aniegowce Balto Tex"},"content":{"rendered":"<p>Parametry produktu:<\/p>\n<ul>\n<li>cena: <strong>239.9 PLN<\/strong><\/li>\n<li>marka: <strong>Kappa<\/strong><\/li>\n<li>p\u0142e\u0107: <strong>Female<\/strong><\/li>\n<li>kategoria: <strong>ONA \/ Obuwie \/ \u015aniegowce<\/strong><\/li>\n<li>kolor: <strong>czarny<\/strong><\/li>\n<\/ul>\n<p>Opis:<br \/>\n\u015aniegowce z kolekcji Kappa. Model wykonany z po\u0142\u0105czenia materia\u0142u tekstylnego i syntetycznego. &#8211; KappaTex to technologia, dzi\u0119ki kt\u00f3rej stopy s\u0105 ochronione przed ch\u0142odem i wilgoci\u0105. &#8211; Ocieplony model. &#8211; Lekko usztywniony nosek. &#8211; Antypo\u015blizgowa, \u017c\u0142obiona podeszwa. &#8211; Usztywniony zapi\u0119tek. &#8211; Tekstylne wn\u0119trze. &#8211; Sznurowany model. &#8211; D\u0142ugo\u015b\u0107 wk\u0142adki wynosi: 23,5 cm. &#8211; Wymiary podane dla rozmiaru: 37. Materia\u0142: tekstylny Materia\u0142: syntetyczny Obcas: p\u0142aski Ocieplenie: ocieplane Materia\u0142: imitacja zamszu Zapi\u0119cie: sznurowanie Sk\u0142ad: Cholewka: Materia\u0142 tekstylny, Materia\u0142 syntetyczny, Wn\u0119trze: Materia\u0142 tekstylny, Podeszwa: Materia\u0142 syntetyczny ID produktu: 4920-OBD1R6 Kod producenta: 242364<\/p>\n","protected":false},"excerpt":{"rendered":"<p>Parametry produktu: cena: 239.9 PLN marka: Kappa p\u0142e\u0107: Female kategoria: ONA \/ Obuwie \/ \u015aniegowce kolor: czarny Opis: \u015aniegowce z kolekcji Kappa. Model wykonany z po\u0142\u0105czenia materia\u0142u tekstylnego i syntetycznego.<\/p>\n","protected":false},"featured_media":20843,"comment_status":"closed","ping_status":"open","template":"","meta":[],"class_list":{"0":"post-20842","1":"product","2":"type-product","3":"status-publish","5":"hentry","6":"product_cat-obuwie","7":"product_cat-ona","8":"product_cat-sniegowce","9":"product_tag-kappa","10":"product_tag-kappa-sniegowce-balto-tex"},"yoast_head":"<!-- This site is optimized with the Yoast SEO plugin v15.6.2 - https:\/\/yoast.com\/wordpress\/plugins\/seo\/ -->\n<title>Kappa - \u015aniegowce Balto Tex<\/title>\n<meta name=\"robots\" content=\"index, follow, max-snippet:-1, max-image-preview:large, max-video-preview:-1\" \/>\n<link rel=\"canonical\" href=\"https:\/\/torebunia.pl\/sklep\/produkt\/kappa-sniegowce-balto-tex\/\" \/>\n<meta property=\"og:locale\" content=\"pl_PL\" \/>\n<meta property=\"og:type\" content=\"article\" \/>\n<meta property=\"og:title\" content=\"Kappa - \u015aniegowce Balto Tex\" \/>\n<meta property=\"og:description\" content=\"Parametry produktu: cena: 239.9 PLN marka: Kappa p\u0142e\u0107: Female kategoria: ONA \/ Obuwie \/ \u015aniegowce kolor: czarny Opis: \u015aniegowce z kolekcji Kappa. Model wykonany z po\u0142\u0105czenia materia\u0142u tekstylnego i syntetycznego.\" \/>\n<meta property=\"og:url\" content=\"https:\/\/torebunia.pl\/sklep\/produkt\/kappa-sniegowce-balto-tex\/\" \/>\n<meta property=\"og:site_name\" content=\"Moje Blog\" \/>\n<meta property=\"article:modified_time\" content=\"2021-01-27T16:04:17+00:00\" \/>\n<meta property=\"og:image\" content=\"https:\/\/torebunia.pl\/sklep\/wp-content\/uploads\/2021\/01\/672360c2583d8075a1856640f1eb44650148ced1.jpg\" \/>\n\t<meta property=\"og:image:width\" content=\"855\" \/>\n\t<meta property=\"og:image:height\" content=\"1290\" \/>\n<meta name=\"twitter:card\" content=\"summary_large_image\" \/>\n<meta name=\"twitter:label1\" content=\"Est. reading time\">\n\t<meta name=\"twitter:data1\" content=\"1 minuta\">\n<script type=\"application\/ld+json\" class=\"yoast-schema-graph\">{\"@context\":\"https:\/\/schema.org\",\"@graph\":[{\"@type\":\"WebSite\",\"@id\":\"https:\/\/torebunia.pl\/sklep\/#website\",\"url\":\"https:\/\/torebunia.pl\/sklep\/\",\"name\":\"Moje Blog\",\"description\":\"Kolejna witryna WordPress\",\"potentialAction\":[{\"@type\":\"SearchAction\",\"target\":\"https:\/\/torebunia.pl\/sklep\/?s={search_term_string}\",\"query-input\":\"required name=search_term_string\"}],\"inLanguage\":\"pl-PL\"},{\"@type\":\"ImageObject\",\"@id\":\"https:\/\/torebunia.pl\/sklep\/produkt\/kappa-sniegowce-balto-tex\/#primaryimage\",\"inLanguage\":\"pl-PL\",\"url\":\"https:\/\/torebunia.pl\/sklep\/wp-content\/uploads\/2021\/01\/672360c2583d8075a1856640f1eb44650148ced1.jpg\",\"width\":855,\"height\":1290,\"caption\":\"Kappa - \\u015aniegowce Balto Tex\"},{\"@type\":\"WebPage\",\"@id\":\"https:\/\/torebunia.pl\/sklep\/produkt\/kappa-sniegowce-balto-tex\/#webpage\",\"url\":\"https:\/\/torebunia.pl\/sklep\/produkt\/kappa-sniegowce-balto-tex\/\",\"name\":\"Kappa - \\u015aniegowce Balto Tex\",\"isPartOf\":{\"@id\":\"https:\/\/torebunia.pl\/sklep\/#website\"},\"primaryImageOfPage\":{\"@id\":\"https:\/\/torebunia.pl\/sklep\/produkt\/kappa-sniegowce-balto-tex\/#primaryimage\"},\"datePublished\":\"2020-03-28T17:23:03+00:00\",\"dateModified\":\"2021-01-27T16:04:17+00:00\",\"inLanguage\":\"pl-PL\",\"potentialAction\":[{\"@type\":\"ReadAction\",\"target\":[\"https:\/\/torebunia.pl\/sklep\/produkt\/kappa-sniegowce-balto-tex\/\"]}]}]}<\/script>\n<!-- \/ Yoast SEO plugin. -->","_links":{"self":[{"href":"https:\/\/torebunia.pl\/sklep\/wp-json\/wp\/v2\/product\/20842","targetHints":{"allow":["GET"]}}],"collection":[{"href":"https:\/\/torebunia.pl\/sklep\/wp-json\/wp\/v2\/product"}],"about":[{"href":"https:\/\/torebunia.pl\/sklep\/wp-json\/wp\/v2\/types\/product"}],"replies":[{"embeddable":true,"href":"https:\/\/torebunia.pl\/sklep\/wp-json\/wp\/v2\/comments?post=20842"}],"wp:featuredmedia":[{"embeddable":true,"href":"https:\/\/torebunia.pl\/sklep\/wp-json\/wp\/v2\/media\/20843"}],"wp:attachment":[{"href":"https:\/\/torebunia.pl\/sklep\/wp-json\/wp\/v2\/media?parent=20842"}],"curies":[{"name":"wp","href":"https:\/\/api.w.org\/{rel}","templated":true}]}}