{"id":20434,"date":"2020-04-01T19:39:23","date_gmt":"2020-04-01T19:39:23","guid":{"rendered":"https:\/\/torebunia.pl\/sklep\/produkt\/armani-exchange-bezrekawnik-2\/"},"modified":"2021-01-27T15:49:29","modified_gmt":"2021-01-27T15:49:29","slug":"armani-exchange-bezrekawnik-2","status":"publish","type":"product","link":"https:\/\/torebunia.pl\/sklep\/produkt\/armani-exchange-bezrekawnik-2\/","title":{"rendered":"Armani Exchange &#8211; Bezr\u0119kawnik"},"content":{"rendered":"<p>Parametry produktu:<\/p>\n<ul>\n<li>cena: <strong>1199.0 PLN<\/strong><\/li>\n<li>marka: <strong>Armani Exchange<\/strong><\/li>\n<li>p\u0142e\u0107: <strong>Female<\/strong><\/li>\n<li>kategoria: <strong>ONA \/ Odzie\u017c \/ Kurtki i p\u0142aszcze \/ Bezr\u0119kawniki<\/strong><\/li>\n<li>kolor: <strong>bia\u0142y<\/strong><\/li>\n<\/ul>\n<p>Opis:<br \/>\nBezr\u0119kawnik z kolekcji Armani Exchange. Ocieplony model wykonany ze wzorzystego materia\u0142u. &#8211; Ocieplony model. &#8211; Zapi\u0119cie na suwak. &#8211; Wsuwane kieszenie zewn\u0119trzne. &#8211; D\u0142ugo\u015b\u0107: 100 cm. &#8211; Szeroko\u015b\u0107 pod pachami: 48 cm. &#8211; Wymiary podane dla rozmiaru: S. Podszewka: z podszewk\u0105 Kaptur: bez kaptura Ocieplenie: ocieplane Sk\u0142ad: Materia\u0142 1: 100 % Poliamid, Materia\u0142 2: 100 % Poliester ID produktu: 4900-KUD0G0 Kod producenta: 6HYQ08.YNKLZ<\/p>\n","protected":false},"excerpt":{"rendered":"<p>Parametry produktu: cena: 1199.0 PLN marka: Armani Exchange p\u0142e\u0107: Female kategoria: ONA \/ Odzie\u017c \/ Kurtki i p\u0142aszcze \/ Bezr\u0119kawniki kolor: bia\u0142y Opis: Bezr\u0119kawnik z kolekcji Armani Exchange. Ocieplony model<\/p>\n","protected":false},"featured_media":20435,"comment_status":"closed","ping_status":"open","template":"","meta":[],"class_list":{"0":"post-20434","1":"product","2":"type-product","3":"status-publish","5":"hentry","6":"product_cat-bezrekawniki","7":"product_cat-kurtki-i-plaszcze","8":"product_cat-odziez","9":"product_cat-ona","10":"product_tag-armani-exchange","11":"product_tag-armani-exchange-bezrekawnik"},"yoast_head":"<!-- This site is optimized with the Yoast SEO plugin v15.6.2 - https:\/\/yoast.com\/wordpress\/plugins\/seo\/ -->\n<title>Armani Exchange - Bezr\u0119kawnik<\/title>\n<meta name=\"robots\" content=\"index, follow, max-snippet:-1, max-image-preview:large, max-video-preview:-1\" \/>\n<link rel=\"canonical\" href=\"https:\/\/torebunia.pl\/sklep\/produkt\/armani-exchange-bezrekawnik-2\/\" \/>\n<meta property=\"og:locale\" content=\"pl_PL\" \/>\n<meta property=\"og:type\" content=\"article\" \/>\n<meta property=\"og:title\" content=\"Armani Exchange - Bezr\u0119kawnik\" \/>\n<meta property=\"og:description\" content=\"Parametry produktu: cena: 1199.0 PLN marka: Armani Exchange p\u0142e\u0107: Female kategoria: ONA \/ Odzie\u017c \/ Kurtki i p\u0142aszcze \/ Bezr\u0119kawniki kolor: bia\u0142y Opis: Bezr\u0119kawnik z kolekcji Armani Exchange. Ocieplony model\" \/>\n<meta property=\"og:url\" content=\"https:\/\/torebunia.pl\/sklep\/produkt\/armani-exchange-bezrekawnik-2\/\" \/>\n<meta property=\"og:site_name\" content=\"Moje Blog\" \/>\n<meta property=\"article:modified_time\" content=\"2021-01-27T15:49:29+00:00\" \/>\n<meta property=\"og:image\" content=\"https:\/\/torebunia.pl\/sklep\/wp-content\/uploads\/2021\/01\/8d100fed1df8be9c9047427bd64e45c3e4159b7a.jpg\" \/>\n\t<meta property=\"og:image:width\" content=\"855\" \/>\n\t<meta property=\"og:image:height\" content=\"1290\" \/>\n<meta name=\"twitter:card\" content=\"summary_large_image\" \/>\n<script type=\"application\/ld+json\" class=\"yoast-schema-graph\">{\"@context\":\"https:\/\/schema.org\",\"@graph\":[{\"@type\":\"WebSite\",\"@id\":\"https:\/\/torebunia.pl\/sklep\/#website\",\"url\":\"https:\/\/torebunia.pl\/sklep\/\",\"name\":\"Moje Blog\",\"description\":\"Kolejna witryna WordPress\",\"potentialAction\":[{\"@type\":\"SearchAction\",\"target\":\"https:\/\/torebunia.pl\/sklep\/?s={search_term_string}\",\"query-input\":\"required name=search_term_string\"}],\"inLanguage\":\"pl-PL\"},{\"@type\":\"ImageObject\",\"@id\":\"https:\/\/torebunia.pl\/sklep\/produkt\/armani-exchange-bezrekawnik-2\/#primaryimage\",\"inLanguage\":\"pl-PL\",\"url\":\"https:\/\/torebunia.pl\/sklep\/wp-content\/uploads\/2021\/01\/8d100fed1df8be9c9047427bd64e45c3e4159b7a.jpg\",\"width\":855,\"height\":1290,\"caption\":\"Armani Exchange - Bezr\\u0119kawnik\"},{\"@type\":\"WebPage\",\"@id\":\"https:\/\/torebunia.pl\/sklep\/produkt\/armani-exchange-bezrekawnik-2\/#webpage\",\"url\":\"https:\/\/torebunia.pl\/sklep\/produkt\/armani-exchange-bezrekawnik-2\/\",\"name\":\"Armani Exchange - Bezr\\u0119kawnik\",\"isPartOf\":{\"@id\":\"https:\/\/torebunia.pl\/sklep\/#website\"},\"primaryImageOfPage\":{\"@id\":\"https:\/\/torebunia.pl\/sklep\/produkt\/armani-exchange-bezrekawnik-2\/#primaryimage\"},\"datePublished\":\"2020-04-01T19:39:23+00:00\",\"dateModified\":\"2021-01-27T15:49:29+00:00\",\"inLanguage\":\"pl-PL\",\"potentialAction\":[{\"@type\":\"ReadAction\",\"target\":[\"https:\/\/torebunia.pl\/sklep\/produkt\/armani-exchange-bezrekawnik-2\/\"]}]}]}<\/script>\n<!-- \/ Yoast SEO plugin. -->","_links":{"self":[{"href":"https:\/\/torebunia.pl\/sklep\/wp-json\/wp\/v2\/product\/20434","targetHints":{"allow":["GET"]}}],"collection":[{"href":"https:\/\/torebunia.pl\/sklep\/wp-json\/wp\/v2\/product"}],"about":[{"href":"https:\/\/torebunia.pl\/sklep\/wp-json\/wp\/v2\/types\/product"}],"replies":[{"embeddable":true,"href":"https:\/\/torebunia.pl\/sklep\/wp-json\/wp\/v2\/comments?post=20434"}],"wp:featuredmedia":[{"embeddable":true,"href":"https:\/\/torebunia.pl\/sklep\/wp-json\/wp\/v2\/media\/20435"}],"wp:attachment":[{"href":"https:\/\/torebunia.pl\/sklep\/wp-json\/wp\/v2\/media?parent=20434"}],"curies":[{"name":"wp","href":"https:\/\/api.w.org\/{rel}","templated":true}]}}