{"id":19528,"date":"2020-07-05T00:41:00","date_gmt":"2020-07-05T00:41:00","guid":{"rendered":"https:\/\/torebunia.pl\/sklep\/produkt\/bomboogie-kurtka-puchowa-14\/"},"modified":"2021-01-27T15:16:35","modified_gmt":"2021-01-27T15:16:35","slug":"bomboogie-kurtka-puchowa-14","status":"publish","type":"product","link":"https:\/\/torebunia.pl\/sklep\/produkt\/bomboogie-kurtka-puchowa-14\/","title":{"rendered":"Bomboogie &#8211; Kurtka puchowa"},"content":{"rendered":"<p>Parametry produktu:<\/p>\n<ul>\n<li>cena: <strong>1819.0 PLN<\/strong><\/li>\n<li>marka: <strong>Bomboogie<\/strong><\/li>\n<li>p\u0142e\u0107: <strong>Female<\/strong><\/li>\n<li>kategoria: <strong>ONA \/ Odzie\u017c \/ Kurtki i p\u0142aszcze \/ Kurtki d\u0142ugie<\/strong><\/li>\n<li>kolor: <strong>czarny<\/strong><\/li>\n<\/ul>\n<p>Opis:<br \/>\nKurtka puchowa z kolekcji Bomboogie. Ocieplony model wykonany z g\u0142adkiego materia\u0142u. &#8211; Ocieplony model na podszewce. &#8211; Wype\u0142nienie z naturalnego puchu i pierza. &#8211; Obszerny model. &#8211; Zapinane kieszenie. &#8211; Model z kapturem. &#8211; Podwy\u017cszony ko\u0142nierz. &#8211; Zapi\u0119cie na suwak. &#8211; Pikowanie. &#8211; Szeroko\u015b\u0107 pod pachami: 62 cm. &#8211; D\u0142ugo\u015b\u0107 r\u0119kawa(mierzona od ko\u0142nierza): 72 cm. &#8211; D\u0142ugo\u015b\u0107: 107 cm. &#8211; Wymiary podane dla rozmiaru: S. Podszewka: z podszewk\u0105 Kaptur: z kapturem Fason: oversize Ocieplenie: ocieplane Ocieplenie: puchowe Sk\u0142ad: Podszewka: 100 % Nylon, Wype\u0142nienie: 10 % Pierze, 90 % Puch, Materia\u0142 zasadniczy: 65 % Poliester z recyklingu, 35 % Poliester ID produktu: -100-KUD017 Kod producenta: CW5980TMNQ<\/p>\n","protected":false},"excerpt":{"rendered":"<p>Parametry produktu: cena: 1819.0 PLN marka: Bomboogie p\u0142e\u0107: Female kategoria: ONA \/ Odzie\u017c \/ Kurtki i p\u0142aszcze \/ Kurtki d\u0142ugie kolor: czarny Opis: Kurtka puchowa z kolekcji Bomboogie. Ocieplony model<\/p>\n","protected":false},"featured_media":19529,"comment_status":"closed","ping_status":"open","template":"","meta":[],"class_list":{"0":"post-19528","1":"product","2":"type-product","3":"status-publish","5":"hentry","6":"product_cat-kurtki-dlugie","7":"product_cat-kurtki-i-plaszcze","8":"product_cat-odziez","9":"product_cat-ona","10":"product_tag-bomboogie","11":"product_tag-bomboogie-kurtka-puchowa"},"yoast_head":"<!-- This site is optimized with the Yoast SEO plugin v15.6.2 - https:\/\/yoast.com\/wordpress\/plugins\/seo\/ -->\n<title>Bomboogie - Kurtka puchowa<\/title>\n<meta name=\"robots\" content=\"index, follow, max-snippet:-1, max-image-preview:large, max-video-preview:-1\" \/>\n<link rel=\"canonical\" href=\"https:\/\/torebunia.pl\/sklep\/produkt\/bomboogie-kurtka-puchowa-14\/\" \/>\n<meta property=\"og:locale\" content=\"pl_PL\" \/>\n<meta property=\"og:type\" content=\"article\" \/>\n<meta property=\"og:title\" content=\"Bomboogie - Kurtka puchowa\" \/>\n<meta property=\"og:description\" content=\"Parametry produktu: cena: 1819.0 PLN marka: Bomboogie p\u0142e\u0107: Female kategoria: ONA \/ Odzie\u017c \/ Kurtki i p\u0142aszcze \/ Kurtki d\u0142ugie kolor: czarny Opis: Kurtka puchowa z kolekcji Bomboogie. Ocieplony model\" \/>\n<meta property=\"og:url\" content=\"https:\/\/torebunia.pl\/sklep\/produkt\/bomboogie-kurtka-puchowa-14\/\" \/>\n<meta property=\"og:site_name\" content=\"Moje Blog\" \/>\n<meta property=\"article:modified_time\" content=\"2021-01-27T15:16:35+00:00\" \/>\n<meta property=\"og:image\" content=\"https:\/\/torebunia.pl\/sklep\/wp-content\/uploads\/2021\/01\/187222ef38855aa11abf49e5bd1f5dec3c4f0e60-2.jpg\" \/>\n\t<meta property=\"og:image:width\" content=\"855\" \/>\n\t<meta property=\"og:image:height\" content=\"1290\" \/>\n<meta name=\"twitter:card\" content=\"summary_large_image\" \/>\n<meta name=\"twitter:label1\" content=\"Est. reading time\">\n\t<meta name=\"twitter:data1\" content=\"1 minuta\">\n<script type=\"application\/ld+json\" class=\"yoast-schema-graph\">{\"@context\":\"https:\/\/schema.org\",\"@graph\":[{\"@type\":\"WebSite\",\"@id\":\"https:\/\/torebunia.pl\/sklep\/#website\",\"url\":\"https:\/\/torebunia.pl\/sklep\/\",\"name\":\"Moje Blog\",\"description\":\"Kolejna witryna WordPress\",\"potentialAction\":[{\"@type\":\"SearchAction\",\"target\":\"https:\/\/torebunia.pl\/sklep\/?s={search_term_string}\",\"query-input\":\"required name=search_term_string\"}],\"inLanguage\":\"pl-PL\"},{\"@type\":\"ImageObject\",\"@id\":\"https:\/\/torebunia.pl\/sklep\/produkt\/bomboogie-kurtka-puchowa-14\/#primaryimage\",\"inLanguage\":\"pl-PL\",\"url\":\"https:\/\/torebunia.pl\/sklep\/wp-content\/uploads\/2021\/01\/187222ef38855aa11abf49e5bd1f5dec3c4f0e60-2.jpg\",\"width\":855,\"height\":1290,\"caption\":\"Bomboogie - Kurtka puchowa\"},{\"@type\":\"WebPage\",\"@id\":\"https:\/\/torebunia.pl\/sklep\/produkt\/bomboogie-kurtka-puchowa-14\/#webpage\",\"url\":\"https:\/\/torebunia.pl\/sklep\/produkt\/bomboogie-kurtka-puchowa-14\/\",\"name\":\"Bomboogie - Kurtka puchowa\",\"isPartOf\":{\"@id\":\"https:\/\/torebunia.pl\/sklep\/#website\"},\"primaryImageOfPage\":{\"@id\":\"https:\/\/torebunia.pl\/sklep\/produkt\/bomboogie-kurtka-puchowa-14\/#primaryimage\"},\"datePublished\":\"2020-07-05T00:41:00+00:00\",\"dateModified\":\"2021-01-27T15:16:35+00:00\",\"inLanguage\":\"pl-PL\",\"potentialAction\":[{\"@type\":\"ReadAction\",\"target\":[\"https:\/\/torebunia.pl\/sklep\/produkt\/bomboogie-kurtka-puchowa-14\/\"]}]}]}<\/script>\n<!-- \/ Yoast SEO plugin. -->","_links":{"self":[{"href":"https:\/\/torebunia.pl\/sklep\/wp-json\/wp\/v2\/product\/19528","targetHints":{"allow":["GET"]}}],"collection":[{"href":"https:\/\/torebunia.pl\/sklep\/wp-json\/wp\/v2\/product"}],"about":[{"href":"https:\/\/torebunia.pl\/sklep\/wp-json\/wp\/v2\/types\/product"}],"replies":[{"embeddable":true,"href":"https:\/\/torebunia.pl\/sklep\/wp-json\/wp\/v2\/comments?post=19528"}],"wp:featuredmedia":[{"embeddable":true,"href":"https:\/\/torebunia.pl\/sklep\/wp-json\/wp\/v2\/media\/19529"}],"wp:attachment":[{"href":"https:\/\/torebunia.pl\/sklep\/wp-json\/wp\/v2\/media?parent=19528"}],"curies":[{"name":"wp","href":"https:\/\/api.w.org\/{rel}","templated":true}]}}