{"id":19504,"date":"2020-06-16T20:47:50","date_gmt":"2020-06-16T20:47:50","guid":{"rendered":"https:\/\/torebunia.pl\/sklep\/produkt\/vero-moda-szorty-2\/"},"modified":"2021-01-27T15:15:53","modified_gmt":"2021-01-27T15:15:53","slug":"vero-moda-szorty-2","status":"publish","type":"product","link":"https:\/\/torebunia.pl\/sklep\/produkt\/vero-moda-szorty-2\/","title":{"rendered":"Vero Moda &#8211; Szorty"},"content":{"rendered":"<p>Parametry produktu:<\/p>\n<ul>\n<li>cena: <strong>119.9 PLN<\/strong><\/li>\n<li>marka: <strong>Vero Moda<\/strong><\/li>\n<li>p\u0142e\u0107: <strong>Female<\/strong><\/li>\n<li>kategoria: <strong>ONA \/ Odzie\u017c \/ Szorty<\/strong><\/li>\n<li>kolor: <strong>bia\u0142y<\/strong><\/li>\n<\/ul>\n<p>Opis:<br \/>\nSzorty z kolekcji Vero Moda. Model wykonany z wzorzystego materia\u0142u. &#8211; Model z wi\u0105zaniem. &#8211; Lu\u017any model. &#8211; Wsuwane kieszenie. &#8211; Podwy\u017cszony stan. &#8211; Cienka, elastyczna tkanina. Wz\u00f3r: wzorzyste Materia\u0142: tkanina Materia\u0142: bawe\u0142na Okazje: casual Talia: high Sk\u0142ad: 100 % Bawe\u0142na ID produktu: 4901-SZD00I Kod producenta: 10225747<\/p>\n","protected":false},"excerpt":{"rendered":"<p>Parametry produktu: cena: 119.9 PLN marka: Vero Moda p\u0142e\u0107: Female kategoria: ONA \/ Odzie\u017c \/ Szorty kolor: bia\u0142y Opis: Szorty z kolekcji Vero Moda. Model wykonany z wzorzystego materia\u0142u. &#8211;<\/p>\n","protected":false},"featured_media":19505,"comment_status":"closed","ping_status":"open","template":"","meta":[],"class_list":{"0":"post-19504","1":"product","2":"type-product","3":"status-publish","5":"hentry","6":"product_cat-odziez","7":"product_cat-ona","8":"product_cat-szorty","9":"product_tag-vero-moda","10":"product_tag-vero-moda-szorty"},"yoast_head":"<!-- This site is optimized with the Yoast SEO plugin v15.6.2 - https:\/\/yoast.com\/wordpress\/plugins\/seo\/ -->\n<title>Vero Moda - Szorty<\/title>\n<meta name=\"robots\" content=\"index, follow, max-snippet:-1, max-image-preview:large, max-video-preview:-1\" \/>\n<link rel=\"canonical\" href=\"https:\/\/torebunia.pl\/sklep\/produkt\/vero-moda-szorty-2\/\" \/>\n<meta property=\"og:locale\" content=\"pl_PL\" \/>\n<meta property=\"og:type\" content=\"article\" \/>\n<meta property=\"og:title\" content=\"Vero Moda - Szorty\" \/>\n<meta property=\"og:description\" content=\"Parametry produktu: cena: 119.9 PLN marka: Vero Moda p\u0142e\u0107: Female kategoria: ONA \/ Odzie\u017c \/ Szorty kolor: bia\u0142y Opis: Szorty z kolekcji Vero Moda. Model wykonany z wzorzystego materia\u0142u. &#8211;\" \/>\n<meta property=\"og:url\" content=\"https:\/\/torebunia.pl\/sklep\/produkt\/vero-moda-szorty-2\/\" \/>\n<meta property=\"og:site_name\" content=\"Moje Blog\" \/>\n<meta property=\"article:modified_time\" content=\"2021-01-27T15:15:53+00:00\" \/>\n<meta property=\"og:image\" content=\"https:\/\/torebunia.pl\/sklep\/wp-content\/uploads\/2021\/01\/349e59909cd1510c420a902fa07ce55a9b77872b.jpg\" \/>\n\t<meta property=\"og:image:width\" content=\"855\" \/>\n\t<meta property=\"og:image:height\" content=\"1290\" \/>\n<meta name=\"twitter:card\" content=\"summary_large_image\" \/>\n<script type=\"application\/ld+json\" class=\"yoast-schema-graph\">{\"@context\":\"https:\/\/schema.org\",\"@graph\":[{\"@type\":\"WebSite\",\"@id\":\"https:\/\/torebunia.pl\/sklep\/#website\",\"url\":\"https:\/\/torebunia.pl\/sklep\/\",\"name\":\"Moje Blog\",\"description\":\"Kolejna witryna WordPress\",\"potentialAction\":[{\"@type\":\"SearchAction\",\"target\":\"https:\/\/torebunia.pl\/sklep\/?s={search_term_string}\",\"query-input\":\"required name=search_term_string\"}],\"inLanguage\":\"pl-PL\"},{\"@type\":\"ImageObject\",\"@id\":\"https:\/\/torebunia.pl\/sklep\/produkt\/vero-moda-szorty-2\/#primaryimage\",\"inLanguage\":\"pl-PL\",\"url\":\"https:\/\/torebunia.pl\/sklep\/wp-content\/uploads\/2021\/01\/349e59909cd1510c420a902fa07ce55a9b77872b.jpg\",\"width\":855,\"height\":1290,\"caption\":\"Vero Moda - Szorty\"},{\"@type\":\"WebPage\",\"@id\":\"https:\/\/torebunia.pl\/sklep\/produkt\/vero-moda-szorty-2\/#webpage\",\"url\":\"https:\/\/torebunia.pl\/sklep\/produkt\/vero-moda-szorty-2\/\",\"name\":\"Vero Moda - Szorty\",\"isPartOf\":{\"@id\":\"https:\/\/torebunia.pl\/sklep\/#website\"},\"primaryImageOfPage\":{\"@id\":\"https:\/\/torebunia.pl\/sklep\/produkt\/vero-moda-szorty-2\/#primaryimage\"},\"datePublished\":\"2020-06-16T20:47:50+00:00\",\"dateModified\":\"2021-01-27T15:15:53+00:00\",\"inLanguage\":\"pl-PL\",\"potentialAction\":[{\"@type\":\"ReadAction\",\"target\":[\"https:\/\/torebunia.pl\/sklep\/produkt\/vero-moda-szorty-2\/\"]}]}]}<\/script>\n<!-- \/ Yoast SEO plugin. -->","_links":{"self":[{"href":"https:\/\/torebunia.pl\/sklep\/wp-json\/wp\/v2\/product\/19504","targetHints":{"allow":["GET"]}}],"collection":[{"href":"https:\/\/torebunia.pl\/sklep\/wp-json\/wp\/v2\/product"}],"about":[{"href":"https:\/\/torebunia.pl\/sklep\/wp-json\/wp\/v2\/types\/product"}],"replies":[{"embeddable":true,"href":"https:\/\/torebunia.pl\/sklep\/wp-json\/wp\/v2\/comments?post=19504"}],"wp:featuredmedia":[{"embeddable":true,"href":"https:\/\/torebunia.pl\/sklep\/wp-json\/wp\/v2\/media\/19505"}],"wp:attachment":[{"href":"https:\/\/torebunia.pl\/sklep\/wp-json\/wp\/v2\/media?parent=19504"}],"curies":[{"name":"wp","href":"https:\/\/api.w.org\/{rel}","templated":true}]}}