{"id":19478,"date":"2021-01-06T04:43:30","date_gmt":"2021-01-06T04:43:30","guid":{"rendered":"https:\/\/torebunia.pl\/sklep\/produkt\/answear-czolenka-gogo\/"},"modified":"2021-01-27T15:15:07","modified_gmt":"2021-01-27T15:15:07","slug":"answear-czolenka-gogo","status":"publish","type":"product","link":"https:\/\/torebunia.pl\/sklep\/produkt\/answear-czolenka-gogo\/","title":{"rendered":"Answear &#8211; Cz\u00f3\u0142enka Gogo"},"content":{"rendered":"<p>Parametry produktu:<\/p>\n<ul>\n<li>cena: <strong>99.9 PLN<\/strong><\/li>\n<li>marka: <strong>ANSWEAR<\/strong><\/li>\n<li>p\u0142e\u0107: <strong>Female<\/strong><\/li>\n<li>kategoria: <strong>ONA \/ Obuwie \/ Szpilki \/ Cz\u00f3\u0142enka<\/strong><\/li>\n<li>kolor: <strong>czarny<\/strong><\/li>\n<\/ul>\n<p>Opis:<br \/>\nCz\u00f3\u0142enka z kolekcji Answear. Model wykonany ze sk\u00f3ry ekologicznej. &#8211; Spiczasty, usztywniony nosek. &#8211; Komfortowa wk\u0142adka. &#8211; Model na stabilnym obcasie. &#8211; D\u0142ugo\u015b\u0107 wk\u0142adki wynosi: 24 cm. &#8211; Wymiary podane dla rozmiaru: 37. Obcas: s\u0142upek Materia\u0142: imitacja sk\u00f3ry licowej Nosek: szpic Wysoko\u015b\u0107 obcasa: do 5 cm Wyr\u00f3\u017cnienie: odkryta pi\u0119ta Sk\u0142ad: Cholewka: Materia\u0142 syntetyczny, Wn\u0119trze: Materia\u0142 syntetyczny, Podeszwa: Materia\u0142 syntetyczny ID produktu: -100-OBD0K2 Kod producenta: M232.BB<\/p>\n","protected":false},"excerpt":{"rendered":"<p>Parametry produktu: cena: 99.9 PLN marka: ANSWEAR p\u0142e\u0107: Female kategoria: ONA \/ Obuwie \/ Szpilki \/ Cz\u00f3\u0142enka kolor: czarny Opis: Cz\u00f3\u0142enka z kolekcji Answear. Model wykonany ze sk\u00f3ry ekologicznej. &#8211;<\/p>\n","protected":false},"featured_media":19479,"comment_status":"closed","ping_status":"open","template":"","meta":[],"class_list":{"0":"post-19478","1":"product","2":"type-product","3":"status-publish","5":"hentry","6":"product_cat-czolenka","7":"product_cat-obuwie","8":"product_cat-ona","9":"product_cat-szpilki","10":"product_tag-answear","11":"product_tag-answear-czolenka-gogo"},"yoast_head":"<!-- This site is optimized with the Yoast SEO plugin v15.6.2 - https:\/\/yoast.com\/wordpress\/plugins\/seo\/ -->\n<title>Answear - Cz\u00f3\u0142enka Gogo<\/title>\n<meta name=\"robots\" content=\"index, follow, max-snippet:-1, max-image-preview:large, max-video-preview:-1\" \/>\n<link rel=\"canonical\" href=\"https:\/\/torebunia.pl\/sklep\/produkt\/answear-czolenka-gogo\/\" \/>\n<meta property=\"og:locale\" content=\"pl_PL\" \/>\n<meta property=\"og:type\" content=\"article\" \/>\n<meta property=\"og:title\" content=\"Answear - Cz\u00f3\u0142enka Gogo\" \/>\n<meta property=\"og:description\" content=\"Parametry produktu: cena: 99.9 PLN marka: ANSWEAR p\u0142e\u0107: Female kategoria: ONA \/ Obuwie \/ Szpilki \/ Cz\u00f3\u0142enka kolor: czarny Opis: Cz\u00f3\u0142enka z kolekcji Answear. Model wykonany ze sk\u00f3ry ekologicznej. &#8211;\" \/>\n<meta property=\"og:url\" content=\"https:\/\/torebunia.pl\/sklep\/produkt\/answear-czolenka-gogo\/\" \/>\n<meta property=\"og:site_name\" content=\"Moje Blog\" \/>\n<meta property=\"article:modified_time\" content=\"2021-01-27T15:15:07+00:00\" \/>\n<meta property=\"og:image\" content=\"https:\/\/torebunia.pl\/sklep\/wp-content\/uploads\/2021\/01\/d1c69ce97db3e8b2ea0415e522aa5a4749b12a80.jpg\" \/>\n\t<meta property=\"og:image:width\" content=\"855\" \/>\n\t<meta property=\"og:image:height\" content=\"1290\" \/>\n<meta name=\"twitter:card\" content=\"summary_large_image\" \/>\n<script type=\"application\/ld+json\" class=\"yoast-schema-graph\">{\"@context\":\"https:\/\/schema.org\",\"@graph\":[{\"@type\":\"WebSite\",\"@id\":\"https:\/\/torebunia.pl\/sklep\/#website\",\"url\":\"https:\/\/torebunia.pl\/sklep\/\",\"name\":\"Moje Blog\",\"description\":\"Kolejna witryna WordPress\",\"potentialAction\":[{\"@type\":\"SearchAction\",\"target\":\"https:\/\/torebunia.pl\/sklep\/?s={search_term_string}\",\"query-input\":\"required name=search_term_string\"}],\"inLanguage\":\"pl-PL\"},{\"@type\":\"ImageObject\",\"@id\":\"https:\/\/torebunia.pl\/sklep\/produkt\/answear-czolenka-gogo\/#primaryimage\",\"inLanguage\":\"pl-PL\",\"url\":\"https:\/\/torebunia.pl\/sklep\/wp-content\/uploads\/2021\/01\/d1c69ce97db3e8b2ea0415e522aa5a4749b12a80.jpg\",\"width\":855,\"height\":1290,\"caption\":\"Answear - Cz\\u00f3\\u0142enka Gogo\"},{\"@type\":\"WebPage\",\"@id\":\"https:\/\/torebunia.pl\/sklep\/produkt\/answear-czolenka-gogo\/#webpage\",\"url\":\"https:\/\/torebunia.pl\/sklep\/produkt\/answear-czolenka-gogo\/\",\"name\":\"Answear - Cz\\u00f3\\u0142enka Gogo\",\"isPartOf\":{\"@id\":\"https:\/\/torebunia.pl\/sklep\/#website\"},\"primaryImageOfPage\":{\"@id\":\"https:\/\/torebunia.pl\/sklep\/produkt\/answear-czolenka-gogo\/#primaryimage\"},\"datePublished\":\"2021-01-06T04:43:30+00:00\",\"dateModified\":\"2021-01-27T15:15:07+00:00\",\"inLanguage\":\"pl-PL\",\"potentialAction\":[{\"@type\":\"ReadAction\",\"target\":[\"https:\/\/torebunia.pl\/sklep\/produkt\/answear-czolenka-gogo\/\"]}]}]}<\/script>\n<!-- \/ Yoast SEO plugin. -->","_links":{"self":[{"href":"https:\/\/torebunia.pl\/sklep\/wp-json\/wp\/v2\/product\/19478","targetHints":{"allow":["GET"]}}],"collection":[{"href":"https:\/\/torebunia.pl\/sklep\/wp-json\/wp\/v2\/product"}],"about":[{"href":"https:\/\/torebunia.pl\/sklep\/wp-json\/wp\/v2\/types\/product"}],"replies":[{"embeddable":true,"href":"https:\/\/torebunia.pl\/sklep\/wp-json\/wp\/v2\/comments?post=19478"}],"wp:featuredmedia":[{"embeddable":true,"href":"https:\/\/torebunia.pl\/sklep\/wp-json\/wp\/v2\/media\/19479"}],"wp:attachment":[{"href":"https:\/\/torebunia.pl\/sklep\/wp-json\/wp\/v2\/media?parent=19478"}],"curies":[{"name":"wp","href":"https:\/\/api.w.org\/{rel}","templated":true}]}}