{"id":19454,"date":"2020-04-16T15:22:43","date_gmt":"2020-04-16T15:22:43","guid":{"rendered":"https:\/\/torebunia.pl\/sklep\/produkt\/medicine-spodnica-manifesto\/"},"modified":"2021-01-27T15:14:25","modified_gmt":"2021-01-27T15:14:25","slug":"medicine-spodnica-manifesto","status":"publish","type":"product","link":"https:\/\/torebunia.pl\/sklep\/produkt\/medicine-spodnica-manifesto\/","title":{"rendered":"Medicine &#8211; Sp\u00f3dnica Manifesto"},"content":{"rendered":"<p>Parametry produktu:<\/p>\n<ul>\n<li>cena: <strong>119.9 PLN<\/strong><\/li>\n<li>marka: <strong>MEDICINE<\/strong><\/li>\n<li>p\u0142e\u0107: <strong>Female<\/strong><\/li>\n<li>kategoria: <strong>ONA \/ Odzie\u017c \/ Sp\u00f3dnice<\/strong><\/li>\n<li>kolor: <strong>multikolor<\/strong><\/li>\n<\/ul>\n<p>Opis:<br \/>\nSp\u00f3dnica z kolekcji Medicine. Model o o\u0142\u00f3wkowym kroju, wykonany z wzorzystej dzianiny. &#8211; O\u0142\u00f3wkowy fason. &#8211; Podwy\u017cszony stan. &#8211; Zapi\u0119cie na suwak. &#8211; Wzorzysta dzianina. &#8211; Model na podszewce. &#8211; Szeroko\u015b\u0107 w pasie: 33,5 cm. &#8211; D\u0142ugo\u015b\u0107: 44 cm. &#8211; Wymiary podane dla rozmiaru: S. Wz\u00f3r: wzorzyste Materia\u0142: dzianina D\u0142ugo\u015b\u0107: mini Wz\u00f3r: krata Fason: o\u0142\u00f3wkowy Sk\u0142ad: Materia\u0142 zasadniczy: 5 % Elastan, 95 % Poliester ID produktu: 6910-SDD400 Kod producenta: RW19.SDD400<\/p>\n","protected":false},"excerpt":{"rendered":"<p>Parametry produktu: cena: 119.9 PLN marka: MEDICINE p\u0142e\u0107: Female kategoria: ONA \/ Odzie\u017c \/ Sp\u00f3dnice kolor: multikolor Opis: Sp\u00f3dnica z kolekcji Medicine. Model o o\u0142\u00f3wkowym kroju, wykonany z wzorzystej dzianiny.<\/p>\n","protected":false},"featured_media":19455,"comment_status":"closed","ping_status":"open","template":"","meta":[],"class_list":{"0":"post-19454","1":"product","2":"type-product","3":"status-publish","5":"hentry","6":"product_cat-odziez","7":"product_cat-ona","8":"product_cat-spodnice","9":"product_tag-medicine","10":"product_tag-medicine-spodnica-manifesto"},"yoast_head":"<!-- This site is optimized with the Yoast SEO plugin v15.6.2 - https:\/\/yoast.com\/wordpress\/plugins\/seo\/ -->\n<title>Medicine - Sp\u00f3dnica Manifesto<\/title>\n<meta name=\"robots\" content=\"index, follow, max-snippet:-1, max-image-preview:large, max-video-preview:-1\" \/>\n<link rel=\"canonical\" href=\"https:\/\/torebunia.pl\/sklep\/produkt\/medicine-spodnica-manifesto\/\" \/>\n<meta property=\"og:locale\" content=\"pl_PL\" \/>\n<meta property=\"og:type\" content=\"article\" \/>\n<meta property=\"og:title\" content=\"Medicine - Sp\u00f3dnica Manifesto\" \/>\n<meta property=\"og:description\" content=\"Parametry produktu: cena: 119.9 PLN marka: MEDICINE p\u0142e\u0107: Female kategoria: ONA \/ Odzie\u017c \/ Sp\u00f3dnice kolor: multikolor Opis: Sp\u00f3dnica z kolekcji Medicine. Model o o\u0142\u00f3wkowym kroju, wykonany z wzorzystej dzianiny.\" \/>\n<meta property=\"og:url\" content=\"https:\/\/torebunia.pl\/sklep\/produkt\/medicine-spodnica-manifesto\/\" \/>\n<meta property=\"og:site_name\" content=\"Moje Blog\" \/>\n<meta property=\"article:modified_time\" content=\"2021-01-27T15:14:25+00:00\" \/>\n<meta property=\"og:image\" content=\"https:\/\/torebunia.pl\/sklep\/wp-content\/uploads\/2021\/01\/a94de34e58d6105cc502eb9924ef96f8574766fe.jpg\" \/>\n\t<meta property=\"og:image:width\" content=\"855\" \/>\n\t<meta property=\"og:image:height\" content=\"1290\" \/>\n<meta name=\"twitter:card\" content=\"summary_large_image\" \/>\n<script type=\"application\/ld+json\" class=\"yoast-schema-graph\">{\"@context\":\"https:\/\/schema.org\",\"@graph\":[{\"@type\":\"WebSite\",\"@id\":\"https:\/\/torebunia.pl\/sklep\/#website\",\"url\":\"https:\/\/torebunia.pl\/sklep\/\",\"name\":\"Moje Blog\",\"description\":\"Kolejna witryna WordPress\",\"potentialAction\":[{\"@type\":\"SearchAction\",\"target\":\"https:\/\/torebunia.pl\/sklep\/?s={search_term_string}\",\"query-input\":\"required name=search_term_string\"}],\"inLanguage\":\"pl-PL\"},{\"@type\":\"ImageObject\",\"@id\":\"https:\/\/torebunia.pl\/sklep\/produkt\/medicine-spodnica-manifesto\/#primaryimage\",\"inLanguage\":\"pl-PL\",\"url\":\"https:\/\/torebunia.pl\/sklep\/wp-content\/uploads\/2021\/01\/a94de34e58d6105cc502eb9924ef96f8574766fe.jpg\",\"width\":855,\"height\":1290,\"caption\":\"Medicine - Sp\\u00f3dnica Manifesto\"},{\"@type\":\"WebPage\",\"@id\":\"https:\/\/torebunia.pl\/sklep\/produkt\/medicine-spodnica-manifesto\/#webpage\",\"url\":\"https:\/\/torebunia.pl\/sklep\/produkt\/medicine-spodnica-manifesto\/\",\"name\":\"Medicine - Sp\\u00f3dnica Manifesto\",\"isPartOf\":{\"@id\":\"https:\/\/torebunia.pl\/sklep\/#website\"},\"primaryImageOfPage\":{\"@id\":\"https:\/\/torebunia.pl\/sklep\/produkt\/medicine-spodnica-manifesto\/#primaryimage\"},\"datePublished\":\"2020-04-16T15:22:43+00:00\",\"dateModified\":\"2021-01-27T15:14:25+00:00\",\"inLanguage\":\"pl-PL\",\"potentialAction\":[{\"@type\":\"ReadAction\",\"target\":[\"https:\/\/torebunia.pl\/sklep\/produkt\/medicine-spodnica-manifesto\/\"]}]}]}<\/script>\n<!-- \/ Yoast SEO plugin. -->","_links":{"self":[{"href":"https:\/\/torebunia.pl\/sklep\/wp-json\/wp\/v2\/product\/19454","targetHints":{"allow":["GET"]}}],"collection":[{"href":"https:\/\/torebunia.pl\/sklep\/wp-json\/wp\/v2\/product"}],"about":[{"href":"https:\/\/torebunia.pl\/sklep\/wp-json\/wp\/v2\/types\/product"}],"replies":[{"embeddable":true,"href":"https:\/\/torebunia.pl\/sklep\/wp-json\/wp\/v2\/comments?post=19454"}],"wp:featuredmedia":[{"embeddable":true,"href":"https:\/\/torebunia.pl\/sklep\/wp-json\/wp\/v2\/media\/19455"}],"wp:attachment":[{"href":"https:\/\/torebunia.pl\/sklep\/wp-json\/wp\/v2\/media?parent=19454"}],"curies":[{"name":"wp","href":"https:\/\/api.w.org\/{rel}","templated":true}]}}