{"id":19096,"date":"2020-12-20T18:36:59","date_gmt":"2020-12-20T18:36:59","guid":{"rendered":"https:\/\/torebunia.pl\/sklep\/produkt\/answear-sandaly-ideal-shoes-6\/"},"modified":"2021-01-27T15:03:42","modified_gmt":"2021-01-27T15:03:42","slug":"answear-sandaly-ideal-shoes-6","status":"publish","type":"product","link":"https:\/\/torebunia.pl\/sklep\/produkt\/answear-sandaly-ideal-shoes-6\/","title":{"rendered":"Answear &#8211; Sanda\u0142y Ideal Shoes"},"content":{"rendered":"<p>Parametry produktu:<\/p>\n<ul>\n<li>cena: <strong>99.9 PLN<\/strong><\/li>\n<li>marka: <strong>ANSWEAR<\/strong><\/li>\n<li>p\u0142e\u0107: <strong>Female<\/strong><\/li>\n<li>kategoria: <strong>ONA \/ Obuwie \/ Szpilki \/ Sanda\u0142y na obcasie<\/strong><\/li>\n<li>kolor: <strong>mi\u0119towy<\/strong><\/li>\n<\/ul>\n<p>Opis:<br \/>\nSanda\u0142y z kolekcji Answear. Model wykonany z po\u0142\u0105czenia sk\u00f3ry ekologicznej i materia\u0142u tekstylnego. &#8211; Zapi\u0119cie na klamr\u0119 ze szpilk\u0105. &#8211; G\u0142adki materia\u0142. &#8211; Gumowa podeszwa. &#8211; Tekstylne wn\u0119trze. &#8211; Model na obcasie typu s\u0142upek. &#8211; Wysoko\u015b\u0107 obcasa: 7 cm. &#8211; D\u0142ugo\u015b\u0107 wk\u0142adki wynosi: 23 cm. &#8211; Wymiary podane dla rozmiaru: 37. Materia\u0142: tekstylny Materia\u0142: syntetyczny Obcas: s\u0142upek Materia\u0142: imitacja sk\u00f3ry licowej Wysoko\u015b\u0107 obcasa: 5-8 cm Sk\u0142ad: Cholewka: Materia\u0142 syntetyczny, Materia\u0142 tekstylny, Wn\u0119trze: Materia\u0142 syntetyczny, Podeszwa: Materia\u0142 syntetyczny ID produktu: -100-OBD06S Kod producenta: 3430A.F<\/p>\n","protected":false},"excerpt":{"rendered":"<p>Parametry produktu: cena: 99.9 PLN marka: ANSWEAR p\u0142e\u0107: Female kategoria: ONA \/ Obuwie \/ Szpilki \/ Sanda\u0142y na obcasie kolor: mi\u0119towy Opis: Sanda\u0142y z kolekcji Answear. Model wykonany z po\u0142\u0105czenia<\/p>\n","protected":false},"featured_media":19097,"comment_status":"closed","ping_status":"open","template":"","meta":[],"class_list":{"0":"post-19096","1":"product","2":"type-product","3":"status-publish","5":"hentry","6":"product_cat-obuwie","7":"product_cat-ona","8":"product_cat-sandaly-na-obcasie","9":"product_cat-szpilki","10":"product_tag-answear","11":"product_tag-answear-sandaly-ideal-shoes"},"yoast_head":"<!-- This site is optimized with the Yoast SEO plugin v15.6.2 - https:\/\/yoast.com\/wordpress\/plugins\/seo\/ -->\n<title>Answear - Sanda\u0142y Ideal Shoes<\/title>\n<meta name=\"robots\" content=\"index, follow, max-snippet:-1, max-image-preview:large, max-video-preview:-1\" \/>\n<link rel=\"canonical\" href=\"https:\/\/torebunia.pl\/sklep\/produkt\/answear-sandaly-ideal-shoes-6\/\" \/>\n<meta property=\"og:locale\" content=\"pl_PL\" \/>\n<meta property=\"og:type\" content=\"article\" \/>\n<meta property=\"og:title\" content=\"Answear - Sanda\u0142y Ideal Shoes\" \/>\n<meta property=\"og:description\" content=\"Parametry produktu: cena: 99.9 PLN marka: ANSWEAR p\u0142e\u0107: Female kategoria: ONA \/ Obuwie \/ Szpilki \/ Sanda\u0142y na obcasie kolor: mi\u0119towy Opis: Sanda\u0142y z kolekcji Answear. Model wykonany z po\u0142\u0105czenia\" \/>\n<meta property=\"og:url\" content=\"https:\/\/torebunia.pl\/sklep\/produkt\/answear-sandaly-ideal-shoes-6\/\" \/>\n<meta property=\"og:site_name\" content=\"Moje Blog\" \/>\n<meta property=\"article:modified_time\" content=\"2021-01-27T15:03:42+00:00\" \/>\n<meta property=\"og:image\" content=\"https:\/\/torebunia.pl\/sklep\/wp-content\/uploads\/2021\/01\/f1986a95c4bf15b25eb2e4db77b697c3c84e9030-1.jpg\" \/>\n\t<meta property=\"og:image:width\" content=\"855\" \/>\n\t<meta property=\"og:image:height\" content=\"1290\" \/>\n<meta name=\"twitter:card\" content=\"summary_large_image\" \/>\n<meta name=\"twitter:label1\" content=\"Est. reading time\">\n\t<meta name=\"twitter:data1\" content=\"1 minuta\">\n<script type=\"application\/ld+json\" class=\"yoast-schema-graph\">{\"@context\":\"https:\/\/schema.org\",\"@graph\":[{\"@type\":\"WebSite\",\"@id\":\"https:\/\/torebunia.pl\/sklep\/#website\",\"url\":\"https:\/\/torebunia.pl\/sklep\/\",\"name\":\"Moje Blog\",\"description\":\"Kolejna witryna WordPress\",\"potentialAction\":[{\"@type\":\"SearchAction\",\"target\":\"https:\/\/torebunia.pl\/sklep\/?s={search_term_string}\",\"query-input\":\"required name=search_term_string\"}],\"inLanguage\":\"pl-PL\"},{\"@type\":\"ImageObject\",\"@id\":\"https:\/\/torebunia.pl\/sklep\/produkt\/answear-sandaly-ideal-shoes-6\/#primaryimage\",\"inLanguage\":\"pl-PL\",\"url\":\"https:\/\/torebunia.pl\/sklep\/wp-content\/uploads\/2021\/01\/f1986a95c4bf15b25eb2e4db77b697c3c84e9030-1.jpg\",\"width\":855,\"height\":1290,\"caption\":\"Answear - Sanda\\u0142y Ideal Shoes\"},{\"@type\":\"WebPage\",\"@id\":\"https:\/\/torebunia.pl\/sklep\/produkt\/answear-sandaly-ideal-shoes-6\/#webpage\",\"url\":\"https:\/\/torebunia.pl\/sklep\/produkt\/answear-sandaly-ideal-shoes-6\/\",\"name\":\"Answear - Sanda\\u0142y Ideal Shoes\",\"isPartOf\":{\"@id\":\"https:\/\/torebunia.pl\/sklep\/#website\"},\"primaryImageOfPage\":{\"@id\":\"https:\/\/torebunia.pl\/sklep\/produkt\/answear-sandaly-ideal-shoes-6\/#primaryimage\"},\"datePublished\":\"2020-12-20T18:36:59+00:00\",\"dateModified\":\"2021-01-27T15:03:42+00:00\",\"inLanguage\":\"pl-PL\",\"potentialAction\":[{\"@type\":\"ReadAction\",\"target\":[\"https:\/\/torebunia.pl\/sklep\/produkt\/answear-sandaly-ideal-shoes-6\/\"]}]}]}<\/script>\n<!-- \/ Yoast SEO plugin. -->","_links":{"self":[{"href":"https:\/\/torebunia.pl\/sklep\/wp-json\/wp\/v2\/product\/19096","targetHints":{"allow":["GET"]}}],"collection":[{"href":"https:\/\/torebunia.pl\/sklep\/wp-json\/wp\/v2\/product"}],"about":[{"href":"https:\/\/torebunia.pl\/sklep\/wp-json\/wp\/v2\/types\/product"}],"replies":[{"embeddable":true,"href":"https:\/\/torebunia.pl\/sklep\/wp-json\/wp\/v2\/comments?post=19096"}],"wp:featuredmedia":[{"embeddable":true,"href":"https:\/\/torebunia.pl\/sklep\/wp-json\/wp\/v2\/media\/19097"}],"wp:attachment":[{"href":"https:\/\/torebunia.pl\/sklep\/wp-json\/wp\/v2\/media?parent=19096"}],"curies":[{"name":"wp","href":"https:\/\/api.w.org\/{rel}","templated":true}]}}