{"id":18036,"date":"2020-09-21T04:19:49","date_gmt":"2020-09-21T04:19:49","guid":{"rendered":"https:\/\/torebunia.pl\/sklep\/produkt\/etam-koszulka-nocna-karma\/"},"modified":"2021-01-27T14:31:43","modified_gmt":"2021-01-27T14:31:43","slug":"etam-koszulka-nocna-karma","status":"publish","type":"product","link":"https:\/\/torebunia.pl\/sklep\/produkt\/etam-koszulka-nocna-karma\/","title":{"rendered":"Etam &#8211; Koszulka nocna Karma"},"content":{"rendered":"<p>Parametry produktu:<\/p>\n<ul>\n<li>cena: <strong>129.9 PLN<\/strong><\/li>\n<li>marka: <strong>Etam<\/strong><\/li>\n<li>p\u0142e\u0107: <strong>Female<\/strong><\/li>\n<li>kategoria: <strong>ONA \/ Odzie\u017c \/ Bielizna \/ Pi\u017camy<\/strong><\/li>\n<li>kolor: <strong>czarny<\/strong><\/li>\n<\/ul>\n<p>Opis:<br \/>\nKoszula nocna z kolekcji Etam. Model wykonany z g\u0142adkiej tkaniny. &#8211; Prosty fason. &#8211; Spiczasty dekolt. &#8211; Cienki materia\u0142. &#8211; Koronkowe wstawki. Wz\u00f3r: g\u0142adkie Materia\u0142: satyna Materia\u0142: tkanina Rodzaj: koszulka nocna Sk\u0142ad: Materia\u0142 zasadniczy: 100 % Poliester, Wstawki: 15 % Elastan, 85 % Poliamid ID produktu: 4901-BID124 Kod producenta: 651553405<\/p>\n","protected":false},"excerpt":{"rendered":"<p>Parametry produktu: cena: 129.9 PLN marka: Etam p\u0142e\u0107: Female kategoria: ONA \/ Odzie\u017c \/ Bielizna \/ Pi\u017camy kolor: czarny Opis: Koszula nocna z kolekcji Etam. Model wykonany z g\u0142adkiej tkaniny.<\/p>\n","protected":false},"featured_media":18037,"comment_status":"closed","ping_status":"open","template":"","meta":[],"class_list":{"0":"post-18036","1":"product","2":"type-product","3":"status-publish","5":"hentry","6":"product_cat-bielizna","7":"product_cat-odziez","8":"product_cat-ona","9":"product_cat-pizamy","10":"product_tag-etam","11":"product_tag-etam-koszulka-nocna-karma"},"yoast_head":"<!-- This site is optimized with the Yoast SEO plugin v15.6.2 - https:\/\/yoast.com\/wordpress\/plugins\/seo\/ -->\n<title>Etam - Koszulka nocna Karma<\/title>\n<meta name=\"robots\" content=\"index, follow, max-snippet:-1, max-image-preview:large, max-video-preview:-1\" \/>\n<link rel=\"canonical\" href=\"https:\/\/torebunia.pl\/sklep\/produkt\/etam-koszulka-nocna-karma\/\" \/>\n<meta property=\"og:locale\" content=\"pl_PL\" \/>\n<meta property=\"og:type\" content=\"article\" \/>\n<meta property=\"og:title\" content=\"Etam - Koszulka nocna Karma\" \/>\n<meta property=\"og:description\" content=\"Parametry produktu: cena: 129.9 PLN marka: Etam p\u0142e\u0107: Female kategoria: ONA \/ Odzie\u017c \/ Bielizna \/ Pi\u017camy kolor: czarny Opis: Koszula nocna z kolekcji Etam. Model wykonany z g\u0142adkiej tkaniny.\" \/>\n<meta property=\"og:url\" content=\"https:\/\/torebunia.pl\/sklep\/produkt\/etam-koszulka-nocna-karma\/\" \/>\n<meta property=\"og:site_name\" content=\"Moje Blog\" \/>\n<meta property=\"article:modified_time\" content=\"2021-01-27T14:31:43+00:00\" \/>\n<meta property=\"og:image\" content=\"https:\/\/torebunia.pl\/sklep\/wp-content\/uploads\/2021\/01\/a38e3d7c20d9563f5b97d3d35fa3792aa5a4101b.jpg\" \/>\n\t<meta property=\"og:image:width\" content=\"855\" \/>\n\t<meta property=\"og:image:height\" content=\"1290\" \/>\n<meta name=\"twitter:card\" content=\"summary_large_image\" \/>\n<script type=\"application\/ld+json\" class=\"yoast-schema-graph\">{\"@context\":\"https:\/\/schema.org\",\"@graph\":[{\"@type\":\"WebSite\",\"@id\":\"https:\/\/torebunia.pl\/sklep\/#website\",\"url\":\"https:\/\/torebunia.pl\/sklep\/\",\"name\":\"Moje Blog\",\"description\":\"Kolejna witryna WordPress\",\"potentialAction\":[{\"@type\":\"SearchAction\",\"target\":\"https:\/\/torebunia.pl\/sklep\/?s={search_term_string}\",\"query-input\":\"required name=search_term_string\"}],\"inLanguage\":\"pl-PL\"},{\"@type\":\"ImageObject\",\"@id\":\"https:\/\/torebunia.pl\/sklep\/produkt\/etam-koszulka-nocna-karma\/#primaryimage\",\"inLanguage\":\"pl-PL\",\"url\":\"https:\/\/torebunia.pl\/sklep\/wp-content\/uploads\/2021\/01\/a38e3d7c20d9563f5b97d3d35fa3792aa5a4101b.jpg\",\"width\":855,\"height\":1290,\"caption\":\"Etam - Koszulka nocna Karma\"},{\"@type\":\"WebPage\",\"@id\":\"https:\/\/torebunia.pl\/sklep\/produkt\/etam-koszulka-nocna-karma\/#webpage\",\"url\":\"https:\/\/torebunia.pl\/sklep\/produkt\/etam-koszulka-nocna-karma\/\",\"name\":\"Etam - Koszulka nocna Karma\",\"isPartOf\":{\"@id\":\"https:\/\/torebunia.pl\/sklep\/#website\"},\"primaryImageOfPage\":{\"@id\":\"https:\/\/torebunia.pl\/sklep\/produkt\/etam-koszulka-nocna-karma\/#primaryimage\"},\"datePublished\":\"2020-09-21T04:19:49+00:00\",\"dateModified\":\"2021-01-27T14:31:43+00:00\",\"inLanguage\":\"pl-PL\",\"potentialAction\":[{\"@type\":\"ReadAction\",\"target\":[\"https:\/\/torebunia.pl\/sklep\/produkt\/etam-koszulka-nocna-karma\/\"]}]}]}<\/script>\n<!-- \/ Yoast SEO plugin. -->","_links":{"self":[{"href":"https:\/\/torebunia.pl\/sklep\/wp-json\/wp\/v2\/product\/18036","targetHints":{"allow":["GET"]}}],"collection":[{"href":"https:\/\/torebunia.pl\/sklep\/wp-json\/wp\/v2\/product"}],"about":[{"href":"https:\/\/torebunia.pl\/sklep\/wp-json\/wp\/v2\/types\/product"}],"replies":[{"embeddable":true,"href":"https:\/\/torebunia.pl\/sklep\/wp-json\/wp\/v2\/comments?post=18036"}],"wp:featuredmedia":[{"embeddable":true,"href":"https:\/\/torebunia.pl\/sklep\/wp-json\/wp\/v2\/media\/18037"}],"wp:attachment":[{"href":"https:\/\/torebunia.pl\/sklep\/wp-json\/wp\/v2\/media?parent=18036"}],"curies":[{"name":"wp","href":"https:\/\/api.w.org\/{rel}","templated":true}]}}