{"id":17690,"date":"2020-12-28T00:08:49","date_gmt":"2020-12-28T00:08:49","guid":{"rendered":"https:\/\/torebunia.pl\/sklep\/produkt\/eastpak-plecak-x-rubiks-padded-pakr\/"},"modified":"2021-01-27T14:22:28","modified_gmt":"2021-01-27T14:22:28","slug":"eastpak-plecak-x-rubiks-padded-pakr","status":"publish","type":"product","link":"https:\/\/torebunia.pl\/sklep\/produkt\/eastpak-plecak-x-rubiks-padded-pakr\/","title":{"rendered":"Eastpak &#8211; Plecak X Rubik&#8217;s Padded Pak&#8217;r"},"content":{"rendered":"<p>Parametry produktu:<\/p>\n<ul>\n<li>cena: <strong>199.9 PLN<\/strong><\/li>\n<li>marka: <strong>Eastpak<\/strong><\/li>\n<li>p\u0142e\u0107: <strong>Female<\/strong><\/li>\n<li>kategoria: <strong>ONA \/ Akcesoria \/ Plecaki \/ ON<\/strong><\/li>\n<li>kolor: <strong>multikolor<\/strong><\/li>\n<\/ul>\n<p>Opis:<br \/>\nPlecak z kolekcji Eastpak. Model wykonany z wzorzystego materia\u0142u. &#8211; Jednokomorowy model. &#8211; Uchwyt do r\u0119ki. &#8211; Kiesze\u0144 z przodu. &#8211; Zapi\u0119cie na suwak. &#8211; Mie\u015bci format A4. &#8211; G\u0142\u0119boko\u015b\u0107: 15 cm. &#8211; Wysoko\u015b\u0107: 47 cm. &#8211; Szeroko\u015b\u0107 u podstawy: 35 cm. Wz\u00f3r: wzorzyste Materia\u0142: tekstylny Wielko\u015b\u0107: mie\u015bci A4 Sk\u0142ad: 100 % Poliester ID produktu: 4900-PKU02F Kod producenta: EK000620D841<\/p>\n","protected":false},"excerpt":{"rendered":"<p>Parametry produktu: cena: 199.9 PLN marka: Eastpak p\u0142e\u0107: Female kategoria: ONA \/ Akcesoria \/ Plecaki \/ ON kolor: multikolor Opis: Plecak z kolekcji Eastpak. Model wykonany z wzorzystego materia\u0142u. &#8211;<\/p>\n","protected":false},"featured_media":17691,"comment_status":"closed","ping_status":"open","template":"","meta":[],"class_list":{"0":"post-17690","1":"product","2":"type-product","3":"status-publish","5":"hentry","6":"product_cat-akcesoria","7":"product_cat-on","8":"product_cat-ona","9":"product_cat-plecaki","10":"product_tag-eastpak","11":"product_tag-eastpak-plecak-x-rubiks-padded-pakr"},"yoast_head":"<!-- This site is optimized with the Yoast SEO plugin v15.6.2 - https:\/\/yoast.com\/wordpress\/plugins\/seo\/ -->\n<title>Eastpak - Plecak X Rubik&#039;s Padded Pak&#039;r<\/title>\n<meta name=\"robots\" content=\"index, follow, max-snippet:-1, max-image-preview:large, max-video-preview:-1\" \/>\n<link rel=\"canonical\" href=\"https:\/\/torebunia.pl\/sklep\/produkt\/eastpak-plecak-x-rubiks-padded-pakr\/\" \/>\n<meta property=\"og:locale\" content=\"pl_PL\" \/>\n<meta property=\"og:type\" content=\"article\" \/>\n<meta property=\"og:title\" content=\"Eastpak - Plecak X Rubik&#039;s Padded Pak&#039;r\" \/>\n<meta property=\"og:description\" content=\"Parametry produktu: cena: 199.9 PLN marka: Eastpak p\u0142e\u0107: Female kategoria: ONA \/ Akcesoria \/ Plecaki \/ ON kolor: multikolor Opis: Plecak z kolekcji Eastpak. Model wykonany z wzorzystego materia\u0142u. &#8211;\" \/>\n<meta property=\"og:url\" content=\"https:\/\/torebunia.pl\/sklep\/produkt\/eastpak-plecak-x-rubiks-padded-pakr\/\" \/>\n<meta property=\"og:site_name\" content=\"Moje Blog\" \/>\n<meta property=\"article:modified_time\" content=\"2021-01-27T14:22:28+00:00\" \/>\n<meta property=\"og:image\" content=\"https:\/\/torebunia.pl\/sklep\/wp-content\/uploads\/2021\/01\/99ced32244a737f773f0ed5b6d771694393fb30f.jpg\" \/>\n\t<meta property=\"og:image:width\" content=\"855\" \/>\n\t<meta property=\"og:image:height\" content=\"1290\" \/>\n<meta name=\"twitter:card\" content=\"summary_large_image\" \/>\n<script type=\"application\/ld+json\" class=\"yoast-schema-graph\">{\"@context\":\"https:\/\/schema.org\",\"@graph\":[{\"@type\":\"WebSite\",\"@id\":\"https:\/\/torebunia.pl\/sklep\/#website\",\"url\":\"https:\/\/torebunia.pl\/sklep\/\",\"name\":\"Moje Blog\",\"description\":\"Kolejna witryna WordPress\",\"potentialAction\":[{\"@type\":\"SearchAction\",\"target\":\"https:\/\/torebunia.pl\/sklep\/?s={search_term_string}\",\"query-input\":\"required name=search_term_string\"}],\"inLanguage\":\"pl-PL\"},{\"@type\":\"ImageObject\",\"@id\":\"https:\/\/torebunia.pl\/sklep\/produkt\/eastpak-plecak-x-rubiks-padded-pakr\/#primaryimage\",\"inLanguage\":\"pl-PL\",\"url\":\"https:\/\/torebunia.pl\/sklep\/wp-content\/uploads\/2021\/01\/99ced32244a737f773f0ed5b6d771694393fb30f.jpg\",\"width\":855,\"height\":1290,\"caption\":\"Eastpak - Plecak X Rubik's Padded Pak'r\"},{\"@type\":\"WebPage\",\"@id\":\"https:\/\/torebunia.pl\/sklep\/produkt\/eastpak-plecak-x-rubiks-padded-pakr\/#webpage\",\"url\":\"https:\/\/torebunia.pl\/sklep\/produkt\/eastpak-plecak-x-rubiks-padded-pakr\/\",\"name\":\"Eastpak - Plecak X Rubik's Padded Pak'r\",\"isPartOf\":{\"@id\":\"https:\/\/torebunia.pl\/sklep\/#website\"},\"primaryImageOfPage\":{\"@id\":\"https:\/\/torebunia.pl\/sklep\/produkt\/eastpak-plecak-x-rubiks-padded-pakr\/#primaryimage\"},\"datePublished\":\"2020-12-28T00:08:49+00:00\",\"dateModified\":\"2021-01-27T14:22:28+00:00\",\"inLanguage\":\"pl-PL\",\"potentialAction\":[{\"@type\":\"ReadAction\",\"target\":[\"https:\/\/torebunia.pl\/sklep\/produkt\/eastpak-plecak-x-rubiks-padded-pakr\/\"]}]}]}<\/script>\n<!-- \/ Yoast SEO plugin. -->","_links":{"self":[{"href":"https:\/\/torebunia.pl\/sklep\/wp-json\/wp\/v2\/product\/17690","targetHints":{"allow":["GET"]}}],"collection":[{"href":"https:\/\/torebunia.pl\/sklep\/wp-json\/wp\/v2\/product"}],"about":[{"href":"https:\/\/torebunia.pl\/sklep\/wp-json\/wp\/v2\/types\/product"}],"replies":[{"embeddable":true,"href":"https:\/\/torebunia.pl\/sklep\/wp-json\/wp\/v2\/comments?post=17690"}],"wp:featuredmedia":[{"embeddable":true,"href":"https:\/\/torebunia.pl\/sklep\/wp-json\/wp\/v2\/media\/17691"}],"wp:attachment":[{"href":"https:\/\/torebunia.pl\/sklep\/wp-json\/wp\/v2\/media?parent=17690"}],"curies":[{"name":"wp","href":"https:\/\/api.w.org\/{rel}","templated":true}]}}