{"id":17564,"date":"2020-06-03T08:47:39","date_gmt":"2020-06-03T08:47:39","guid":{"rendered":"https:\/\/torebunia.pl\/sklep\/produkt\/trussardi-jeans-torebka-12\/"},"modified":"2021-01-27T14:18:53","modified_gmt":"2021-01-27T14:18:53","slug":"trussardi-jeans-torebka-12","status":"publish","type":"product","link":"https:\/\/torebunia.pl\/sklep\/produkt\/trussardi-jeans-torebka-12\/","title":{"rendered":"Trussardi Jeans &#8211; Torebka"},"content":{"rendered":"<p>Parametry produktu:<\/p>\n<ul>\n<li>cena: <strong>469.9 PLN<\/strong><\/li>\n<li>marka: <strong>Trussardi Jeans<\/strong><\/li>\n<li>p\u0142e\u0107: <strong>Female<\/strong><\/li>\n<li>kategoria: <strong>ONA \/ Akcesoria \/ Torebki \/ Shopper i tote<\/strong><\/li>\n<li>kolor: <strong>czarny<\/strong><\/li>\n<\/ul>\n<p>Opis:<br \/>\n\u015aredniej wielko\u015bci torebka z kolekcji Trussardi Jeans. zapinany wykonany ze sk\u00f3ry ekologicznej. Uwaga: oryginalna rozmiar\u00f3wka produkt\u00f3w tej marki jest rozmiar\u00f3wk\u0105 w\u0142osk\u0105. Informujemy, \u017ce rozmiary na metkach mog\u0105 r\u00f3\u017cni\u0107 si\u0119 od zamawianych ze wzgl\u0119du na zastosowany przelicznik. &#8211; Torebka do noszenia w r\u0119ku lub na ramieniu. &#8211; Kr\u00f3tkie uchwyty. &#8211; Nie mie\u015bci formatu A4. &#8211; Zapi\u0119cie na suwak. &#8211; Dopinany d\u0142u\u017cszy pasek z regulacj\u0105. &#8211; G\u0142\u0119boko\u015b\u0107: 14 cm. &#8211; Wysoko\u015b\u0107: 26 cm. &#8211; Szeroko\u015b\u0107 u podstawy: 32 cm. &#8211; D\u0142ugo\u015b\u0107 uchwyt\u00f3w: 37 cm. Wz\u00f3r: g\u0142adkie Wielko\u015b\u0107: nie mie\u015bci A4 Materia\u0142: imitacja sk\u00f3ry licowej Pasek: odpinany pasek Sk\u0142ad: Materia\u0142 zasadniczy: 100 % Poliester, Wyko\u0144czenie: 100 % Poliuretan ID produktu: 4900-TOD145 Kod producenta: 75B01032.9Y099999<\/p>\n","protected":false},"excerpt":{"rendered":"<p>Parametry produktu: cena: 469.9 PLN marka: Trussardi Jeans p\u0142e\u0107: Female kategoria: ONA \/ Akcesoria \/ Torebki \/ Shopper i tote kolor: czarny Opis: \u015aredniej wielko\u015bci torebka z kolekcji Trussardi Jeans.<\/p>\n","protected":false},"featured_media":17565,"comment_status":"closed","ping_status":"open","template":"","meta":[],"class_list":{"0":"post-17564","1":"product","2":"type-product","3":"status-publish","5":"hentry","6":"product_cat-akcesoria","7":"product_cat-ona","8":"product_cat-shopper-i-tote","9":"product_cat-torebki","10":"product_tag-trussardi-jeans","11":"product_tag-trussardi-jeans-torebka"},"yoast_head":"<!-- This site is optimized with the Yoast SEO plugin v15.6.2 - https:\/\/yoast.com\/wordpress\/plugins\/seo\/ -->\n<title>Trussardi Jeans - Torebka<\/title>\n<meta name=\"robots\" content=\"index, follow, max-snippet:-1, max-image-preview:large, max-video-preview:-1\" \/>\n<link rel=\"canonical\" href=\"https:\/\/torebunia.pl\/sklep\/produkt\/trussardi-jeans-torebka-12\/\" \/>\n<meta property=\"og:locale\" content=\"pl_PL\" \/>\n<meta property=\"og:type\" content=\"article\" \/>\n<meta property=\"og:title\" content=\"Trussardi Jeans - Torebka\" \/>\n<meta property=\"og:description\" content=\"Parametry produktu: cena: 469.9 PLN marka: Trussardi Jeans p\u0142e\u0107: Female kategoria: ONA \/ Akcesoria \/ Torebki \/ Shopper i tote kolor: czarny Opis: \u015aredniej wielko\u015bci torebka z kolekcji Trussardi Jeans.\" \/>\n<meta property=\"og:url\" content=\"https:\/\/torebunia.pl\/sklep\/produkt\/trussardi-jeans-torebka-12\/\" \/>\n<meta property=\"og:site_name\" content=\"Moje Blog\" \/>\n<meta property=\"article:modified_time\" content=\"2021-01-27T14:18:53+00:00\" \/>\n<meta property=\"og:image\" content=\"https:\/\/torebunia.pl\/sklep\/wp-content\/uploads\/2021\/01\/ab8cf36ac39123b894a0a6ddc121d0ecf80a2941.jpg\" \/>\n\t<meta property=\"og:image:width\" content=\"855\" \/>\n\t<meta property=\"og:image:height\" content=\"1290\" \/>\n<meta name=\"twitter:card\" content=\"summary_large_image\" \/>\n<meta name=\"twitter:label1\" content=\"Est. reading time\">\n\t<meta name=\"twitter:data1\" content=\"1 minuta\">\n<script type=\"application\/ld+json\" class=\"yoast-schema-graph\">{\"@context\":\"https:\/\/schema.org\",\"@graph\":[{\"@type\":\"WebSite\",\"@id\":\"https:\/\/torebunia.pl\/sklep\/#website\",\"url\":\"https:\/\/torebunia.pl\/sklep\/\",\"name\":\"Moje Blog\",\"description\":\"Kolejna witryna WordPress\",\"potentialAction\":[{\"@type\":\"SearchAction\",\"target\":\"https:\/\/torebunia.pl\/sklep\/?s={search_term_string}\",\"query-input\":\"required name=search_term_string\"}],\"inLanguage\":\"pl-PL\"},{\"@type\":\"ImageObject\",\"@id\":\"https:\/\/torebunia.pl\/sklep\/produkt\/trussardi-jeans-torebka-12\/#primaryimage\",\"inLanguage\":\"pl-PL\",\"url\":\"https:\/\/torebunia.pl\/sklep\/wp-content\/uploads\/2021\/01\/ab8cf36ac39123b894a0a6ddc121d0ecf80a2941.jpg\",\"width\":855,\"height\":1290,\"caption\":\"Trussardi Jeans - Torebka\"},{\"@type\":\"WebPage\",\"@id\":\"https:\/\/torebunia.pl\/sklep\/produkt\/trussardi-jeans-torebka-12\/#webpage\",\"url\":\"https:\/\/torebunia.pl\/sklep\/produkt\/trussardi-jeans-torebka-12\/\",\"name\":\"Trussardi Jeans - Torebka\",\"isPartOf\":{\"@id\":\"https:\/\/torebunia.pl\/sklep\/#website\"},\"primaryImageOfPage\":{\"@id\":\"https:\/\/torebunia.pl\/sklep\/produkt\/trussardi-jeans-torebka-12\/#primaryimage\"},\"datePublished\":\"2020-06-03T08:47:39+00:00\",\"dateModified\":\"2021-01-27T14:18:53+00:00\",\"inLanguage\":\"pl-PL\",\"potentialAction\":[{\"@type\":\"ReadAction\",\"target\":[\"https:\/\/torebunia.pl\/sklep\/produkt\/trussardi-jeans-torebka-12\/\"]}]}]}<\/script>\n<!-- \/ Yoast SEO plugin. -->","_links":{"self":[{"href":"https:\/\/torebunia.pl\/sklep\/wp-json\/wp\/v2\/product\/17564","targetHints":{"allow":["GET"]}}],"collection":[{"href":"https:\/\/torebunia.pl\/sklep\/wp-json\/wp\/v2\/product"}],"about":[{"href":"https:\/\/torebunia.pl\/sklep\/wp-json\/wp\/v2\/types\/product"}],"replies":[{"embeddable":true,"href":"https:\/\/torebunia.pl\/sklep\/wp-json\/wp\/v2\/comments?post=17564"}],"wp:featuredmedia":[{"embeddable":true,"href":"https:\/\/torebunia.pl\/sklep\/wp-json\/wp\/v2\/media\/17565"}],"wp:attachment":[{"href":"https:\/\/torebunia.pl\/sklep\/wp-json\/wp\/v2\/media?parent=17564"}],"curies":[{"name":"wp","href":"https:\/\/api.w.org\/{rel}","templated":true}]}}