{"id":16560,"date":"2021-01-09T00:12:48","date_gmt":"2021-01-09T00:12:48","guid":{"rendered":"https:\/\/torebunia.pl\/sklep\/produkt\/killtec-snowboard-31153\/"},"modified":"2021-01-27T12:57:23","modified_gmt":"2021-01-27T12:57:23","slug":"killtec-snowboard-31153","status":"publish","type":"product","link":"https:\/\/torebunia.pl\/sklep\/produkt\/killtec-snowboard-31153\/","title":{"rendered":"Killtec &#8211; Snowboard 31153"},"content":{"rendered":"<p>Parametry produktu:<\/p>\n<ul>\n<li>cena: <strong>549.9 PLN<\/strong><\/li>\n<li>marka: <strong>Killtec<\/strong><\/li>\n<li>p\u0142e\u0107: <strong>Female<\/strong><\/li>\n<li>kategoria: <strong>ONA \/ Odzie\u017c \/ Spodnie i legginsy \/ Techniczne<\/strong><\/li>\n<li>kolor: <strong>czerwony<\/strong><\/li>\n<\/ul>\n<p>Opis:<br \/>\nSpodnie z kolekcji Killtec. Model wykonany z g\u0142adkiej tkaniny. &#8211; Model wodoodporny. &#8211; Softshell to materia\u0142 nowej generacji o w\u0142a\u015bciwo\u015bciach ocieplaj\u0105cych i z wysoce wytrzyma\u0142ym na uszkodzenia pokryciem. Jest lekki, elastyczny, dobrze oddycha, a tak\u017ce chroni przed wiatrem. &#8211; Prosty fason. &#8211; Zapinane kieszenie. &#8211; Suwaki u do\u0142u nogawek. &#8211; Dolna cz\u0119\u015b\u0107 nogawki z podgumowanym \u015bci\u0105gaczem. &#8211; Szeroko\u015b\u0107 w pasie: 34 cm. &#8211; Oddychalno\u015b\u0107: 3000g\/m2\/24 h. &#8211; Szeroko\u015b\u0107 w biodrach: 49 cm. &#8211; Wysoko\u015b\u0107 stanu: 25 cm. &#8211; Szeroko\u015b\u0107 nogawki na dole: 24 cm. &#8211; Szeroko\u015b\u0107 nogawki: 30 cm. &#8211; D\u0142ugo\u015b\u0107: 100,5 cm. Wz\u00f3r: g\u0142adkie Materia\u0142: tkanina Sk\u0142ad: Podszewka: 100 % Poliester, Materia\u0142 zasadniczy: 6 % Elastan, 94 % Poliester ID produktu: 4920-SPD08A Kod producenta: 31153<\/p>\n","protected":false},"excerpt":{"rendered":"<p>Parametry produktu: cena: 549.9 PLN marka: Killtec p\u0142e\u0107: Female kategoria: ONA \/ Odzie\u017c \/ Spodnie i legginsy \/ Techniczne kolor: czerwony Opis: Spodnie z kolekcji Killtec. Model wykonany z g\u0142adkiej<\/p>\n","protected":false},"featured_media":16561,"comment_status":"closed","ping_status":"open","template":"","meta":[],"class_list":{"0":"post-16560","1":"product","2":"type-product","3":"status-publish","5":"hentry","6":"product_cat-odziez","7":"product_cat-ona","8":"product_cat-spodnie-i-legginsy","9":"product_cat-techniczne","10":"product_tag-killtec","11":"product_tag-killtec-snowboard-31153"},"yoast_head":"<!-- This site is optimized with the Yoast SEO plugin v15.6.2 - https:\/\/yoast.com\/wordpress\/plugins\/seo\/ -->\n<title>Killtec - Snowboard 31153<\/title>\n<meta name=\"robots\" content=\"index, follow, max-snippet:-1, max-image-preview:large, max-video-preview:-1\" \/>\n<link rel=\"canonical\" href=\"https:\/\/torebunia.pl\/sklep\/produkt\/killtec-snowboard-31153\/\" \/>\n<meta property=\"og:locale\" content=\"pl_PL\" \/>\n<meta property=\"og:type\" content=\"article\" \/>\n<meta property=\"og:title\" content=\"Killtec - Snowboard 31153\" \/>\n<meta property=\"og:description\" content=\"Parametry produktu: cena: 549.9 PLN marka: Killtec p\u0142e\u0107: Female kategoria: ONA \/ Odzie\u017c \/ Spodnie i legginsy \/ Techniczne kolor: czerwony Opis: Spodnie z kolekcji Killtec. Model wykonany z g\u0142adkiej\" \/>\n<meta property=\"og:url\" content=\"https:\/\/torebunia.pl\/sklep\/produkt\/killtec-snowboard-31153\/\" \/>\n<meta property=\"og:site_name\" content=\"Moje Blog\" \/>\n<meta property=\"article:modified_time\" content=\"2021-01-27T12:57:23+00:00\" \/>\n<meta property=\"og:image\" content=\"https:\/\/torebunia.pl\/sklep\/wp-content\/uploads\/2021\/01\/bff5af53305bb8d69c02268455c0604babe73e20.jpg\" \/>\n\t<meta property=\"og:image:width\" content=\"855\" \/>\n\t<meta property=\"og:image:height\" content=\"1290\" \/>\n<meta name=\"twitter:card\" content=\"summary_large_image\" \/>\n<meta name=\"twitter:label1\" content=\"Est. reading time\">\n\t<meta name=\"twitter:data1\" content=\"1 minuta\">\n<script type=\"application\/ld+json\" class=\"yoast-schema-graph\">{\"@context\":\"https:\/\/schema.org\",\"@graph\":[{\"@type\":\"WebSite\",\"@id\":\"https:\/\/torebunia.pl\/sklep\/#website\",\"url\":\"https:\/\/torebunia.pl\/sklep\/\",\"name\":\"Moje Blog\",\"description\":\"Kolejna witryna WordPress\",\"potentialAction\":[{\"@type\":\"SearchAction\",\"target\":\"https:\/\/torebunia.pl\/sklep\/?s={search_term_string}\",\"query-input\":\"required name=search_term_string\"}],\"inLanguage\":\"pl-PL\"},{\"@type\":\"ImageObject\",\"@id\":\"https:\/\/torebunia.pl\/sklep\/produkt\/killtec-snowboard-31153\/#primaryimage\",\"inLanguage\":\"pl-PL\",\"url\":\"https:\/\/torebunia.pl\/sklep\/wp-content\/uploads\/2021\/01\/bff5af53305bb8d69c02268455c0604babe73e20.jpg\",\"width\":855,\"height\":1290,\"caption\":\"Killtec - Snowboard 31153\"},{\"@type\":\"WebPage\",\"@id\":\"https:\/\/torebunia.pl\/sklep\/produkt\/killtec-snowboard-31153\/#webpage\",\"url\":\"https:\/\/torebunia.pl\/sklep\/produkt\/killtec-snowboard-31153\/\",\"name\":\"Killtec - Snowboard 31153\",\"isPartOf\":{\"@id\":\"https:\/\/torebunia.pl\/sklep\/#website\"},\"primaryImageOfPage\":{\"@id\":\"https:\/\/torebunia.pl\/sklep\/produkt\/killtec-snowboard-31153\/#primaryimage\"},\"datePublished\":\"2021-01-09T00:12:48+00:00\",\"dateModified\":\"2021-01-27T12:57:23+00:00\",\"inLanguage\":\"pl-PL\",\"potentialAction\":[{\"@type\":\"ReadAction\",\"target\":[\"https:\/\/torebunia.pl\/sklep\/produkt\/killtec-snowboard-31153\/\"]}]}]}<\/script>\n<!-- \/ Yoast SEO plugin. -->","_links":{"self":[{"href":"https:\/\/torebunia.pl\/sklep\/wp-json\/wp\/v2\/product\/16560","targetHints":{"allow":["GET"]}}],"collection":[{"href":"https:\/\/torebunia.pl\/sklep\/wp-json\/wp\/v2\/product"}],"about":[{"href":"https:\/\/torebunia.pl\/sklep\/wp-json\/wp\/v2\/types\/product"}],"replies":[{"embeddable":true,"href":"https:\/\/torebunia.pl\/sklep\/wp-json\/wp\/v2\/comments?post=16560"}],"wp:featuredmedia":[{"embeddable":true,"href":"https:\/\/torebunia.pl\/sklep\/wp-json\/wp\/v2\/media\/16561"}],"wp:attachment":[{"href":"https:\/\/torebunia.pl\/sklep\/wp-json\/wp\/v2\/media?parent=16560"}],"curies":[{"name":"wp","href":"https:\/\/api.w.org\/{rel}","templated":true}]}}