{"id":15888,"date":"2020-09-27T01:23:06","date_gmt":"2020-09-27T01:23:06","guid":{"rendered":"https:\/\/torebunia.pl\/sklep\/produkt\/furla-torebka-1927\/"},"modified":"2021-01-27T11:42:06","modified_gmt":"2021-01-27T11:42:06","slug":"furla-torebka-1927","status":"publish","type":"product","link":"https:\/\/torebunia.pl\/sklep\/produkt\/furla-torebka-1927\/","title":{"rendered":"Furla &#8211; Torebka 1927"},"content":{"rendered":"<p>Parametry produktu:<\/p>\n<ul>\n<li>cena: <strong>1279.0 PLN<\/strong><\/li>\n<li>marka: <strong>FURLA<\/strong><\/li>\n<li>p\u0142e\u0107: <strong>Female<\/strong><\/li>\n<li>kategoria: <strong>ONA \/ Akcesoria \/ Torebki \/ Crossbody i listonoszki<\/strong><\/li>\n<li>kolor: <strong>czarny<\/strong><\/li>\n<\/ul>\n<p>Opis:<br \/>\nMa\u0142a torebka z kolekcji Furla. Model zapinany wykonany z po\u0142\u0105czenia materia\u0142u tekstylnego, sk\u00f3ry ekologicznej i sk\u00f3ry naturalnej. &#8211; Kieszenie wewn\u0119trzne. &#8211; Zapinana komora. &#8211; Torebka do noszenia na ramieniu. &#8211; Nieodpinany d\u0142ugi pasek z regulacj\u0105. &#8211; Nie mie\u015bci formatu A4. &#8211; Do\u0142\u0105czony pokrowiec. &#8211; G\u0142\u0119boko\u015b\u0107: 7 cm. &#8211; Wysoko\u015b\u0107: 13 cm. &#8211; Szeroko\u015b\u0107 u podstawy: 20 cm. Wz\u00f3r: g\u0142adkie Materia\u0142: tekstylny Wielko\u015b\u0107: nie mie\u015bci A4 Materia\u0142: imitacja sk\u00f3ry licowej Materia\u0142: sk\u00f3ra licowa Sk\u0142ad: Podszewka: 100 % Poliester, Materia\u0142 zasadniczy: 40 % Poliamid, 50 % Poliuretan, 10 % Sk\u00f3ra naturalna ID produktu: 4891-TOD0R5 Kod producenta: BAFKACO.A.0055.O6000<\/p>\n","protected":false},"excerpt":{"rendered":"<p>Parametry produktu: cena: 1279.0 PLN marka: FURLA p\u0142e\u0107: Female kategoria: ONA \/ Akcesoria \/ Torebki \/ Crossbody i listonoszki kolor: czarny Opis: Ma\u0142a torebka z kolekcji Furla. Model zapinany wykonany<\/p>\n","protected":false},"featured_media":15889,"comment_status":"closed","ping_status":"open","template":"","meta":[],"class_list":{"0":"post-15888","1":"product","2":"type-product","3":"status-publish","5":"hentry","6":"product_cat-akcesoria","7":"product_cat-crossbody-i-listonoszki","8":"product_cat-ona","9":"product_cat-torebki","10":"product_tag-furla","11":"product_tag-furla-torebka-1927"},"yoast_head":"<!-- This site is optimized with the Yoast SEO plugin v15.6.2 - https:\/\/yoast.com\/wordpress\/plugins\/seo\/ -->\n<title>Furla - Torebka 1927<\/title>\n<meta name=\"robots\" content=\"index, follow, max-snippet:-1, max-image-preview:large, max-video-preview:-1\" \/>\n<link rel=\"canonical\" href=\"https:\/\/torebunia.pl\/sklep\/produkt\/furla-torebka-1927\/\" \/>\n<meta property=\"og:locale\" content=\"pl_PL\" \/>\n<meta property=\"og:type\" content=\"article\" \/>\n<meta property=\"og:title\" content=\"Furla - Torebka 1927\" \/>\n<meta property=\"og:description\" content=\"Parametry produktu: cena: 1279.0 PLN marka: FURLA p\u0142e\u0107: Female kategoria: ONA \/ Akcesoria \/ Torebki \/ Crossbody i listonoszki kolor: czarny Opis: Ma\u0142a torebka z kolekcji Furla. Model zapinany wykonany\" \/>\n<meta property=\"og:url\" content=\"https:\/\/torebunia.pl\/sklep\/produkt\/furla-torebka-1927\/\" \/>\n<meta property=\"og:site_name\" content=\"Moje Blog\" \/>\n<meta property=\"article:modified_time\" content=\"2021-01-27T11:42:06+00:00\" \/>\n<meta property=\"og:image\" content=\"https:\/\/torebunia.pl\/sklep\/wp-content\/uploads\/2021\/01\/74d40583c3b282379158495aa31ccb3ee1d4cfbb.jpg\" \/>\n\t<meta property=\"og:image:width\" content=\"855\" \/>\n\t<meta property=\"og:image:height\" content=\"1290\" \/>\n<meta name=\"twitter:card\" content=\"summary_large_image\" \/>\n<meta name=\"twitter:label1\" content=\"Est. reading time\">\n\t<meta name=\"twitter:data1\" content=\"1 minuta\">\n<script type=\"application\/ld+json\" class=\"yoast-schema-graph\">{\"@context\":\"https:\/\/schema.org\",\"@graph\":[{\"@type\":\"WebSite\",\"@id\":\"https:\/\/torebunia.pl\/sklep\/#website\",\"url\":\"https:\/\/torebunia.pl\/sklep\/\",\"name\":\"Moje Blog\",\"description\":\"Kolejna witryna WordPress\",\"potentialAction\":[{\"@type\":\"SearchAction\",\"target\":\"https:\/\/torebunia.pl\/sklep\/?s={search_term_string}\",\"query-input\":\"required name=search_term_string\"}],\"inLanguage\":\"pl-PL\"},{\"@type\":\"ImageObject\",\"@id\":\"https:\/\/torebunia.pl\/sklep\/produkt\/furla-torebka-1927\/#primaryimage\",\"inLanguage\":\"pl-PL\",\"url\":\"https:\/\/torebunia.pl\/sklep\/wp-content\/uploads\/2021\/01\/74d40583c3b282379158495aa31ccb3ee1d4cfbb.jpg\",\"width\":855,\"height\":1290,\"caption\":\"Furla - Torebka 1927\"},{\"@type\":\"WebPage\",\"@id\":\"https:\/\/torebunia.pl\/sklep\/produkt\/furla-torebka-1927\/#webpage\",\"url\":\"https:\/\/torebunia.pl\/sklep\/produkt\/furla-torebka-1927\/\",\"name\":\"Furla - Torebka 1927\",\"isPartOf\":{\"@id\":\"https:\/\/torebunia.pl\/sklep\/#website\"},\"primaryImageOfPage\":{\"@id\":\"https:\/\/torebunia.pl\/sklep\/produkt\/furla-torebka-1927\/#primaryimage\"},\"datePublished\":\"2020-09-27T01:23:06+00:00\",\"dateModified\":\"2021-01-27T11:42:06+00:00\",\"inLanguage\":\"pl-PL\",\"potentialAction\":[{\"@type\":\"ReadAction\",\"target\":[\"https:\/\/torebunia.pl\/sklep\/produkt\/furla-torebka-1927\/\"]}]}]}<\/script>\n<!-- \/ Yoast SEO plugin. -->","_links":{"self":[{"href":"https:\/\/torebunia.pl\/sklep\/wp-json\/wp\/v2\/product\/15888","targetHints":{"allow":["GET"]}}],"collection":[{"href":"https:\/\/torebunia.pl\/sklep\/wp-json\/wp\/v2\/product"}],"about":[{"href":"https:\/\/torebunia.pl\/sklep\/wp-json\/wp\/v2\/types\/product"}],"replies":[{"embeddable":true,"href":"https:\/\/torebunia.pl\/sklep\/wp-json\/wp\/v2\/comments?post=15888"}],"wp:featuredmedia":[{"embeddable":true,"href":"https:\/\/torebunia.pl\/sklep\/wp-json\/wp\/v2\/media\/15889"}],"wp:attachment":[{"href":"https:\/\/torebunia.pl\/sklep\/wp-json\/wp\/v2\/media?parent=15888"}],"curies":[{"name":"wp","href":"https:\/\/api.w.org\/{rel}","templated":true}]}}