{"id":15826,"date":"2020-07-26T19:53:58","date_gmt":"2020-07-26T19:53:58","guid":{"rendered":"https:\/\/torebunia.pl\/sklep\/produkt\/banana-moon-biustonosz-kapielowy-bluco-allchic\/"},"modified":"2021-01-27T11:28:56","modified_gmt":"2021-01-27T11:28:56","slug":"banana-moon-biustonosz-kapielowy-bluco-allchic","status":"publish","type":"product","link":"https:\/\/torebunia.pl\/sklep\/produkt\/banana-moon-biustonosz-kapielowy-bluco-allchic\/","title":{"rendered":"Banana Moon &#8211; Biustonosz k\u0105pielowy Bluco Allchic"},"content":{"rendered":"<p>Parametry produktu:<\/p>\n<ul>\n<li>cena: <strong>249.9 PLN<\/strong><\/li>\n<li>marka: <strong>Banana Moon<\/strong><\/li>\n<li>p\u0142e\u0107: <strong>Female<\/strong><\/li>\n<li>kategoria: <strong>ONA \/ Odzie\u017c \/ Stroje k\u0105pielowe \/ Dwucz\u0119\u015bciowe<\/strong><\/li>\n<li>kolor: <strong>bia\u0142y<\/strong><\/li>\n<\/ul>\n<p>Opis:<br \/>\nBiustonosz k\u0105pielowy z kolekcji Banana Moon. Model wykonany z elastycznego materia\u0142u. &#8211; Model z wi\u0105zaniem umo\u017cliwiaj\u0105cym regulacj\u0119. Rodzaj: g\u00f3ra Wz\u00f3r: aplikacja Sk\u0142ad: Podszewka: 25 % Elastan, 75 % Poliamid, Materia\u0142 zasadniczy: 28 % Elastan, 72 % Poliamid ID produktu: 4901-BID0U9 Kod producenta: BLUCO.ALLCHIC<\/p>\n","protected":false},"excerpt":{"rendered":"<p>Parametry produktu: cena: 249.9 PLN marka: Banana Moon p\u0142e\u0107: Female kategoria: ONA \/ Odzie\u017c \/ Stroje k\u0105pielowe \/ Dwucz\u0119\u015bciowe kolor: bia\u0142y Opis: Biustonosz k\u0105pielowy z kolekcji Banana Moon. Model wykonany<\/p>\n","protected":false},"featured_media":15827,"comment_status":"closed","ping_status":"open","template":"","meta":[],"class_list":{"0":"post-15826","1":"product","2":"type-product","3":"status-publish","5":"hentry","6":"product_cat-dwuczesciowe","7":"product_cat-odziez","8":"product_cat-ona","9":"product_cat-stroje-kapielowe","10":"product_tag-banana-moon","11":"product_tag-banana-moon-biustonosz-kapielowy-bluco-allchic"},"yoast_head":"<!-- This site is optimized with the Yoast SEO plugin v15.6.2 - https:\/\/yoast.com\/wordpress\/plugins\/seo\/ -->\n<title>Banana Moon - Biustonosz k\u0105pielowy Bluco Allchic<\/title>\n<meta name=\"robots\" content=\"index, follow, max-snippet:-1, max-image-preview:large, max-video-preview:-1\" \/>\n<link rel=\"canonical\" href=\"https:\/\/torebunia.pl\/sklep\/produkt\/banana-moon-biustonosz-kapielowy-bluco-allchic\/\" \/>\n<meta property=\"og:locale\" content=\"pl_PL\" \/>\n<meta property=\"og:type\" content=\"article\" \/>\n<meta property=\"og:title\" content=\"Banana Moon - Biustonosz k\u0105pielowy Bluco Allchic\" \/>\n<meta property=\"og:description\" content=\"Parametry produktu: cena: 249.9 PLN marka: Banana Moon p\u0142e\u0107: Female kategoria: ONA \/ Odzie\u017c \/ Stroje k\u0105pielowe \/ Dwucz\u0119\u015bciowe kolor: bia\u0142y Opis: Biustonosz k\u0105pielowy z kolekcji Banana Moon. Model wykonany\" \/>\n<meta property=\"og:url\" content=\"https:\/\/torebunia.pl\/sklep\/produkt\/banana-moon-biustonosz-kapielowy-bluco-allchic\/\" \/>\n<meta property=\"og:site_name\" content=\"Moje Blog\" \/>\n<meta property=\"article:modified_time\" content=\"2021-01-27T11:28:56+00:00\" \/>\n<meta property=\"og:image\" content=\"https:\/\/torebunia.pl\/sklep\/wp-content\/uploads\/2021\/01\/11e6e348e5a85293049dd9afb81445c97523b63d.jpg\" \/>\n\t<meta property=\"og:image:width\" content=\"855\" \/>\n\t<meta property=\"og:image:height\" content=\"1290\" \/>\n<meta name=\"twitter:card\" content=\"summary_large_image\" \/>\n<script type=\"application\/ld+json\" class=\"yoast-schema-graph\">{\"@context\":\"https:\/\/schema.org\",\"@graph\":[{\"@type\":\"WebSite\",\"@id\":\"https:\/\/torebunia.pl\/sklep\/#website\",\"url\":\"https:\/\/torebunia.pl\/sklep\/\",\"name\":\"Moje Blog\",\"description\":\"Kolejna witryna WordPress\",\"potentialAction\":[{\"@type\":\"SearchAction\",\"target\":\"https:\/\/torebunia.pl\/sklep\/?s={search_term_string}\",\"query-input\":\"required name=search_term_string\"}],\"inLanguage\":\"pl-PL\"},{\"@type\":\"ImageObject\",\"@id\":\"https:\/\/torebunia.pl\/sklep\/produkt\/banana-moon-biustonosz-kapielowy-bluco-allchic\/#primaryimage\",\"inLanguage\":\"pl-PL\",\"url\":\"https:\/\/torebunia.pl\/sklep\/wp-content\/uploads\/2021\/01\/11e6e348e5a85293049dd9afb81445c97523b63d.jpg\",\"width\":855,\"height\":1290,\"caption\":\"Banana Moon - Biustonosz k\\u0105pielowy Bluco Allchic\"},{\"@type\":\"WebPage\",\"@id\":\"https:\/\/torebunia.pl\/sklep\/produkt\/banana-moon-biustonosz-kapielowy-bluco-allchic\/#webpage\",\"url\":\"https:\/\/torebunia.pl\/sklep\/produkt\/banana-moon-biustonosz-kapielowy-bluco-allchic\/\",\"name\":\"Banana Moon - Biustonosz k\\u0105pielowy Bluco Allchic\",\"isPartOf\":{\"@id\":\"https:\/\/torebunia.pl\/sklep\/#website\"},\"primaryImageOfPage\":{\"@id\":\"https:\/\/torebunia.pl\/sklep\/produkt\/banana-moon-biustonosz-kapielowy-bluco-allchic\/#primaryimage\"},\"datePublished\":\"2020-07-26T19:53:58+00:00\",\"dateModified\":\"2021-01-27T11:28:56+00:00\",\"inLanguage\":\"pl-PL\",\"potentialAction\":[{\"@type\":\"ReadAction\",\"target\":[\"https:\/\/torebunia.pl\/sklep\/produkt\/banana-moon-biustonosz-kapielowy-bluco-allchic\/\"]}]}]}<\/script>\n<!-- \/ Yoast SEO plugin. -->","_links":{"self":[{"href":"https:\/\/torebunia.pl\/sklep\/wp-json\/wp\/v2\/product\/15826","targetHints":{"allow":["GET"]}}],"collection":[{"href":"https:\/\/torebunia.pl\/sklep\/wp-json\/wp\/v2\/product"}],"about":[{"href":"https:\/\/torebunia.pl\/sklep\/wp-json\/wp\/v2\/types\/product"}],"replies":[{"embeddable":true,"href":"https:\/\/torebunia.pl\/sklep\/wp-json\/wp\/v2\/comments?post=15826"}],"wp:featuredmedia":[{"embeddable":true,"href":"https:\/\/torebunia.pl\/sklep\/wp-json\/wp\/v2\/media\/15827"}],"wp:attachment":[{"href":"https:\/\/torebunia.pl\/sklep\/wp-json\/wp\/v2\/media?parent=15826"}],"curies":[{"name":"wp","href":"https:\/\/api.w.org\/{rel}","templated":true}]}}