{"id":1531,"date":"2021-01-19T18:51:54","date_gmt":"2021-01-19T18:51:54","guid":{"rendered":"https:\/\/torebunia.pl\/sklep\/produkt\/only-jeansy-blush\/"},"modified":"2021-01-25T14:04:02","modified_gmt":"2021-01-25T14:04:02","slug":"only-jeansy-blush","status":"publish","type":"product","link":"https:\/\/torebunia.pl\/sklep\/produkt\/only-jeansy-blush\/","title":{"rendered":"Only &#8211; Jeansy Blush"},"content":{"rendered":"<p>Parametry produktu:<\/p>\n<ul>\n<li>cena: <strong>169.9 PLN<\/strong><\/li>\n<li>marka: <strong>Only<\/strong><\/li>\n<li>p\u0142e\u0107: <strong>Female<\/strong><\/li>\n<li>kategoria: <strong>ONA \/ Odzie\u017c \/ Jeansy<\/strong><\/li>\n<li>kolor: <strong>niebieski<\/strong><\/li>\n<\/ul>\n<p>Opis:<br \/>\nJeansy z kolekcji Only w fasonie skinny z regularn\u0105 tali\u0105. Model wykonany ze spranego denimu. &#8211; Fason skinny. &#8211; Zw\u0119\u017cana nogawka. &#8211; Wsuwane kieszenie. &#8211; Zapi\u0119cie na guzik i suwak. &#8211; Szeroko\u015b\u0107 w pasie: 33 cm. &#8211; Szeroko\u015b\u0107 w biodrach: 38 cm. &#8211; Wysoko\u015b\u0107 stanu: 24 cm. &#8211; Szeroko\u015b\u0107 nogawki na dole: 11 cm. &#8211; Szeroko\u015b\u0107 nogawki: 22 cm. &#8211; D\u0142ugo\u015b\u0107 nogawki: 71 cm. &#8211; Wymiary podane dla rozmiaru: S\/32. Fason: rurki Kolor: niebieski Sk\u0142ad: 92 % Bawe\u0142na, 2 % Elastan, 6 % Elastomultiester ID produktu: 4901-SJD018 Kod producenta: 15195681<\/p>\n","protected":false},"excerpt":{"rendered":"<p>Parametry produktu: cena: 169.9 PLN marka: Only p\u0142e\u0107: Female kategoria: ONA \/ Odzie\u017c \/ Jeansy kolor: niebieski Opis: Jeansy z kolekcji Only w fasonie skinny z regularn\u0105 tali\u0105. Model wykonany<\/p>\n","protected":false},"featured_media":1532,"comment_status":"closed","ping_status":"open","template":"","meta":[],"class_list":{"0":"post-1531","1":"product","2":"type-product","3":"status-publish","5":"hentry","6":"product_cat-jeansy","7":"product_cat-odziez","8":"product_cat-ona","9":"product_tag-only","10":"product_tag-only-jeansy-blush"},"yoast_head":"<!-- This site is optimized with the Yoast SEO plugin v15.6.2 - https:\/\/yoast.com\/wordpress\/plugins\/seo\/ -->\n<title>Only - Jeansy Blush<\/title>\n<meta name=\"robots\" content=\"index, follow, max-snippet:-1, max-image-preview:large, max-video-preview:-1\" \/>\n<link rel=\"canonical\" href=\"https:\/\/torebunia.pl\/sklep\/produkt\/only-jeansy-blush\/\" \/>\n<meta property=\"og:locale\" content=\"pl_PL\" \/>\n<meta property=\"og:type\" content=\"article\" \/>\n<meta property=\"og:title\" content=\"Only - Jeansy Blush\" \/>\n<meta property=\"og:description\" content=\"Parametry produktu: cena: 169.9 PLN marka: Only p\u0142e\u0107: Female kategoria: ONA \/ Odzie\u017c \/ Jeansy kolor: niebieski Opis: Jeansy z kolekcji Only w fasonie skinny z regularn\u0105 tali\u0105. Model wykonany\" \/>\n<meta property=\"og:url\" content=\"https:\/\/torebunia.pl\/sklep\/produkt\/only-jeansy-blush\/\" \/>\n<meta property=\"og:site_name\" content=\"Moje Blog\" \/>\n<meta property=\"article:modified_time\" content=\"2021-01-25T14:04:02+00:00\" \/>\n<meta property=\"og:image\" content=\"https:\/\/torebunia.pl\/sklep\/wp-content\/uploads\/2021\/01\/506faeaede94e83635ce7589bffe4e1bbf53a79f.jpg\" \/>\n\t<meta property=\"og:image:width\" content=\"855\" \/>\n\t<meta property=\"og:image:height\" content=\"1290\" \/>\n<meta name=\"twitter:card\" content=\"summary_large_image\" \/>\n<script type=\"application\/ld+json\" class=\"yoast-schema-graph\">{\"@context\":\"https:\/\/schema.org\",\"@graph\":[{\"@type\":\"WebSite\",\"@id\":\"https:\/\/torebunia.pl\/sklep\/#website\",\"url\":\"https:\/\/torebunia.pl\/sklep\/\",\"name\":\"Moje Blog\",\"description\":\"Kolejna witryna WordPress\",\"potentialAction\":[{\"@type\":\"SearchAction\",\"target\":\"https:\/\/torebunia.pl\/sklep\/?s={search_term_string}\",\"query-input\":\"required name=search_term_string\"}],\"inLanguage\":\"pl-PL\"},{\"@type\":\"ImageObject\",\"@id\":\"https:\/\/torebunia.pl\/sklep\/produkt\/only-jeansy-blush\/#primaryimage\",\"inLanguage\":\"pl-PL\",\"url\":\"https:\/\/torebunia.pl\/sklep\/wp-content\/uploads\/2021\/01\/506faeaede94e83635ce7589bffe4e1bbf53a79f.jpg\",\"width\":855,\"height\":1290,\"caption\":\"Only - Jeansy Blush\"},{\"@type\":\"WebPage\",\"@id\":\"https:\/\/torebunia.pl\/sklep\/produkt\/only-jeansy-blush\/#webpage\",\"url\":\"https:\/\/torebunia.pl\/sklep\/produkt\/only-jeansy-blush\/\",\"name\":\"Only - Jeansy Blush\",\"isPartOf\":{\"@id\":\"https:\/\/torebunia.pl\/sklep\/#website\"},\"primaryImageOfPage\":{\"@id\":\"https:\/\/torebunia.pl\/sklep\/produkt\/only-jeansy-blush\/#primaryimage\"},\"datePublished\":\"2021-01-19T18:51:54+00:00\",\"dateModified\":\"2021-01-25T14:04:02+00:00\",\"inLanguage\":\"pl-PL\",\"potentialAction\":[{\"@type\":\"ReadAction\",\"target\":[\"https:\/\/torebunia.pl\/sklep\/produkt\/only-jeansy-blush\/\"]}]}]}<\/script>\n<!-- \/ Yoast SEO plugin. -->","_links":{"self":[{"href":"https:\/\/torebunia.pl\/sklep\/wp-json\/wp\/v2\/product\/1531","targetHints":{"allow":["GET"]}}],"collection":[{"href":"https:\/\/torebunia.pl\/sklep\/wp-json\/wp\/v2\/product"}],"about":[{"href":"https:\/\/torebunia.pl\/sklep\/wp-json\/wp\/v2\/types\/product"}],"replies":[{"embeddable":true,"href":"https:\/\/torebunia.pl\/sklep\/wp-json\/wp\/v2\/comments?post=1531"}],"wp:featuredmedia":[{"embeddable":true,"href":"https:\/\/torebunia.pl\/sklep\/wp-json\/wp\/v2\/media\/1532"}],"wp:attachment":[{"href":"https:\/\/torebunia.pl\/sklep\/wp-json\/wp\/v2\/media?parent=1531"}],"curies":[{"name":"wp","href":"https:\/\/api.w.org\/{rel}","templated":true}]}}