{"id":14403,"date":"2020-08-10T17:18:08","date_gmt":"2020-08-10T17:18:08","guid":{"rendered":"https:\/\/torebunia.pl\/sklep\/produkt\/under-armour-biustonosz-sportowy-2\/"},"modified":"2021-01-25T20:22:47","modified_gmt":"2021-01-25T20:22:47","slug":"under-armour-biustonosz-sportowy-2","status":"publish","type":"product","link":"https:\/\/torebunia.pl\/sklep\/produkt\/under-armour-biustonosz-sportowy-2\/","title":{"rendered":"Under Armour &#8211; Biustonosz sportowy"},"content":{"rendered":"<p>Parametry produktu:<\/p>\n<ul>\n<li>cena: <strong>169.9 PLN<\/strong><\/li>\n<li>marka: <strong>Under Armour<\/strong><\/li>\n<li>p\u0142e\u0107: <strong>Female<\/strong><\/li>\n<li>kategoria: <strong>ONA \/ Odzie\u017c \/ Bielizna \/ Biustonosze sportowe<\/strong><\/li>\n<li>kolor: <strong>czarny<\/strong><\/li>\n<\/ul>\n<p>Opis:<br \/>\nBiustonosz sportowy z kolekcji Under Armour. Model wykonany z g\u0142adkiego materia\u0142u. &#8211; Nieregulowane, nieodpinane rami\u0105czka z krzy\u017cowaniem. &#8211; Technologia Heatgear\u00ae zapewniaj\u0105ca szybki transport wilgoci. &#8211; Lekko usztywniona miseczka. &#8211; Model wyko\u0144czony elastyczn\u0105 listw\u0105. Wz\u00f3r: g\u0142adkie Miseczka: lekko usztywniana Miseczka: bez fiszbin\u00f3w Sk\u0142ad: Materia\u0142 1: 60 % Elastan, 40 % Nylon, Materia\u0142 2: 12 % Elastan, 88 % Poliester ID produktu: 4900-BID0H3 Kod producenta: 1351985.001<\/p>\n","protected":false},"excerpt":{"rendered":"<p>Parametry produktu: cena: 169.9 PLN marka: Under Armour p\u0142e\u0107: Female kategoria: ONA \/ Odzie\u017c \/ Bielizna \/ Biustonosze sportowe kolor: czarny Opis: Biustonosz sportowy z kolekcji Under Armour. Model wykonany<\/p>\n","protected":false},"featured_media":14404,"comment_status":"closed","ping_status":"open","template":"","meta":[],"class_list":{"0":"post-14403","1":"product","2":"type-product","3":"status-publish","5":"hentry","6":"product_cat-bielizna","7":"product_cat-biustonosze-sportowe","8":"product_cat-odziez","9":"product_cat-ona","10":"product_tag-under-armour","11":"product_tag-under-armour-biustonosz-sportowy"},"yoast_head":"<!-- This site is optimized with the Yoast SEO plugin v15.6.2 - https:\/\/yoast.com\/wordpress\/plugins\/seo\/ -->\n<title>Under Armour - Biustonosz sportowy<\/title>\n<meta name=\"robots\" content=\"index, follow, max-snippet:-1, max-image-preview:large, max-video-preview:-1\" \/>\n<link rel=\"canonical\" href=\"https:\/\/torebunia.pl\/sklep\/produkt\/under-armour-biustonosz-sportowy-2\/\" \/>\n<meta property=\"og:locale\" content=\"pl_PL\" \/>\n<meta property=\"og:type\" content=\"article\" \/>\n<meta property=\"og:title\" content=\"Under Armour - Biustonosz sportowy\" \/>\n<meta property=\"og:description\" content=\"Parametry produktu: cena: 169.9 PLN marka: Under Armour p\u0142e\u0107: Female kategoria: ONA \/ Odzie\u017c \/ Bielizna \/ Biustonosze sportowe kolor: czarny Opis: Biustonosz sportowy z kolekcji Under Armour. Model wykonany\" \/>\n<meta property=\"og:url\" content=\"https:\/\/torebunia.pl\/sklep\/produkt\/under-armour-biustonosz-sportowy-2\/\" \/>\n<meta property=\"og:site_name\" content=\"Moje Blog\" \/>\n<meta property=\"article:modified_time\" content=\"2021-01-25T20:22:47+00:00\" \/>\n<meta property=\"og:image\" content=\"https:\/\/torebunia.pl\/sklep\/wp-content\/uploads\/2021\/01\/5cc4c5affc030bd1119471afe29a17da893aca95.jpg\" \/>\n\t<meta property=\"og:image:width\" content=\"855\" \/>\n\t<meta property=\"og:image:height\" content=\"1290\" \/>\n<meta name=\"twitter:card\" content=\"summary_large_image\" \/>\n<script type=\"application\/ld+json\" class=\"yoast-schema-graph\">{\"@context\":\"https:\/\/schema.org\",\"@graph\":[{\"@type\":\"WebSite\",\"@id\":\"https:\/\/torebunia.pl\/sklep\/#website\",\"url\":\"https:\/\/torebunia.pl\/sklep\/\",\"name\":\"Moje Blog\",\"description\":\"Kolejna witryna WordPress\",\"potentialAction\":[{\"@type\":\"SearchAction\",\"target\":\"https:\/\/torebunia.pl\/sklep\/?s={search_term_string}\",\"query-input\":\"required name=search_term_string\"}],\"inLanguage\":\"pl-PL\"},{\"@type\":\"ImageObject\",\"@id\":\"https:\/\/torebunia.pl\/sklep\/produkt\/under-armour-biustonosz-sportowy-2\/#primaryimage\",\"inLanguage\":\"pl-PL\",\"url\":\"https:\/\/torebunia.pl\/sklep\/wp-content\/uploads\/2021\/01\/5cc4c5affc030bd1119471afe29a17da893aca95.jpg\",\"width\":855,\"height\":1290,\"caption\":\"Under Armour - Biustonosz sportowy\"},{\"@type\":\"WebPage\",\"@id\":\"https:\/\/torebunia.pl\/sklep\/produkt\/under-armour-biustonosz-sportowy-2\/#webpage\",\"url\":\"https:\/\/torebunia.pl\/sklep\/produkt\/under-armour-biustonosz-sportowy-2\/\",\"name\":\"Under Armour - Biustonosz sportowy\",\"isPartOf\":{\"@id\":\"https:\/\/torebunia.pl\/sklep\/#website\"},\"primaryImageOfPage\":{\"@id\":\"https:\/\/torebunia.pl\/sklep\/produkt\/under-armour-biustonosz-sportowy-2\/#primaryimage\"},\"datePublished\":\"2020-08-10T17:18:08+00:00\",\"dateModified\":\"2021-01-25T20:22:47+00:00\",\"inLanguage\":\"pl-PL\",\"potentialAction\":[{\"@type\":\"ReadAction\",\"target\":[\"https:\/\/torebunia.pl\/sklep\/produkt\/under-armour-biustonosz-sportowy-2\/\"]}]}]}<\/script>\n<!-- \/ Yoast SEO plugin. -->","_links":{"self":[{"href":"https:\/\/torebunia.pl\/sklep\/wp-json\/wp\/v2\/product\/14403","targetHints":{"allow":["GET"]}}],"collection":[{"href":"https:\/\/torebunia.pl\/sklep\/wp-json\/wp\/v2\/product"}],"about":[{"href":"https:\/\/torebunia.pl\/sklep\/wp-json\/wp\/v2\/types\/product"}],"replies":[{"embeddable":true,"href":"https:\/\/torebunia.pl\/sklep\/wp-json\/wp\/v2\/comments?post=14403"}],"wp:featuredmedia":[{"embeddable":true,"href":"https:\/\/torebunia.pl\/sklep\/wp-json\/wp\/v2\/media\/14404"}],"wp:attachment":[{"href":"https:\/\/torebunia.pl\/sklep\/wp-json\/wp\/v2\/media?parent=14403"}],"curies":[{"name":"wp","href":"https:\/\/api.w.org\/{rel}","templated":true}]}}