{"id":13823,"date":"2020-05-03T00:44:22","date_gmt":"2020-05-03T00:44:22","guid":{"rendered":"https:\/\/torebunia.pl\/sklep\/produkt\/skechers-sniegowce-zamszowe-2\/"},"modified":"2021-01-25T20:06:27","modified_gmt":"2021-01-25T20:06:27","slug":"skechers-sniegowce-zamszowe-2","status":"publish","type":"product","link":"https:\/\/torebunia.pl\/sklep\/produkt\/skechers-sniegowce-zamszowe-2\/","title":{"rendered":"Skechers &#8211; \u015aniegowce zamszowe"},"content":{"rendered":"<p>Parametry produktu:<\/p>\n<ul>\n<li>cena: <strong>359.9 PLN<\/strong><\/li>\n<li>marka: <strong>Skechers<\/strong><\/li>\n<li>p\u0142e\u0107: <strong>Female<\/strong><\/li>\n<li>kategoria: <strong>ONA \/ Obuwie \/ \u015aniegowce<\/strong><\/li>\n<li>kolor: <strong>czarny<\/strong><\/li>\n<\/ul>\n<p>Opis:<br \/>\n\u015aniegowce z kolekcji Skechers. Model wykonany ze sk\u00f3ry zamszowej. &#8211; Goga Mat- niezwykle komfortowa, mi\u0119kka wk\u0142adka. &#8211; Wk\u0142adka Air Cooled Memory Foam daje niespotykany komfort u\u017cytkowania. &#8211; 5GEN\u00ae to innowacyjna i bardzo czu\u0142a amortyzacja podeszwy \u015brodkowej. &#8211; Ocieplony model. &#8211; Okr\u0105g\u0142y nosek. &#8211; Gumowa podeszwa. &#8211; Tekstylne wn\u0119trze. &#8211; Sznurowany model. &#8211; D\u0142ugo\u015b\u0107 wk\u0142adki wynosi: 23 cm. &#8211; Wymiary podane dla rozmiaru: 36. Materia\u0142: sk\u00f3ra zamszowa Obcas: p\u0142aski Ocieplenie: ocieplane Zapi\u0119cie: sznurowanie Sk\u0142ad: Cholewka: Sk\u00f3ra zamszowa, Wn\u0119trze: Materia\u0142 tekstylny, Podeszwa: Materia\u0142 syntetyczny ID produktu: 4900-OBD2T1 Kod producenta: 144004<\/p>\n","protected":false},"excerpt":{"rendered":"<p>Parametry produktu: cena: 359.9 PLN marka: Skechers p\u0142e\u0107: Female kategoria: ONA \/ Obuwie \/ \u015aniegowce kolor: czarny Opis: \u015aniegowce z kolekcji Skechers. Model wykonany ze sk\u00f3ry zamszowej. &#8211; Goga Mat-<\/p>\n","protected":false},"featured_media":13824,"comment_status":"closed","ping_status":"open","template":"","meta":[],"class_list":{"0":"post-13823","1":"product","2":"type-product","3":"status-publish","5":"hentry","6":"product_cat-obuwie","7":"product_cat-ona","8":"product_cat-sniegowce","9":"product_tag-skechers","10":"product_tag-skechers-sniegowce-zamszowe"},"yoast_head":"<!-- This site is optimized with the Yoast SEO plugin v15.6.2 - https:\/\/yoast.com\/wordpress\/plugins\/seo\/ -->\n<title>Skechers - \u015aniegowce zamszowe<\/title>\n<meta name=\"robots\" content=\"index, follow, max-snippet:-1, max-image-preview:large, max-video-preview:-1\" \/>\n<link rel=\"canonical\" href=\"https:\/\/torebunia.pl\/sklep\/produkt\/skechers-sniegowce-zamszowe-2\/\" \/>\n<meta property=\"og:locale\" content=\"pl_PL\" \/>\n<meta property=\"og:type\" content=\"article\" \/>\n<meta property=\"og:title\" content=\"Skechers - \u015aniegowce zamszowe\" \/>\n<meta property=\"og:description\" content=\"Parametry produktu: cena: 359.9 PLN marka: Skechers p\u0142e\u0107: Female kategoria: ONA \/ Obuwie \/ \u015aniegowce kolor: czarny Opis: \u015aniegowce z kolekcji Skechers. Model wykonany ze sk\u00f3ry zamszowej. &#8211; Goga Mat-\" \/>\n<meta property=\"og:url\" content=\"https:\/\/torebunia.pl\/sklep\/produkt\/skechers-sniegowce-zamszowe-2\/\" \/>\n<meta property=\"og:site_name\" content=\"Moje Blog\" \/>\n<meta property=\"article:modified_time\" content=\"2021-01-25T20:06:27+00:00\" \/>\n<meta property=\"og:image\" content=\"https:\/\/torebunia.pl\/sklep\/wp-content\/uploads\/2021\/01\/7917b494f0fee0bea5e358a0a295cc849341dd87-1.jpg\" \/>\n\t<meta property=\"og:image:width\" content=\"855\" \/>\n\t<meta property=\"og:image:height\" content=\"1290\" \/>\n<meta name=\"twitter:card\" content=\"summary_large_image\" \/>\n<meta name=\"twitter:label1\" content=\"Est. reading time\">\n\t<meta name=\"twitter:data1\" content=\"1 minuta\">\n<script type=\"application\/ld+json\" class=\"yoast-schema-graph\">{\"@context\":\"https:\/\/schema.org\",\"@graph\":[{\"@type\":\"WebSite\",\"@id\":\"https:\/\/torebunia.pl\/sklep\/#website\",\"url\":\"https:\/\/torebunia.pl\/sklep\/\",\"name\":\"Moje Blog\",\"description\":\"Kolejna witryna WordPress\",\"potentialAction\":[{\"@type\":\"SearchAction\",\"target\":\"https:\/\/torebunia.pl\/sklep\/?s={search_term_string}\",\"query-input\":\"required name=search_term_string\"}],\"inLanguage\":\"pl-PL\"},{\"@type\":\"ImageObject\",\"@id\":\"https:\/\/torebunia.pl\/sklep\/produkt\/skechers-sniegowce-zamszowe-2\/#primaryimage\",\"inLanguage\":\"pl-PL\",\"url\":\"https:\/\/torebunia.pl\/sklep\/wp-content\/uploads\/2021\/01\/7917b494f0fee0bea5e358a0a295cc849341dd87-1.jpg\",\"width\":855,\"height\":1290,\"caption\":\"Skechers - \\u015aniegowce zamszowe\"},{\"@type\":\"WebPage\",\"@id\":\"https:\/\/torebunia.pl\/sklep\/produkt\/skechers-sniegowce-zamszowe-2\/#webpage\",\"url\":\"https:\/\/torebunia.pl\/sklep\/produkt\/skechers-sniegowce-zamszowe-2\/\",\"name\":\"Skechers - \\u015aniegowce zamszowe\",\"isPartOf\":{\"@id\":\"https:\/\/torebunia.pl\/sklep\/#website\"},\"primaryImageOfPage\":{\"@id\":\"https:\/\/torebunia.pl\/sklep\/produkt\/skechers-sniegowce-zamszowe-2\/#primaryimage\"},\"datePublished\":\"2020-05-03T00:44:22+00:00\",\"dateModified\":\"2021-01-25T20:06:27+00:00\",\"inLanguage\":\"pl-PL\",\"potentialAction\":[{\"@type\":\"ReadAction\",\"target\":[\"https:\/\/torebunia.pl\/sklep\/produkt\/skechers-sniegowce-zamszowe-2\/\"]}]}]}<\/script>\n<!-- \/ Yoast SEO plugin. -->","_links":{"self":[{"href":"https:\/\/torebunia.pl\/sklep\/wp-json\/wp\/v2\/product\/13823","targetHints":{"allow":["GET"]}}],"collection":[{"href":"https:\/\/torebunia.pl\/sklep\/wp-json\/wp\/v2\/product"}],"about":[{"href":"https:\/\/torebunia.pl\/sklep\/wp-json\/wp\/v2\/types\/product"}],"replies":[{"embeddable":true,"href":"https:\/\/torebunia.pl\/sklep\/wp-json\/wp\/v2\/comments?post=13823"}],"wp:featuredmedia":[{"embeddable":true,"href":"https:\/\/torebunia.pl\/sklep\/wp-json\/wp\/v2\/media\/13824"}],"wp:attachment":[{"href":"https:\/\/torebunia.pl\/sklep\/wp-json\/wp\/v2\/media?parent=13823"}],"curies":[{"name":"wp","href":"https:\/\/api.w.org\/{rel}","templated":true}]}}