{"id":13763,"date":"2020-03-31T02:21:56","date_gmt":"2020-03-31T02:21:56","guid":{"rendered":"https:\/\/torebunia.pl\/sklep\/produkt\/medicine-sweter-dla-psa-manifesto\/"},"modified":"2021-01-25T20:04:38","modified_gmt":"2021-01-25T20:04:38","slug":"medicine-sweter-dla-psa-manifesto","status":"publish","type":"product","link":"https:\/\/torebunia.pl\/sklep\/produkt\/medicine-sweter-dla-psa-manifesto\/","title":{"rendered":"Medicine &#8211; Sweter dla psa Manifesto"},"content":{"rendered":"<p>Parametry produktu:<\/p>\n<ul>\n<li>cena: <strong>59.9 PLN<\/strong><\/li>\n<li>marka: <strong>MEDICINE<\/strong><\/li>\n<li>p\u0142e\u0107: <strong>Female<\/strong><\/li>\n<li>kategoria: <strong>ONA \/ Akcesoria \/ Gad\u017cety i akcesoria \/ ON<\/strong><\/li>\n<li>kolor: <strong>czerwony<\/strong><\/li>\n<\/ul>\n<p>Opis:<br \/>\nSweter dla psa z kolekcji Medicine. Model wykonany z g\u0142adkiej dzianiny. &#8211; &#8211; XS \u2013 Szczeni\u0119ta ras ma\u0142ych, Yorkshire Terrier, Chihuahua, Ratlerek \u2013 do ok. 3 kg, S \u2013 Szczeni\u0119ta, Yorkshire Terrier, Chi\u0144ski Grzywacz, koty &#8211; do ok. 4,5 kg, M \u2013 Jack Russel, Peki\u0144czyk, Malta\u0144czyk (\u015bredni), Shih Tzu, Mini Pudelek, Jamnik, Bolo\u0144czyk, Sznaucer miniaturka, du\u017ce koty &#8211; do ok. 7 kg, L \u2013 Bigiel, \u015bredni Sznaucer, Buldog Francuski \u2013 do ok. 10 kg, XL \u2013 Border Collie, Fox Terrier, Cocker Spaniel \u2013 do ok. 25 kg. Sk\u0142ad: 50 % Akryl, 50 % Bawe\u0142na ID produktu: 6910-SWU408 Kod producenta: RW19.SWU408<\/p>\n","protected":false},"excerpt":{"rendered":"<p>Parametry produktu: cena: 59.9 PLN marka: MEDICINE p\u0142e\u0107: Female kategoria: ONA \/ Akcesoria \/ Gad\u017cety i akcesoria \/ ON kolor: czerwony Opis: Sweter dla psa z kolekcji Medicine. Model wykonany<\/p>\n","protected":false},"featured_media":13764,"comment_status":"closed","ping_status":"open","template":"","meta":[],"class_list":{"0":"post-13763","1":"product","2":"type-product","3":"status-publish","5":"hentry","6":"product_cat-akcesoria","7":"product_cat-gadzety-i-akcesoria","8":"product_cat-on","9":"product_cat-ona","10":"product_tag-medicine","11":"product_tag-medicine-sweter-dla-psa-manifesto"},"yoast_head":"<!-- This site is optimized with the Yoast SEO plugin v15.6.2 - https:\/\/yoast.com\/wordpress\/plugins\/seo\/ -->\n<title>Medicine - Sweter dla psa Manifesto<\/title>\n<meta name=\"robots\" content=\"index, follow, max-snippet:-1, max-image-preview:large, max-video-preview:-1\" \/>\n<link rel=\"canonical\" href=\"https:\/\/torebunia.pl\/sklep\/produkt\/medicine-sweter-dla-psa-manifesto\/\" \/>\n<meta property=\"og:locale\" content=\"pl_PL\" \/>\n<meta property=\"og:type\" content=\"article\" \/>\n<meta property=\"og:title\" content=\"Medicine - Sweter dla psa Manifesto\" \/>\n<meta property=\"og:description\" content=\"Parametry produktu: cena: 59.9 PLN marka: MEDICINE p\u0142e\u0107: Female kategoria: ONA \/ Akcesoria \/ Gad\u017cety i akcesoria \/ ON kolor: czerwony Opis: Sweter dla psa z kolekcji Medicine. Model wykonany\" \/>\n<meta property=\"og:url\" content=\"https:\/\/torebunia.pl\/sklep\/produkt\/medicine-sweter-dla-psa-manifesto\/\" \/>\n<meta property=\"og:site_name\" content=\"Moje Blog\" \/>\n<meta property=\"article:modified_time\" content=\"2021-01-25T20:04:38+00:00\" \/>\n<meta property=\"og:image\" content=\"https:\/\/torebunia.pl\/sklep\/wp-content\/uploads\/2021\/01\/1c84a6f580ebe8aaae04e8ef602e4a5997304d25.jpg\" \/>\n\t<meta property=\"og:image:width\" content=\"855\" \/>\n\t<meta property=\"og:image:height\" content=\"1290\" \/>\n<meta name=\"twitter:card\" content=\"summary_large_image\" \/>\n<meta name=\"twitter:label1\" content=\"Est. reading time\">\n\t<meta name=\"twitter:data1\" content=\"1 minuta\">\n<script type=\"application\/ld+json\" class=\"yoast-schema-graph\">{\"@context\":\"https:\/\/schema.org\",\"@graph\":[{\"@type\":\"WebSite\",\"@id\":\"https:\/\/torebunia.pl\/sklep\/#website\",\"url\":\"https:\/\/torebunia.pl\/sklep\/\",\"name\":\"Moje Blog\",\"description\":\"Kolejna witryna WordPress\",\"potentialAction\":[{\"@type\":\"SearchAction\",\"target\":\"https:\/\/torebunia.pl\/sklep\/?s={search_term_string}\",\"query-input\":\"required name=search_term_string\"}],\"inLanguage\":\"pl-PL\"},{\"@type\":\"ImageObject\",\"@id\":\"https:\/\/torebunia.pl\/sklep\/produkt\/medicine-sweter-dla-psa-manifesto\/#primaryimage\",\"inLanguage\":\"pl-PL\",\"url\":\"https:\/\/torebunia.pl\/sklep\/wp-content\/uploads\/2021\/01\/1c84a6f580ebe8aaae04e8ef602e4a5997304d25.jpg\",\"width\":855,\"height\":1290,\"caption\":\"Medicine - Sweter dla psa Manifesto\"},{\"@type\":\"WebPage\",\"@id\":\"https:\/\/torebunia.pl\/sklep\/produkt\/medicine-sweter-dla-psa-manifesto\/#webpage\",\"url\":\"https:\/\/torebunia.pl\/sklep\/produkt\/medicine-sweter-dla-psa-manifesto\/\",\"name\":\"Medicine - Sweter dla psa Manifesto\",\"isPartOf\":{\"@id\":\"https:\/\/torebunia.pl\/sklep\/#website\"},\"primaryImageOfPage\":{\"@id\":\"https:\/\/torebunia.pl\/sklep\/produkt\/medicine-sweter-dla-psa-manifesto\/#primaryimage\"},\"datePublished\":\"2020-03-31T02:21:56+00:00\",\"dateModified\":\"2021-01-25T20:04:38+00:00\",\"inLanguage\":\"pl-PL\",\"potentialAction\":[{\"@type\":\"ReadAction\",\"target\":[\"https:\/\/torebunia.pl\/sklep\/produkt\/medicine-sweter-dla-psa-manifesto\/\"]}]}]}<\/script>\n<!-- \/ Yoast SEO plugin. -->","_links":{"self":[{"href":"https:\/\/torebunia.pl\/sklep\/wp-json\/wp\/v2\/product\/13763","targetHints":{"allow":["GET"]}}],"collection":[{"href":"https:\/\/torebunia.pl\/sklep\/wp-json\/wp\/v2\/product"}],"about":[{"href":"https:\/\/torebunia.pl\/sklep\/wp-json\/wp\/v2\/types\/product"}],"replies":[{"embeddable":true,"href":"https:\/\/torebunia.pl\/sklep\/wp-json\/wp\/v2\/comments?post=13763"}],"wp:featuredmedia":[{"embeddable":true,"href":"https:\/\/torebunia.pl\/sklep\/wp-json\/wp\/v2\/media\/13764"}],"wp:attachment":[{"href":"https:\/\/torebunia.pl\/sklep\/wp-json\/wp\/v2\/media?parent=13763"}],"curies":[{"name":"wp","href":"https:\/\/api.w.org\/{rel}","templated":true}]}}