{"id":1359,"date":"2020-12-31T01:54:07","date_gmt":"2020-12-31T01:54:07","guid":{"rendered":"https:\/\/torebunia.pl\/sklep\/produkt\/patrizia-pepe-torebka-skorzana\/"},"modified":"2021-01-27T11:32:36","modified_gmt":"2021-01-27T11:32:36","slug":"patrizia-pepe-torebka-skorzana","status":"publish","type":"product","link":"https:\/\/torebunia.pl\/sklep\/produkt\/patrizia-pepe-torebka-skorzana\/","title":{"rendered":"Patrizia Pepe &#8211; Torebka sk\u00f3rzana"},"content":{"rendered":"<p>Parametry produktu:<\/p>\n<ul>\n<li>cena: <strong>819.9 PLN<\/strong><\/li>\n<li>marka: <strong>Patrizia Pepe<\/strong><\/li>\n<li>p\u0142e\u0107: <strong>Female<\/strong><\/li>\n<li>kategoria: <strong>ONA \/ Akcesoria \/ Torebki \/ Shopper i tote<\/strong><\/li>\n<li>kolor: <strong>czarny<\/strong><\/li>\n<\/ul>\n<p>Opis:<br \/>\nDost\u0119pne rozmiary s\u0105 przeliczone z w\u0142oskiej rozmiar\u00f3wki producenta na standardow\u0105 rozmiar\u00f3wk\u0119 europejsk\u0105. Zamawiany rozmiar mo\u017ce r\u00f3\u017cni\u0107 si\u0119 od widocznego na metce (IT 38\/XXS = EU XS). Dla pewno\u015bci prosimy o zapoznanie si\u0119 z tabel\u0105 rozmiarow\u0105. Du\u017ca torebka z kolekcji Patrizia Pepe. zapinany wykonany ze sk\u00f3ry naturalnej. &#8211; Zapi\u0119cie na magnes. &#8211; Model dwa w jednym &#8211; posiada odpinan\u0105 komor\u0119, kt\u00f3r\u0105 mo\u017cna nosi\u0107 jako osobny model. &#8211; Torebka do noszenia na ramieniu. &#8211; D\u0142ugie uchwyty. &#8211; Mie\u015bci format A4. &#8211; Do\u0142\u0105czony pokrowiec. &#8211; G\u0142\u0119boko\u015b\u0107: 12 cm. &#8211; Wysoko\u015b\u0107: 27 cm. &#8211; Szeroko\u015b\u0107 u podstawy: 30 cm. &#8211; D\u0142ugo\u015b\u0107 uchwyt\u00f3w: 55 cm. Wz\u00f3r: g\u0142adkie Wielko\u015b\u0107: mie\u015bci A4 Materia\u0142: sk\u00f3ra licowa Sk\u0142ad: 100 % Sk\u00f3ra naturalna ID produktu: 4901-TOD1M0 Kod producenta: 2V8895.A4U8S<\/p>\n","protected":false},"excerpt":{"rendered":"<p>Parametry produktu: cena: 819.9 PLN marka: Patrizia Pepe p\u0142e\u0107: Female kategoria: ONA \/ Akcesoria \/ Torebki \/ Shopper i tote kolor: czarny Opis: Dost\u0119pne rozmiary s\u0105 przeliczone z w\u0142oskiej rozmiar\u00f3wki<\/p>\n","protected":false},"featured_media":1360,"comment_status":"closed","ping_status":"open","template":"","meta":[],"class_list":{"0":"post-1359","1":"product","2":"type-product","3":"status-publish","5":"hentry","6":"product_cat-akcesoria","7":"product_cat-ona","8":"product_cat-shopper-i-tote","9":"product_cat-torebki","10":"product_tag-patrizia-pepe","11":"product_tag-patrizia-pepe-torebka-skorzana"},"yoast_head":"<!-- This site is optimized with the Yoast SEO plugin v15.6.2 - https:\/\/yoast.com\/wordpress\/plugins\/seo\/ -->\n<title>Patrizia Pepe - Torebka sk\u00f3rzana<\/title>\n<meta name=\"robots\" content=\"index, follow, max-snippet:-1, max-image-preview:large, max-video-preview:-1\" \/>\n<link rel=\"canonical\" href=\"https:\/\/torebunia.pl\/sklep\/produkt\/patrizia-pepe-torebka-skorzana\/\" \/>\n<meta property=\"og:locale\" content=\"pl_PL\" \/>\n<meta property=\"og:type\" content=\"article\" \/>\n<meta property=\"og:title\" content=\"Patrizia Pepe - Torebka sk\u00f3rzana\" \/>\n<meta property=\"og:description\" content=\"Parametry produktu: cena: 819.9 PLN marka: Patrizia Pepe p\u0142e\u0107: Female kategoria: ONA \/ Akcesoria \/ Torebki \/ Shopper i tote kolor: czarny Opis: Dost\u0119pne rozmiary s\u0105 przeliczone z w\u0142oskiej rozmiar\u00f3wki\" \/>\n<meta property=\"og:url\" content=\"https:\/\/torebunia.pl\/sklep\/produkt\/patrizia-pepe-torebka-skorzana\/\" \/>\n<meta property=\"og:site_name\" content=\"Moje Blog\" \/>\n<meta property=\"article:modified_time\" content=\"2021-01-27T11:32:36+00:00\" \/>\n<meta property=\"og:image\" content=\"https:\/\/torebunia.pl\/sklep\/wp-content\/uploads\/2021\/01\/cc91013e992e43a362ca962723b6af6ecc6648cd.jpg\" \/>\n\t<meta property=\"og:image:width\" content=\"855\" \/>\n\t<meta property=\"og:image:height\" content=\"1290\" \/>\n<meta name=\"twitter:card\" content=\"summary_large_image\" \/>\n<meta name=\"twitter:label1\" content=\"Est. reading time\">\n\t<meta name=\"twitter:data1\" content=\"1 minuta\">\n<script type=\"application\/ld+json\" class=\"yoast-schema-graph\">{\"@context\":\"https:\/\/schema.org\",\"@graph\":[{\"@type\":\"WebSite\",\"@id\":\"https:\/\/torebunia.pl\/sklep\/#website\",\"url\":\"https:\/\/torebunia.pl\/sklep\/\",\"name\":\"Moje Blog\",\"description\":\"Kolejna witryna WordPress\",\"potentialAction\":[{\"@type\":\"SearchAction\",\"target\":\"https:\/\/torebunia.pl\/sklep\/?s={search_term_string}\",\"query-input\":\"required name=search_term_string\"}],\"inLanguage\":\"pl-PL\"},{\"@type\":\"ImageObject\",\"@id\":\"https:\/\/torebunia.pl\/sklep\/produkt\/patrizia-pepe-torebka-skorzana\/#primaryimage\",\"inLanguage\":\"pl-PL\",\"url\":\"https:\/\/torebunia.pl\/sklep\/wp-content\/uploads\/2021\/01\/cc91013e992e43a362ca962723b6af6ecc6648cd.jpg\",\"width\":855,\"height\":1290,\"caption\":\"Patrizia Pepe - Torebka sk\\u00f3rzana\"},{\"@type\":\"WebPage\",\"@id\":\"https:\/\/torebunia.pl\/sklep\/produkt\/patrizia-pepe-torebka-skorzana\/#webpage\",\"url\":\"https:\/\/torebunia.pl\/sklep\/produkt\/patrizia-pepe-torebka-skorzana\/\",\"name\":\"Patrizia Pepe - Torebka sk\\u00f3rzana\",\"isPartOf\":{\"@id\":\"https:\/\/torebunia.pl\/sklep\/#website\"},\"primaryImageOfPage\":{\"@id\":\"https:\/\/torebunia.pl\/sklep\/produkt\/patrizia-pepe-torebka-skorzana\/#primaryimage\"},\"datePublished\":\"2020-12-31T01:54:07+00:00\",\"dateModified\":\"2021-01-27T11:32:36+00:00\",\"inLanguage\":\"pl-PL\",\"potentialAction\":[{\"@type\":\"ReadAction\",\"target\":[\"https:\/\/torebunia.pl\/sklep\/produkt\/patrizia-pepe-torebka-skorzana\/\"]}]}]}<\/script>\n<!-- \/ Yoast SEO plugin. -->","_links":{"self":[{"href":"https:\/\/torebunia.pl\/sklep\/wp-json\/wp\/v2\/product\/1359","targetHints":{"allow":["GET"]}}],"collection":[{"href":"https:\/\/torebunia.pl\/sklep\/wp-json\/wp\/v2\/product"}],"about":[{"href":"https:\/\/torebunia.pl\/sklep\/wp-json\/wp\/v2\/types\/product"}],"replies":[{"embeddable":true,"href":"https:\/\/torebunia.pl\/sklep\/wp-json\/wp\/v2\/comments?post=1359"}],"wp:featuredmedia":[{"embeddable":true,"href":"https:\/\/torebunia.pl\/sklep\/wp-json\/wp\/v2\/media\/1360"}],"wp:attachment":[{"href":"https:\/\/torebunia.pl\/sklep\/wp-json\/wp\/v2\/media?parent=1359"}],"curies":[{"name":"wp","href":"https:\/\/api.w.org\/{rel}","templated":true}]}}