{"id":12367,"date":"2020-08-25T20:23:02","date_gmt":"2020-08-25T20:23:02","guid":{"rendered":"https:\/\/torebunia.pl\/sklep\/produkt\/inuikii-kozaki-i-botki-70202-5\/"},"modified":"2021-01-25T19:23:35","modified_gmt":"2021-01-25T19:23:35","slug":"inuikii-kozaki-i-botki-70202-5","status":"publish","type":"product","link":"https:\/\/torebunia.pl\/sklep\/produkt\/inuikii-kozaki-i-botki-70202-5\/","title":{"rendered":"Inuikii &#8211; Kozaki i botki 70202.5"},"content":{"rendered":"<p>Parametry produktu:<\/p>\n<ul>\n<li>cena: <strong>1119.0 PLN<\/strong><\/li>\n<li>marka: <strong>Inuikii<\/strong><\/li>\n<li>p\u0142e\u0107: <strong>Female<\/strong><\/li>\n<li>kategoria: <strong>ONA \/ Obuwie \/ \u015aniegowce<\/strong><\/li>\n<li>kolor: <strong>ciemny br\u0105zowy<\/strong><\/li>\n<\/ul>\n<p>Opis:<br \/>\n\u015aniegowce z kolekcji Inuikii. Model wykonany ze sk\u00f3ry naturalnej. &#8211; Model ocieplony naturalnym ko\u017cuchem owczym. &#8211; Model wodoodporny. &#8211; Okr\u0105g\u0142y, mi\u0119kki nosek. &#8211; Gumowa podeszwa. &#8211; Usztywniony zapi\u0119tek. &#8211; Komfortowe wn\u0119trze. &#8211; Sznurowany model. &#8211; D\u0142ugo\u015b\u0107 wk\u0142adki wynosi: 24 cm. &#8211; Wymiary podane dla rozmiaru: 37. Obcas: p\u0142aski Ocieplenie: ocieplane Materia\u0142: sk\u00f3ra licowa Zapi\u0119cie: sznurowanie ID produktu: 4910-OBD14U Kod producenta: 70202.5<\/p>\n","protected":false},"excerpt":{"rendered":"<p>Parametry produktu: cena: 1119.0 PLN marka: Inuikii p\u0142e\u0107: Female kategoria: ONA \/ Obuwie \/ \u015aniegowce kolor: ciemny br\u0105zowy Opis: \u015aniegowce z kolekcji Inuikii. Model wykonany ze sk\u00f3ry naturalnej. &#8211; Model<\/p>\n","protected":false},"featured_media":12368,"comment_status":"closed","ping_status":"open","template":"","meta":[],"class_list":{"0":"post-12367","1":"product","2":"type-product","3":"status-publish","5":"hentry","6":"product_cat-obuwie","7":"product_cat-ona","8":"product_cat-sniegowce","9":"product_tag-inuikii","10":"product_tag-inuikii-kozaki-i-botki-70202-5"},"yoast_head":"<!-- This site is optimized with the Yoast SEO plugin v15.6.2 - https:\/\/yoast.com\/wordpress\/plugins\/seo\/ -->\n<title>Inuikii - Kozaki i botki 70202.5<\/title>\n<meta name=\"robots\" content=\"index, follow, max-snippet:-1, max-image-preview:large, max-video-preview:-1\" \/>\n<link rel=\"canonical\" href=\"https:\/\/torebunia.pl\/sklep\/produkt\/inuikii-kozaki-i-botki-70202-5\/\" \/>\n<meta property=\"og:locale\" content=\"pl_PL\" \/>\n<meta property=\"og:type\" content=\"article\" \/>\n<meta property=\"og:title\" content=\"Inuikii - Kozaki i botki 70202.5\" \/>\n<meta property=\"og:description\" content=\"Parametry produktu: cena: 1119.0 PLN marka: Inuikii p\u0142e\u0107: Female kategoria: ONA \/ Obuwie \/ \u015aniegowce kolor: ciemny br\u0105zowy Opis: \u015aniegowce z kolekcji Inuikii. Model wykonany ze sk\u00f3ry naturalnej. &#8211; Model\" \/>\n<meta property=\"og:url\" content=\"https:\/\/torebunia.pl\/sklep\/produkt\/inuikii-kozaki-i-botki-70202-5\/\" \/>\n<meta property=\"og:site_name\" content=\"Moje Blog\" \/>\n<meta property=\"article:modified_time\" content=\"2021-01-25T19:23:35+00:00\" \/>\n<meta property=\"og:image\" content=\"https:\/\/torebunia.pl\/sklep\/wp-content\/uploads\/2021\/01\/e0250392ec15ad12e6e524f8a9525810be248085.jpg\" \/>\n\t<meta property=\"og:image:width\" content=\"855\" \/>\n\t<meta property=\"og:image:height\" content=\"1290\" \/>\n<meta name=\"twitter:card\" content=\"summary_large_image\" \/>\n<script type=\"application\/ld+json\" class=\"yoast-schema-graph\">{\"@context\":\"https:\/\/schema.org\",\"@graph\":[{\"@type\":\"WebSite\",\"@id\":\"https:\/\/torebunia.pl\/sklep\/#website\",\"url\":\"https:\/\/torebunia.pl\/sklep\/\",\"name\":\"Moje Blog\",\"description\":\"Kolejna witryna WordPress\",\"potentialAction\":[{\"@type\":\"SearchAction\",\"target\":\"https:\/\/torebunia.pl\/sklep\/?s={search_term_string}\",\"query-input\":\"required name=search_term_string\"}],\"inLanguage\":\"pl-PL\"},{\"@type\":\"ImageObject\",\"@id\":\"https:\/\/torebunia.pl\/sklep\/produkt\/inuikii-kozaki-i-botki-70202-5\/#primaryimage\",\"inLanguage\":\"pl-PL\",\"url\":\"https:\/\/torebunia.pl\/sklep\/wp-content\/uploads\/2021\/01\/e0250392ec15ad12e6e524f8a9525810be248085.jpg\",\"width\":855,\"height\":1290,\"caption\":\"Inuikii - Kozaki i botki 70202.5\"},{\"@type\":\"WebPage\",\"@id\":\"https:\/\/torebunia.pl\/sklep\/produkt\/inuikii-kozaki-i-botki-70202-5\/#webpage\",\"url\":\"https:\/\/torebunia.pl\/sklep\/produkt\/inuikii-kozaki-i-botki-70202-5\/\",\"name\":\"Inuikii - Kozaki i botki 70202.5\",\"isPartOf\":{\"@id\":\"https:\/\/torebunia.pl\/sklep\/#website\"},\"primaryImageOfPage\":{\"@id\":\"https:\/\/torebunia.pl\/sklep\/produkt\/inuikii-kozaki-i-botki-70202-5\/#primaryimage\"},\"datePublished\":\"2020-08-25T20:23:02+00:00\",\"dateModified\":\"2021-01-25T19:23:35+00:00\",\"inLanguage\":\"pl-PL\",\"potentialAction\":[{\"@type\":\"ReadAction\",\"target\":[\"https:\/\/torebunia.pl\/sklep\/produkt\/inuikii-kozaki-i-botki-70202-5\/\"]}]}]}<\/script>\n<!-- \/ Yoast SEO plugin. -->","_links":{"self":[{"href":"https:\/\/torebunia.pl\/sklep\/wp-json\/wp\/v2\/product\/12367","targetHints":{"allow":["GET"]}}],"collection":[{"href":"https:\/\/torebunia.pl\/sklep\/wp-json\/wp\/v2\/product"}],"about":[{"href":"https:\/\/torebunia.pl\/sklep\/wp-json\/wp\/v2\/types\/product"}],"replies":[{"embeddable":true,"href":"https:\/\/torebunia.pl\/sklep\/wp-json\/wp\/v2\/comments?post=12367"}],"wp:featuredmedia":[{"embeddable":true,"href":"https:\/\/torebunia.pl\/sklep\/wp-json\/wp\/v2\/media\/12368"}],"wp:attachment":[{"href":"https:\/\/torebunia.pl\/sklep\/wp-json\/wp\/v2\/media?parent=12367"}],"curies":[{"name":"wp","href":"https:\/\/api.w.org\/{rel}","templated":true}]}}