{"id":11403,"date":"2020-11-14T11:25:38","date_gmt":"2020-11-14T11:25:38","guid":{"rendered":"https:\/\/torebunia.pl\/sklep\/produkt\/mango-bluzka-velasco\/"},"modified":"2021-01-25T18:56:43","modified_gmt":"2021-01-25T18:56:43","slug":"mango-bluzka-velasco","status":"publish","type":"product","link":"https:\/\/torebunia.pl\/sklep\/produkt\/mango-bluzka-velasco\/","title":{"rendered":"Mango &#8211; Bluzka Velasco"},"content":{"rendered":"<p>Parametry produktu:<\/p>\n<ul>\n<li>cena: <strong>119.99 PLN<\/strong><\/li>\n<li>marka: <strong>Mango<\/strong><\/li>\n<li>p\u0142e\u0107: <strong>Female<\/strong><\/li>\n<li>kategoria: <strong>ONA \/ Odzie\u017c \/ Bluzki i koszule \/ Bluzki<\/strong><\/li>\n<li>kolor: <strong>czarny<\/strong><\/li>\n<\/ul>\n<p>Opis:<br \/>\nBluzka z kolekcji Mango. Model wykonany z g\u0142adkiej dzianiny. Posiada okr\u0105g\u0142y dekolt. &#8211; Prosty fason. &#8211; Model z bufkami. &#8211; R\u0119kaw trzy czwarte. &#8211; Okr\u0105g\u0142y dekolt. &#8211; Cienki materia\u0142. Wz\u00f3r: g\u0142adkie Fason: regular Dekolt: okr\u0105g\u0142y R\u0119kaw: trzy czwarte Materia\u0142: z elastanem Okazje: casual Sk\u0142ad: Materia\u0142 1: 1 % Elastan, 52 % Poliester z recyklingu, 47 % Poliester, Materia\u0142 2: 100 % Poliester ID produktu: -100-TSD024 Kod producenta: 77015965<\/p>\n","protected":false},"excerpt":{"rendered":"<p>Parametry produktu: cena: 119.99 PLN marka: Mango p\u0142e\u0107: Female kategoria: ONA \/ Odzie\u017c \/ Bluzki i koszule \/ Bluzki kolor: czarny Opis: Bluzka z kolekcji Mango. Model wykonany z g\u0142adkiej<\/p>\n","protected":false},"featured_media":11404,"comment_status":"closed","ping_status":"open","template":"","meta":[],"class_list":{"0":"post-11403","1":"product","2":"type-product","3":"status-publish","5":"hentry","6":"product_cat-bluzki","7":"product_cat-bluzki-i-koszule","8":"product_cat-odziez","9":"product_cat-ona","10":"product_tag-mango","11":"product_tag-mango-bluzka-velasco"},"yoast_head":"<!-- This site is optimized with the Yoast SEO plugin v15.6.2 - https:\/\/yoast.com\/wordpress\/plugins\/seo\/ -->\n<title>Mango - Bluzka Velasco<\/title>\n<meta name=\"robots\" content=\"index, follow, max-snippet:-1, max-image-preview:large, max-video-preview:-1\" \/>\n<link rel=\"canonical\" href=\"https:\/\/torebunia.pl\/sklep\/produkt\/mango-bluzka-velasco\/\" \/>\n<meta property=\"og:locale\" content=\"pl_PL\" \/>\n<meta property=\"og:type\" content=\"article\" \/>\n<meta property=\"og:title\" content=\"Mango - Bluzka Velasco\" \/>\n<meta property=\"og:description\" content=\"Parametry produktu: cena: 119.99 PLN marka: Mango p\u0142e\u0107: Female kategoria: ONA \/ Odzie\u017c \/ Bluzki i koszule \/ Bluzki kolor: czarny Opis: Bluzka z kolekcji Mango. Model wykonany z g\u0142adkiej\" \/>\n<meta property=\"og:url\" content=\"https:\/\/torebunia.pl\/sklep\/produkt\/mango-bluzka-velasco\/\" \/>\n<meta property=\"og:site_name\" content=\"Moje Blog\" \/>\n<meta property=\"article:modified_time\" content=\"2021-01-25T18:56:43+00:00\" \/>\n<meta property=\"og:image\" content=\"https:\/\/torebunia.pl\/sklep\/wp-content\/uploads\/2021\/01\/9e9cf68ea73eb8afc6abbd3102b547f03482b333.jpg\" \/>\n\t<meta property=\"og:image:width\" content=\"855\" \/>\n\t<meta property=\"og:image:height\" content=\"1290\" \/>\n<meta name=\"twitter:card\" content=\"summary_large_image\" \/>\n<script type=\"application\/ld+json\" class=\"yoast-schema-graph\">{\"@context\":\"https:\/\/schema.org\",\"@graph\":[{\"@type\":\"WebSite\",\"@id\":\"https:\/\/torebunia.pl\/sklep\/#website\",\"url\":\"https:\/\/torebunia.pl\/sklep\/\",\"name\":\"Moje Blog\",\"description\":\"Kolejna witryna WordPress\",\"potentialAction\":[{\"@type\":\"SearchAction\",\"target\":\"https:\/\/torebunia.pl\/sklep\/?s={search_term_string}\",\"query-input\":\"required name=search_term_string\"}],\"inLanguage\":\"pl-PL\"},{\"@type\":\"ImageObject\",\"@id\":\"https:\/\/torebunia.pl\/sklep\/produkt\/mango-bluzka-velasco\/#primaryimage\",\"inLanguage\":\"pl-PL\",\"url\":\"https:\/\/torebunia.pl\/sklep\/wp-content\/uploads\/2021\/01\/9e9cf68ea73eb8afc6abbd3102b547f03482b333.jpg\",\"width\":855,\"height\":1290,\"caption\":\"Mango - Bluzka Velasco\"},{\"@type\":\"WebPage\",\"@id\":\"https:\/\/torebunia.pl\/sklep\/produkt\/mango-bluzka-velasco\/#webpage\",\"url\":\"https:\/\/torebunia.pl\/sklep\/produkt\/mango-bluzka-velasco\/\",\"name\":\"Mango - Bluzka Velasco\",\"isPartOf\":{\"@id\":\"https:\/\/torebunia.pl\/sklep\/#website\"},\"primaryImageOfPage\":{\"@id\":\"https:\/\/torebunia.pl\/sklep\/produkt\/mango-bluzka-velasco\/#primaryimage\"},\"datePublished\":\"2020-11-14T11:25:38+00:00\",\"dateModified\":\"2021-01-25T18:56:43+00:00\",\"inLanguage\":\"pl-PL\",\"potentialAction\":[{\"@type\":\"ReadAction\",\"target\":[\"https:\/\/torebunia.pl\/sklep\/produkt\/mango-bluzka-velasco\/\"]}]}]}<\/script>\n<!-- \/ Yoast SEO plugin. -->","_links":{"self":[{"href":"https:\/\/torebunia.pl\/sklep\/wp-json\/wp\/v2\/product\/11403","targetHints":{"allow":["GET"]}}],"collection":[{"href":"https:\/\/torebunia.pl\/sklep\/wp-json\/wp\/v2\/product"}],"about":[{"href":"https:\/\/torebunia.pl\/sklep\/wp-json\/wp\/v2\/types\/product"}],"replies":[{"embeddable":true,"href":"https:\/\/torebunia.pl\/sklep\/wp-json\/wp\/v2\/comments?post=11403"}],"wp:featuredmedia":[{"embeddable":true,"href":"https:\/\/torebunia.pl\/sklep\/wp-json\/wp\/v2\/media\/11404"}],"wp:attachment":[{"href":"https:\/\/torebunia.pl\/sklep\/wp-json\/wp\/v2\/media?parent=11403"}],"curies":[{"name":"wp","href":"https:\/\/api.w.org\/{rel}","templated":true}]}}