{"id":11397,"date":"2020-03-15T22:46:47","date_gmt":"2020-03-15T22:46:47","guid":{"rendered":"https:\/\/torebunia.pl\/sklep\/produkt\/marc-opolo-kurtka-puchowa-7\/"},"modified":"2021-01-25T18:56:33","modified_gmt":"2021-01-25T18:56:33","slug":"marc-opolo-kurtka-puchowa-7","status":"publish","type":"product","link":"https:\/\/torebunia.pl\/sklep\/produkt\/marc-opolo-kurtka-puchowa-7\/","title":{"rendered":"Marc O&#8217;Polo &#8211; Kurtka puchowa"},"content":{"rendered":"<p>Parametry produktu:<\/p>\n<ul>\n<li>cena: <strong>999.9 PLN<\/strong><\/li>\n<li>marka: <strong>Marc O&#8217;Polo<\/strong><\/li>\n<li>p\u0142e\u0107: <strong>Female<\/strong><\/li>\n<li>kategoria: <strong>ONA \/ Odzie\u017c \/ Kurtki i p\u0142aszcze \/ Kurtki kr\u00f3tkie<\/strong><\/li>\n<li>kolor: <strong>bia\u0142y<\/strong><\/li>\n<\/ul>\n<p>Opis:<br \/>\nKurtka puchowa z kolekcji Marc O&#8217;Polo. Ocieplony model wykonany z g\u0142adkiego materia\u0142u. &#8211; Zapi\u0119cie na suwak. &#8211; Podwy\u017cszony ko\u0142nierz. &#8211; Pikowany model. &#8211; Zapinane kieszenie. &#8211; Ocieplony model na podszewce. &#8211; Wype\u0142nienie z naturalnego puchu i pierza. &#8211; D\u0142ugo\u015b\u0107 r\u0119kawa: 60 cm. &#8211; D\u0142ugo\u015b\u0107: 59 cm. &#8211; Szeroko\u015b\u0107 pod pachami: 55 cm. &#8211; Szeroko\u015b\u0107 w ramionach: 42 cm. &#8211; Wymiary podane dla rozmiaru: 36. Podszewka: z podszewk\u0105 Kaptur: bez kaptura Ocieplenie: puchowe Sk\u0142ad: Podszewka: Poliamid, Wype\u0142nienie: 20 % Pierze, 80 % Puch, Materia\u0142 zasadniczy: 100 % Poliester, Inne materia\u0142y: 80 % Akryl, 2 % Elastan, 18 % We\u0142na ID produktu: 4900-KUD0M9 Kod producenta: 009087470105<\/p>\n","protected":false},"excerpt":{"rendered":"<p>Parametry produktu: cena: 999.9 PLN marka: Marc O&#8217;Polo p\u0142e\u0107: Female kategoria: ONA \/ Odzie\u017c \/ Kurtki i p\u0142aszcze \/ Kurtki kr\u00f3tkie kolor: bia\u0142y Opis: Kurtka puchowa z kolekcji Marc O&#8217;Polo.<\/p>\n","protected":false},"featured_media":11398,"comment_status":"closed","ping_status":"open","template":"","meta":[],"class_list":{"0":"post-11397","1":"product","2":"type-product","3":"status-publish","5":"hentry","6":"product_cat-kurtki-i-plaszcze","7":"product_cat-kurtki-krotkie","8":"product_cat-odziez","9":"product_cat-ona","10":"product_tag-marc-opolo","11":"product_tag-marc-opolo-kurtka-puchowa"},"yoast_head":"<!-- This site is optimized with the Yoast SEO plugin v15.6.2 - https:\/\/yoast.com\/wordpress\/plugins\/seo\/ -->\n<title>Marc O&#039;Polo - Kurtka puchowa<\/title>\n<meta name=\"robots\" content=\"index, follow, max-snippet:-1, max-image-preview:large, max-video-preview:-1\" \/>\n<link rel=\"canonical\" href=\"https:\/\/torebunia.pl\/sklep\/produkt\/marc-opolo-kurtka-puchowa-7\/\" \/>\n<meta property=\"og:locale\" content=\"pl_PL\" \/>\n<meta property=\"og:type\" content=\"article\" \/>\n<meta property=\"og:title\" content=\"Marc O&#039;Polo - Kurtka puchowa\" \/>\n<meta property=\"og:description\" content=\"Parametry produktu: cena: 999.9 PLN marka: Marc O&#8217;Polo p\u0142e\u0107: Female kategoria: ONA \/ Odzie\u017c \/ Kurtki i p\u0142aszcze \/ Kurtki kr\u00f3tkie kolor: bia\u0142y Opis: Kurtka puchowa z kolekcji Marc O&#8217;Polo.\" \/>\n<meta property=\"og:url\" content=\"https:\/\/torebunia.pl\/sklep\/produkt\/marc-opolo-kurtka-puchowa-7\/\" \/>\n<meta property=\"og:site_name\" content=\"Moje Blog\" \/>\n<meta property=\"article:modified_time\" content=\"2021-01-25T18:56:33+00:00\" \/>\n<meta property=\"og:image\" content=\"https:\/\/torebunia.pl\/sklep\/wp-content\/uploads\/2021\/01\/b9b10b32f3f45471a3a355d6b38e51b94ef096ee-1.jpg\" \/>\n\t<meta property=\"og:image:width\" content=\"855\" \/>\n\t<meta property=\"og:image:height\" content=\"1290\" \/>\n<meta name=\"twitter:card\" content=\"summary_large_image\" \/>\n<meta name=\"twitter:label1\" content=\"Est. reading time\">\n\t<meta name=\"twitter:data1\" content=\"1 minuta\">\n<script type=\"application\/ld+json\" class=\"yoast-schema-graph\">{\"@context\":\"https:\/\/schema.org\",\"@graph\":[{\"@type\":\"WebSite\",\"@id\":\"https:\/\/torebunia.pl\/sklep\/#website\",\"url\":\"https:\/\/torebunia.pl\/sklep\/\",\"name\":\"Moje Blog\",\"description\":\"Kolejna witryna WordPress\",\"potentialAction\":[{\"@type\":\"SearchAction\",\"target\":\"https:\/\/torebunia.pl\/sklep\/?s={search_term_string}\",\"query-input\":\"required name=search_term_string\"}],\"inLanguage\":\"pl-PL\"},{\"@type\":\"ImageObject\",\"@id\":\"https:\/\/torebunia.pl\/sklep\/produkt\/marc-opolo-kurtka-puchowa-7\/#primaryimage\",\"inLanguage\":\"pl-PL\",\"url\":\"https:\/\/torebunia.pl\/sklep\/wp-content\/uploads\/2021\/01\/b9b10b32f3f45471a3a355d6b38e51b94ef096ee-1.jpg\",\"width\":855,\"height\":1290,\"caption\":\"Marc O'Polo - Kurtka puchowa\"},{\"@type\":\"WebPage\",\"@id\":\"https:\/\/torebunia.pl\/sklep\/produkt\/marc-opolo-kurtka-puchowa-7\/#webpage\",\"url\":\"https:\/\/torebunia.pl\/sklep\/produkt\/marc-opolo-kurtka-puchowa-7\/\",\"name\":\"Marc O'Polo - Kurtka puchowa\",\"isPartOf\":{\"@id\":\"https:\/\/torebunia.pl\/sklep\/#website\"},\"primaryImageOfPage\":{\"@id\":\"https:\/\/torebunia.pl\/sklep\/produkt\/marc-opolo-kurtka-puchowa-7\/#primaryimage\"},\"datePublished\":\"2020-03-15T22:46:47+00:00\",\"dateModified\":\"2021-01-25T18:56:33+00:00\",\"inLanguage\":\"pl-PL\",\"potentialAction\":[{\"@type\":\"ReadAction\",\"target\":[\"https:\/\/torebunia.pl\/sklep\/produkt\/marc-opolo-kurtka-puchowa-7\/\"]}]}]}<\/script>\n<!-- \/ Yoast SEO plugin. -->","_links":{"self":[{"href":"https:\/\/torebunia.pl\/sklep\/wp-json\/wp\/v2\/product\/11397","targetHints":{"allow":["GET"]}}],"collection":[{"href":"https:\/\/torebunia.pl\/sklep\/wp-json\/wp\/v2\/product"}],"about":[{"href":"https:\/\/torebunia.pl\/sklep\/wp-json\/wp\/v2\/types\/product"}],"replies":[{"embeddable":true,"href":"https:\/\/torebunia.pl\/sklep\/wp-json\/wp\/v2\/comments?post=11397"}],"wp:featuredmedia":[{"embeddable":true,"href":"https:\/\/torebunia.pl\/sklep\/wp-json\/wp\/v2\/media\/11398"}],"wp:attachment":[{"href":"https:\/\/torebunia.pl\/sklep\/wp-json\/wp\/v2\/media?parent=11397"}],"curies":[{"name":"wp","href":"https:\/\/api.w.org\/{rel}","templated":true}]}}