{"id":10871,"date":"2020-11-20T12:52:14","date_gmt":"2020-11-20T12:52:14","guid":{"rendered":"https:\/\/torebunia.pl\/sklep\/produkt\/converse-trampki-ctas-pro\/"},"modified":"2021-01-27T13:21:14","modified_gmt":"2021-01-27T13:21:14","slug":"converse-trampki-ctas-pro","status":"publish","type":"product","link":"https:\/\/torebunia.pl\/sklep\/produkt\/converse-trampki-ctas-pro\/","title":{"rendered":"Converse &#8211; Trampki Ctas Pro"},"content":{"rendered":"<p>Parametry produktu:<\/p>\n<ul>\n<li>cena: <strong>339.9 PLN<\/strong><\/li>\n<li>marka: <strong>Converse<\/strong><\/li>\n<li>p\u0142e\u0107: <strong>Female<\/strong><\/li>\n<li>kategoria: <strong>ONA \/ Obuwie \/ Trampki i tenis\u00f3wki \/ Wysokie<\/strong><\/li>\n<li>kolor: <strong>czarny<\/strong><\/li>\n<\/ul>\n<p>Opis:<br \/>\nTrampki z kolekcji Converse. Model wykonany z materia\u0142u tekstylnego. &#8211; Wk\u0142adka z pianki Lunarlon: jest niezwykle mi\u0119kka i skutecznie rozk\u0142ada si\u0142\u0119 nacisku na wi\u0119kszej powierzchni. &#8211; Usztywniony nosek. &#8211; Gumowany nosek. &#8211; Okr\u0105g\u0142y nosek. &#8211; Mi\u0119kki ko\u0142nierz cholewki. &#8211; Podwy\u017cszona cholewka. &#8211; Gumowa podeszwa. &#8211; \u017b\u0142obiona podeszwa. &#8211; Mi\u0119kki zapi\u0119tek. &#8211; Komfortowa wk\u0142adka. &#8211; Tekstylna wk\u0142adka. &#8211; Wyci\u0105gana wk\u0142adka. &#8211; Tekstylne wn\u0119trze. &#8211; Komfortowe wn\u0119trze. &#8211; D\u0142ugo\u015b\u0107 wk\u0142adki wynosi: 26 cm. &#8211; Wymiary podane dla rozmiaru: 41. Materia\u0142: tekstylny Sk\u0142ad: Cholewka: Materia\u0142 tekstylny Wn\u0119trze: Materia\u0142 tekstylny Podeszwa: Materia\u0142 syntetyczny ID produktu: 4950-OBD768 Kod producenta: C149877<\/p>\n","protected":false},"excerpt":{"rendered":"<p>Parametry produktu: cena: 339.9 PLN marka: Converse p\u0142e\u0107: Female kategoria: ONA \/ Obuwie \/ Trampki i tenis\u00f3wki \/ Wysokie kolor: czarny Opis: Trampki z kolekcji Converse. Model wykonany z materia\u0142u<\/p>\n","protected":false},"featured_media":10872,"comment_status":"closed","ping_status":"open","template":"","meta":[],"class_list":{"0":"post-10871","1":"product","2":"type-product","3":"status-publish","5":"hentry","6":"product_cat-obuwie","7":"product_cat-ona","8":"product_cat-trampki-i-tenisowki","9":"product_cat-wysokie","10":"product_tag-converse","11":"product_tag-converse-trampki-ctas-pro"},"yoast_head":"<!-- This site is optimized with the Yoast SEO plugin v15.6.2 - https:\/\/yoast.com\/wordpress\/plugins\/seo\/ -->\n<title>Converse - Trampki Ctas Pro<\/title>\n<meta name=\"robots\" content=\"index, follow, max-snippet:-1, max-image-preview:large, max-video-preview:-1\" \/>\n<link rel=\"canonical\" href=\"https:\/\/torebunia.pl\/sklep\/produkt\/converse-trampki-ctas-pro\/\" \/>\n<meta property=\"og:locale\" content=\"pl_PL\" \/>\n<meta property=\"og:type\" content=\"article\" \/>\n<meta property=\"og:title\" content=\"Converse - Trampki Ctas Pro\" \/>\n<meta property=\"og:description\" content=\"Parametry produktu: cena: 339.9 PLN marka: Converse p\u0142e\u0107: Female kategoria: ONA \/ Obuwie \/ Trampki i tenis\u00f3wki \/ Wysokie kolor: czarny Opis: Trampki z kolekcji Converse. Model wykonany z materia\u0142u\" \/>\n<meta property=\"og:url\" content=\"https:\/\/torebunia.pl\/sklep\/produkt\/converse-trampki-ctas-pro\/\" \/>\n<meta property=\"og:site_name\" content=\"Moje Blog\" \/>\n<meta property=\"article:modified_time\" content=\"2021-01-27T13:21:14+00:00\" \/>\n<meta property=\"og:image\" content=\"https:\/\/torebunia.pl\/sklep\/wp-content\/uploads\/2021\/01\/1671ff4cfbefd03e3c4caf8867f3cce14572dafe.jpg\" \/>\n\t<meta property=\"og:image:width\" content=\"855\" \/>\n\t<meta property=\"og:image:height\" content=\"1290\" \/>\n<meta name=\"twitter:card\" content=\"summary_large_image\" \/>\n<meta name=\"twitter:label1\" content=\"Est. reading time\">\n\t<meta name=\"twitter:data1\" content=\"1 minuta\">\n<script type=\"application\/ld+json\" class=\"yoast-schema-graph\">{\"@context\":\"https:\/\/schema.org\",\"@graph\":[{\"@type\":\"WebSite\",\"@id\":\"https:\/\/torebunia.pl\/sklep\/#website\",\"url\":\"https:\/\/torebunia.pl\/sklep\/\",\"name\":\"Moje Blog\",\"description\":\"Kolejna witryna WordPress\",\"potentialAction\":[{\"@type\":\"SearchAction\",\"target\":\"https:\/\/torebunia.pl\/sklep\/?s={search_term_string}\",\"query-input\":\"required name=search_term_string\"}],\"inLanguage\":\"pl-PL\"},{\"@type\":\"ImageObject\",\"@id\":\"https:\/\/torebunia.pl\/sklep\/produkt\/converse-trampki-ctas-pro\/#primaryimage\",\"inLanguage\":\"pl-PL\",\"url\":\"https:\/\/torebunia.pl\/sklep\/wp-content\/uploads\/2021\/01\/1671ff4cfbefd03e3c4caf8867f3cce14572dafe.jpg\",\"width\":855,\"height\":1290,\"caption\":\"Converse - Trampki Ctas Pro\"},{\"@type\":\"WebPage\",\"@id\":\"https:\/\/torebunia.pl\/sklep\/produkt\/converse-trampki-ctas-pro\/#webpage\",\"url\":\"https:\/\/torebunia.pl\/sklep\/produkt\/converse-trampki-ctas-pro\/\",\"name\":\"Converse - Trampki Ctas Pro\",\"isPartOf\":{\"@id\":\"https:\/\/torebunia.pl\/sklep\/#website\"},\"primaryImageOfPage\":{\"@id\":\"https:\/\/torebunia.pl\/sklep\/produkt\/converse-trampki-ctas-pro\/#primaryimage\"},\"datePublished\":\"2020-11-20T12:52:14+00:00\",\"dateModified\":\"2021-01-27T13:21:14+00:00\",\"inLanguage\":\"pl-PL\",\"potentialAction\":[{\"@type\":\"ReadAction\",\"target\":[\"https:\/\/torebunia.pl\/sklep\/produkt\/converse-trampki-ctas-pro\/\"]}]}]}<\/script>\n<!-- \/ Yoast SEO plugin. -->","_links":{"self":[{"href":"https:\/\/torebunia.pl\/sklep\/wp-json\/wp\/v2\/product\/10871","targetHints":{"allow":["GET"]}}],"collection":[{"href":"https:\/\/torebunia.pl\/sklep\/wp-json\/wp\/v2\/product"}],"about":[{"href":"https:\/\/torebunia.pl\/sklep\/wp-json\/wp\/v2\/types\/product"}],"replies":[{"embeddable":true,"href":"https:\/\/torebunia.pl\/sklep\/wp-json\/wp\/v2\/comments?post=10871"}],"wp:featuredmedia":[{"embeddable":true,"href":"https:\/\/torebunia.pl\/sklep\/wp-json\/wp\/v2\/media\/10872"}],"wp:attachment":[{"href":"https:\/\/torebunia.pl\/sklep\/wp-json\/wp\/v2\/media?parent=10871"}],"curies":[{"name":"wp","href":"https:\/\/api.w.org\/{rel}","templated":true}]}}