{"id":10143,"date":"2020-05-07T19:33:24","date_gmt":"2020-05-07T19:33:24","guid":{"rendered":"https:\/\/torebunia.pl\/sklep\/produkt\/mango-bluzka-miravola-2\/"},"modified":"2021-01-27T13:14:20","modified_gmt":"2021-01-27T13:14:20","slug":"mango-bluzka-miravola-2","status":"publish","type":"product","link":"https:\/\/torebunia.pl\/sklep\/produkt\/mango-bluzka-miravola-2\/","title":{"rendered":"Mango &#8211; Bluzka Miravola"},"content":{"rendered":"<p>Parametry produktu:<\/p>\n<ul>\n<li>cena: <strong>119.99 PLN<\/strong><\/li>\n<li>marka: <strong>Mango<\/strong><\/li>\n<li>p\u0142e\u0107: <strong>Female<\/strong><\/li>\n<li>kategoria: <strong>ONA \/ Odzie\u017c \/ Bluzki i koszule \/ Bluzki<\/strong><\/li>\n<li>kolor: <strong>bia\u0142y<\/strong><\/li>\n<\/ul>\n<p>Opis:<br \/>\nBluzka z kolekcji Mango. Model wykonany z g\u0142adkiej tkaniny. Posiada okr\u0105g\u0142y dekolt. &#8211; Prosty fason. &#8211; D\u0142ugi r\u0119kaw. &#8211; R\u0119kawy z zapinanymi mankietami. &#8211; Model z ozdobnymi falbanami. Wz\u00f3r: g\u0142adkie Fason: regular R\u0119kaw: d\u0142ugi Dekolt: okr\u0105g\u0142y Materia\u0142: bawe\u0142na Okazje: eleganckie Sk\u0142ad: 100 % Bawe\u0142na organiczna ID produktu: -100-TSD016 Kod producenta: 77044430<\/p>\n","protected":false},"excerpt":{"rendered":"<p>Parametry produktu: cena: 119.99 PLN marka: Mango p\u0142e\u0107: Female kategoria: ONA \/ Odzie\u017c \/ Bluzki i koszule \/ Bluzki kolor: bia\u0142y Opis: Bluzka z kolekcji Mango. Model wykonany z g\u0142adkiej<\/p>\n","protected":false},"featured_media":10144,"comment_status":"closed","ping_status":"open","template":"","meta":[],"class_list":{"0":"post-10143","1":"product","2":"type-product","3":"status-publish","5":"hentry","6":"product_cat-bluzki","7":"product_cat-bluzki-i-koszule","8":"product_cat-odziez","9":"product_cat-ona","10":"product_tag-mango","11":"product_tag-mango-bluzka-miravola"},"yoast_head":"<!-- This site is optimized with the Yoast SEO plugin v15.6.2 - https:\/\/yoast.com\/wordpress\/plugins\/seo\/ -->\n<title>Mango - Bluzka Miravola<\/title>\n<meta name=\"robots\" content=\"index, follow, max-snippet:-1, max-image-preview:large, max-video-preview:-1\" \/>\n<link rel=\"canonical\" href=\"https:\/\/torebunia.pl\/sklep\/produkt\/mango-bluzka-miravola-2\/\" \/>\n<meta property=\"og:locale\" content=\"pl_PL\" \/>\n<meta property=\"og:type\" content=\"article\" \/>\n<meta property=\"og:title\" content=\"Mango - Bluzka Miravola\" \/>\n<meta property=\"og:description\" content=\"Parametry produktu: cena: 119.99 PLN marka: Mango p\u0142e\u0107: Female kategoria: ONA \/ Odzie\u017c \/ Bluzki i koszule \/ Bluzki kolor: bia\u0142y Opis: Bluzka z kolekcji Mango. Model wykonany z g\u0142adkiej\" \/>\n<meta property=\"og:url\" content=\"https:\/\/torebunia.pl\/sklep\/produkt\/mango-bluzka-miravola-2\/\" \/>\n<meta property=\"og:site_name\" content=\"Moje Blog\" \/>\n<meta property=\"article:modified_time\" content=\"2021-01-27T13:14:20+00:00\" \/>\n<meta property=\"og:image\" content=\"https:\/\/torebunia.pl\/sklep\/wp-content\/uploads\/2021\/01\/f5419e635c2c4b829e20f3413bc33fb1ef09490d-1.jpg\" \/>\n\t<meta property=\"og:image:width\" content=\"855\" \/>\n\t<meta property=\"og:image:height\" content=\"1290\" \/>\n<meta name=\"twitter:card\" content=\"summary_large_image\" \/>\n<script type=\"application\/ld+json\" class=\"yoast-schema-graph\">{\"@context\":\"https:\/\/schema.org\",\"@graph\":[{\"@type\":\"WebSite\",\"@id\":\"https:\/\/torebunia.pl\/sklep\/#website\",\"url\":\"https:\/\/torebunia.pl\/sklep\/\",\"name\":\"Moje Blog\",\"description\":\"Kolejna witryna WordPress\",\"potentialAction\":[{\"@type\":\"SearchAction\",\"target\":\"https:\/\/torebunia.pl\/sklep\/?s={search_term_string}\",\"query-input\":\"required name=search_term_string\"}],\"inLanguage\":\"pl-PL\"},{\"@type\":\"ImageObject\",\"@id\":\"https:\/\/torebunia.pl\/sklep\/produkt\/mango-bluzka-miravola-2\/#primaryimage\",\"inLanguage\":\"pl-PL\",\"url\":\"https:\/\/torebunia.pl\/sklep\/wp-content\/uploads\/2021\/01\/f5419e635c2c4b829e20f3413bc33fb1ef09490d-1.jpg\",\"width\":855,\"height\":1290,\"caption\":\"Mango - Bluzka Miravola\"},{\"@type\":\"WebPage\",\"@id\":\"https:\/\/torebunia.pl\/sklep\/produkt\/mango-bluzka-miravola-2\/#webpage\",\"url\":\"https:\/\/torebunia.pl\/sklep\/produkt\/mango-bluzka-miravola-2\/\",\"name\":\"Mango - Bluzka Miravola\",\"isPartOf\":{\"@id\":\"https:\/\/torebunia.pl\/sklep\/#website\"},\"primaryImageOfPage\":{\"@id\":\"https:\/\/torebunia.pl\/sklep\/produkt\/mango-bluzka-miravola-2\/#primaryimage\"},\"datePublished\":\"2020-05-07T19:33:24+00:00\",\"dateModified\":\"2021-01-27T13:14:20+00:00\",\"inLanguage\":\"pl-PL\",\"potentialAction\":[{\"@type\":\"ReadAction\",\"target\":[\"https:\/\/torebunia.pl\/sklep\/produkt\/mango-bluzka-miravola-2\/\"]}]}]}<\/script>\n<!-- \/ Yoast SEO plugin. -->","_links":{"self":[{"href":"https:\/\/torebunia.pl\/sklep\/wp-json\/wp\/v2\/product\/10143","targetHints":{"allow":["GET"]}}],"collection":[{"href":"https:\/\/torebunia.pl\/sklep\/wp-json\/wp\/v2\/product"}],"about":[{"href":"https:\/\/torebunia.pl\/sklep\/wp-json\/wp\/v2\/types\/product"}],"replies":[{"embeddable":true,"href":"https:\/\/torebunia.pl\/sklep\/wp-json\/wp\/v2\/comments?post=10143"}],"wp:featuredmedia":[{"embeddable":true,"href":"https:\/\/torebunia.pl\/sklep\/wp-json\/wp\/v2\/media\/10144"}],"wp:attachment":[{"href":"https:\/\/torebunia.pl\/sklep\/wp-json\/wp\/v2\/media?parent=10143"}],"curies":[{"name":"wp","href":"https:\/\/api.w.org\/{rel}","templated":true}]}}